{"id":126,"date":"2013-07-17T16:11:11","date_gmt":"2013-07-17T15:11:11","guid":{"rendered":"http:\/\/www.amicale-du-chien.com\/?page_id=126"},"modified":"2023-03-05T11:16:11","modified_gmt":"2023-03-05T10:16:11","slug":"les-moniteurs-dobeissance","status":"publish","type":"page","link":"http:\/\/www.amicale-du-chien.com\/?page_id=126","title":{"rendered":"Les moniteurs d&rsquo;ob\u00e9issance"},"content":{"rendered":"\n<div class=\"wp-block-columns is-layout-flex wp-container-core-columns-is-layout-9d6595d7 wp-block-columns-is-layout-flex\">\n<div class=\"wp-block-column is-layout-flow wp-block-column-is-layout-flow\" style=\"flex-basis:100%\">\n<table>\n<tbody>\n<tr>\n<td>\n<div><strong>Sylvie LADENBURGER<\/strong><br \/>Moniteur Ob\u00e9issance &#8211; \u00e9cole des chiots<\/div>\n<div>Responsable OBEISSANCE<\/div>\n<\/td>\n<td><strong>Jean-Pierre KOST<\/strong><br \/>Moniteur Ob\u00e9issance &#8211; \u00e9ducation<\/td>\n<\/tr>\n<tr>\n<td colspan=\"2\">\u00a0<\/td>\n<\/tr>\n<tr>\n<td><strong>H\u00e9ribert SCHNEIDER<\/strong><br \/>Moniteur Ob\u00e9issance<\/td>\n<td>\n<div><strong>Adrien SCHUHLER<\/strong><br \/>Moniteur \u00e9cole des chiots- \u00e9ducation<\/div>\n<\/td>\n<\/tr>\n<tr>\n<td colspan=\"2\">\u00a0<\/td>\n<\/tr>\n<tr>\n<td>\n<div><strong>Marie ROLLAND<\/strong><br \/>Moniteur \u00e9cole des chiots- \u00e9ducation<\/div>\n<\/td>\n<td>\n<div><strong>Fr\u00e9d\u00e9rique BIRGEL<\/strong><br \/>Moniteur \u00e9cole des chiots- \u00e9ducation<\/div>\n<\/td>\n<\/tr>\n<tr>\n<td colspan=\"2\">\u00a0<\/td>\n<\/tr>\n<tr>\n<td><strong>Aymeric BLEICHER<\/strong><br \/>Moniteur \u00e9cole des chiots- \u00e9ducation<\/td>\n<td><strong>Denisia BUCQUET<\/strong><br \/>Moniteur \u00e9cole des chiots- \u00e9ducation<\/td>\n<\/tr>\n<tr>\n<td colspan=\"2\">\u00a0<\/td>\n<\/tr>\n<tr>\n<td><strong>Antoine FISCHER<\/strong><br \/>Moniteur Ob\u00e9issance<\/td>\n<td>\u00a0<\/td>\n<\/tr>\n<\/tbody>\n<\/table>\n<blockquote>\n<p style=\"text-align: center;\" align=\"center\"><strong>Horaires d\u2019entra\u00eenement : Ecole du chiot\u00a0<\/strong><br \/>Mercredi de 19h45 \u00e0 20h30<br \/><em>Dimanche de 10h00 \u00e0 11h00 <\/em><\/p>\n<p align=\"center\">&#8212;&#8212;&#8212;&#8212;&#8212;&#8212;&#8212;&#8212;&#8212;&#8212;&#8212;&#8212;&#8212;&#8212;&#8212;&#8212;&#8212;&#8212;&#8212;&#8212;&#8212;&#8212;&#8212;&#8211;<\/p>\n<p style=\"text-align: center;\" align=\"center\"><strong>Horaires d\u2019entra\u00eenement : Education<\/strong><br \/>Mercredi de 19h30 \u00e0 20h15 : <strong>Education 1\u00a0<\/strong><br \/>Mercredi de 20h15 \u00e0 21h30 :\u00a0 <strong>Education 2\u00a0<br \/><\/strong> Mercredi de 20h45 \u00e0 21h30 : <strong>Education du chiot<\/strong><br \/>Dimanche de 9h00 \u00e0 9h45 : <strong>Education (les 3 groupes en m\u00eame temps)<\/strong><\/p>\n<p align=\"center\">&#8212;&#8212;&#8212;&#8212;&#8212;&#8212;&#8212;&#8212;&#8212;&#8212;&#8212;&#8212;&#8212;&#8212;&#8212;&#8212;&#8212;&#8212;&#8212;&#8212;&#8212;&#8212;&#8212;&#8211;<\/p>\n<p align=\"center\"><strong>Horaires d\u2019entra\u00eenement :\u00a0Ob\u00e9issance<\/strong><br \/>Mercredi de 19h30 \u00e0 21h30<br \/>Dimanche de 8h30 \u00e0 9h45<\/p>\n<\/blockquote>\n<p><b>Voici les diff\u00e9rentes \u00e9tapes de concours d&rsquo;ob\u00e9issance<\/b><br \/>&gt; Certificat de Sociabilit\u00e9 et d&rsquo;Aptitude \u00e0 l&rsquo;Utilisation (base de l&rsquo;\u00e9ducation et n\u00e9cessaire pour continuer en concours)<br \/>&gt; Brevet d&rsquo;Ob\u00e9issance<br \/>&gt; Classe 1<br \/>&gt; Classe 2<br \/>&gt; Classe 3<\/p>\n<\/div>\n<\/div>\n\n\n\n<p><\/p>\n","protected":false},"excerpt":{"rendered":"<p>Sylvie LADENBURGERMoniteur Ob\u00e9issance &#8211; \u00e9cole des chiots Responsable OBEISSANCE Jean-Pierre KOSTMoniteur Ob\u00e9issance &#8211; \u00e9ducation \u00a0 H\u00e9ribert SCHNEIDERMoniteur Ob\u00e9issance Adrien SCHUHLERMoniteur \u00e9cole des chiots- \u00e9ducation \u00a0 Marie ROLLANDMoniteur \u00e9cole des chiots- \u00e9ducation Fr\u00e9d\u00e9rique BIRGELMoniteur \u00e9cole des chiots- \u00e9ducation \u00a0 Aymeric BLEICHERMoniteur \u00e9cole des chiots- \u00e9ducation Denisia BUCQUETMoniteur \u00e9cole des chiots- \u00e9ducation \u00a0 Antoine FISCHERMoniteur Ob\u00e9issance \u00a0 [&hellip;]<\/p>\n","protected":false},"author":1,"featured_media":0,"parent":123,"menu_order":0,"comment_status":"closed","ping_status":"open","template":"","meta":{"footnotes":""},"class_list":["post-126","page","type-page","status-publish","hentry"],"_links":{"self":[{"href":"http:\/\/www.amicale-du-chien.com\/index.php?rest_route=\/wp\/v2\/pages\/126","targetHints":{"allow":["GET"]}}],"collection":[{"href":"http:\/\/www.amicale-du-chien.com\/index.php?rest_route=\/wp\/v2\/pages"}],"about":[{"href":"http:\/\/www.amicale-du-chien.com\/index.php?rest_route=\/wp\/v2\/types\/page"}],"author":[{"embeddable":true,"href":"http:\/\/www.amicale-du-chien.com\/index.php?rest_route=\/wp\/v2\/users\/1"}],"replies":[{"embeddable":true,"href":"http:\/\/www.amicale-du-chien.com\/index.php?rest_route=%2Fwp%2Fv2%2Fcomments&post=126"}],"version-history":[{"count":15,"href":"http:\/\/www.amicale-du-chien.com\/index.php?rest_route=\/wp\/v2\/pages\/126\/revisions"}],"predecessor-version":[{"id":1523,"href":"http:\/\/www.amicale-du-chien.com\/index.php?rest_route=\/wp\/v2\/pages\/126\/revisions\/1523"}],"up":[{"embeddable":true,"href":"http:\/\/www.amicale-du-chien.com\/index.php?rest_route=\/wp\/v2\/pages\/123"}],"wp:attachment":[{"href":"http:\/\/www.amicale-du-chien.com\/index.php?rest_route=%2Fwp%2Fv2%2Fmedia&parent=126"}],"curies":[{"name":"wp","href":"https:\/\/api.w.org\/{rel}","templated":true}]}}