{"id":1268,"date":"2020-05-19T20:27:35","date_gmt":"2020-05-19T19:27:35","guid":{"rendered":"http:\/\/www.amicale-du-chien.com\/?page_id=1268"},"modified":"2023-03-24T11:30:52","modified_gmt":"2023-03-24T10:30:52","slug":"education","status":"publish","type":"page","link":"http:\/\/www.amicale-du-chien.com\/?page_id=1268","title":{"rendered":"Education"},"content":{"rendered":"\n<p>L&rsquo;\u00e9ducation doit \u00eatre un moment privil\u00e9gi\u00e9 entre le ma\u00eetre et son chien afin de cr\u00e9er une relation de confiance et de respect mutuel.<\/p>\n\n\n\n<p>Il s&rsquo;agit d&rsquo;\u00e9duquer le chien en tenant compte de ses besoins en alternant travail et jeu. Les progr\u00e8s du chien ne peuvent se faire que gr\u00e2ce \u00e0 une complicit\u00e9 du bin\u00f4me ma\u00eetre-chien. Une attitude positive du ma\u00eetre, l&rsquo;intonation de la voix, les caresses ou les friandises sont diff\u00e9rentes mani\u00e8res de motiver le chien. Venez tester notre m\u00e9thode !<\/p>\n\n\n\n<p><\/p>\n\n\n\n<blockquote class=\"wp-block-quote is-layout-flow wp-block-quote-is-layout-flow\">\n<p><strong><strong>Horaires d\u2019entra\u00eenement :&nbsp;\u00e9ducation<\/strong><\/strong><\/p>\n\n\n\n<p>Mercredi de 19h30 \u00e0 20h15 : \u00e9ducation cours 1<br>Mercredi de 20h15 \u00e0 21h30 : \u00e9ducation cours 2<br>Mercredi de 20h15 \u00e0 21h00 : \u00e9ducation du chiot<br>Dimanche de 9h00 \u00e0 9h45 : \u00e9ducation du chiot, cours 1 et 2<\/p>\n\n\n\n<p><\/p>\n<\/blockquote>\n\n\n\n<p><\/p>\n\n\n\n<p><\/p>\n","protected":false},"excerpt":{"rendered":"<p>L&rsquo;\u00e9ducation doit \u00eatre un moment privil\u00e9gi\u00e9 entre le ma\u00eetre et son chien afin de cr\u00e9er une relation de confiance et de respect mutuel. Il s&rsquo;agit d&rsquo;\u00e9duquer le chien en tenant compte de ses besoins en alternant travail et jeu. Les progr\u00e8s du chien ne peuvent se faire que gr\u00e2ce \u00e0 une complicit\u00e9 du bin\u00f4me ma\u00eetre-chien. [&hellip;]<\/p>\n","protected":false},"author":1,"featured_media":0,"parent":0,"menu_order":0,"comment_status":"closed","ping_status":"closed","template":"","meta":{"footnotes":""},"class_list":["post-1268","page","type-page","status-publish","hentry"],"_links":{"self":[{"href":"http:\/\/www.amicale-du-chien.com\/index.php?rest_route=\/wp\/v2\/pages\/1268","targetHints":{"allow":["GET"]}}],"collection":[{"href":"http:\/\/www.amicale-du-chien.com\/index.php?rest_route=\/wp\/v2\/pages"}],"about":[{"href":"http:\/\/www.amicale-du-chien.com\/index.php?rest_route=\/wp\/v2\/types\/page"}],"author":[{"embeddable":true,"href":"http:\/\/www.amicale-du-chien.com\/index.php?rest_route=\/wp\/v2\/users\/1"}],"replies":[{"embeddable":true,"href":"http:\/\/www.amicale-du-chien.com\/index.php?rest_route=%2Fwp%2Fv2%2Fcomments&post=1268"}],"version-history":[{"count":17,"href":"http:\/\/www.amicale-du-chien.com\/index.php?rest_route=\/wp\/v2\/pages\/1268\/revisions"}],"predecessor-version":[{"id":1533,"href":"http:\/\/www.amicale-du-chien.com\/index.php?rest_route=\/wp\/v2\/pages\/1268\/revisions\/1533"}],"wp:attachment":[{"href":"http:\/\/www.amicale-du-chien.com\/index.php?rest_route=%2Fwp%2Fv2%2Fmedia&parent=1268"}],"curies":[{"name":"wp","href":"https:\/\/api.w.org\/{rel}","templated":true}]}}