{"id":134,"date":"2013-07-17T16:15:51","date_gmt":"2013-07-17T15:15:51","guid":{"rendered":"http:\/\/www.amicale-du-chien.com\/?page_id=134"},"modified":"2013-11-13T14:41:21","modified_gmt":"2013-11-13T13:41:21","slug":"contacts","status":"publish","type":"page","link":"http:\/\/www.amicale-du-chien.com\/?page_id=134","title":{"rendered":"Contacts"},"content":{"rendered":"<p><a href=\"http:\/\/www.amicale-du-chien.com\/wp-content\/uploads\/2013\/07\/logo_amicale.jpg\"><img loading=\"lazy\" decoding=\"async\" class=\"alignleft size-full wp-image-31\" alt=\"Logo de l'amicale du chien de Haguenau\" src=\"http:\/\/www.amicale-du-chien.com\/wp-content\/uploads\/2013\/07\/logo_amicale.jpg\" width=\"125\" height=\"81\" \/><\/a>Terrain d&rsquo;entra\u00eenement<br \/>\n110 A route de Marienthal<br \/>\n67500 HAGUENAU<br \/>\nT\u00e9l. : <b>03 88 93 07 29<\/b><br \/>\nMail : <a href=\"mailto:contact@amicale-du-chien.com?subject=Message%20du%20site%20web\">contact@amicale-du-chien.com<\/a><\/p>\n<table width=\"80%\" border=\"0\" cellspacing=\"0\" cellpadding=\"0\">\n<tbody>\n<tr>\n<td width=\"5%\"><\/td>\n<td><b>Jean-Pierre KOST (Pr\u00e9sident)<br \/>\n<\/b>110 A route de Marienthal<br \/>\n67500 HAGUENAU<br \/>\nT\u00e9l. : 03 88 93 07 29<b><br \/>\n<\/b>Mail : <a href=\"mailto:president@amicale-du-chien.com?subject=Message%20pour%20J-P%20KOST%20(site%20web)\">president@amicale-du-chien.com<\/a><\/td>\n<td><b>Fran\u00e7ois WIDUSCHEK (Secr\u00e9taire)<br \/>\n<\/b>110 A route de Marienthal<br \/>\n67500 HAGUENAU<br \/>\nT\u00e9l. : 03 88 93 07 29<b><br \/>\n<\/b>Mail : <a href=\"mailto:secretaire@amicale-du-chien.com?subject=Message%20pour%20F%20WIDUSCHEK%20(site%20web)\">secretaire@amicale-du-chien.com<\/a><\/td>\n<\/tr>\n<\/tbody>\n<\/table>\n<p align=\"left\"><b>Le plan d&rsquo;acc\u00e8s<\/b><\/p>\n<div><strong>Coordonn\u00e9es GPS de l&rsquo;AC de Haguenau<\/strong> : Latitude : 48.7907 \/ Longitude : 7.80835<\/div>\n<div><\/div>\n<p>&nbsp;<br \/>\n<iframe loading=\"lazy\" src=\"https:\/\/maps.google.fr\/maps?f=q&amp;source=s_q&amp;hl=fr&amp;geocode=&amp;q=110+a+Route+de+Marienthal,+Haguenau&amp;aq=0&amp;oq=110+a+route+de+Marienthal,+H&amp;sll=48.599123,7.587081&amp;sspn=1.351414,2.90863&amp;ie=UTF8&amp;hq=&amp;hnear=110+Route+de+Marienthal,+67500+Haguenau,+Bas-Rhin,+Alsace&amp;t=m&amp;ll=48.790128,7.809048&amp;spn=0.039583,0.072956&amp;z=13&amp;iwloc=A&amp;output=embed\" height=\"350\" width=\"425\" frameborder=\"0\" marginwidth=\"0\" marginheight=\"0\" scrolling=\"no\"><\/iframe><br \/>\n<small><a style=\"color: #0000ff; text-align: left;\" href=\"https:\/\/maps.google.fr\/maps?f=q&amp;source=embed&amp;hl=fr&amp;geocode=&amp;q=110+a+Route+de+Marienthal,+Haguenau&amp;aq=0&amp;oq=110+a+route+de+Marienthal,+H&amp;sll=48.599123,7.587081&amp;sspn=1.351414,2.90863&amp;ie=UTF8&amp;hq=&amp;hnear=110+Route+de+Marienthal,+67500+Haguenau,+Bas-Rhin,+Alsace&amp;t=m&amp;ll=48.790128,7.809048&amp;spn=0.039583,0.072956&amp;z=13&amp;iwloc=A\">Agrandir le plan<\/a><\/small><\/p>\n","protected":false},"excerpt":{"rendered":"<p>Terrain d&rsquo;entra\u00eenement 110 A route de Marienthal 67500 HAGUENAU T\u00e9l. : 03 88 93 07 29 Mail : contact@amicale-du-chien.com Jean-Pierre KOST (Pr\u00e9sident) 110 A route de Marienthal 67500 HAGUENAU T\u00e9l. : 03 88 93 07 29 Mail : president@amicale-du-chien.com Fran\u00e7ois WIDUSCHEK (Secr\u00e9taire) 110 A route de Marienthal 67500 HAGUENAU T\u00e9l. : 03 88 93 07 [&hellip;]<\/p>\n","protected":false},"author":1,"featured_media":0,"parent":0,"menu_order":0,"comment_status":"closed","ping_status":"open","template":"","meta":{"footnotes":""},"class_list":["post-134","page","type-page","status-publish","hentry"],"_links":{"self":[{"href":"http:\/\/www.amicale-du-chien.com\/index.php?rest_route=\/wp\/v2\/pages\/134","targetHints":{"allow":["GET"]}}],"collection":[{"href":"http:\/\/www.amicale-du-chien.com\/index.php?rest_route=\/wp\/v2\/pages"}],"about":[{"href":"http:\/\/www.amicale-du-chien.com\/index.php?rest_route=\/wp\/v2\/types\/page"}],"author":[{"embeddable":true,"href":"http:\/\/www.amicale-du-chien.com\/index.php?rest_route=\/wp\/v2\/users\/1"}],"replies":[{"embeddable":true,"href":"http:\/\/www.amicale-du-chien.com\/index.php?rest_route=%2Fwp%2Fv2%2Fcomments&post=134"}],"version-history":[{"count":6,"href":"http:\/\/www.amicale-du-chien.com\/index.php?rest_route=\/wp\/v2\/pages\/134\/revisions"}],"predecessor-version":[{"id":424,"href":"http:\/\/www.amicale-du-chien.com\/index.php?rest_route=\/wp\/v2\/pages\/134\/revisions\/424"}],"wp:attachment":[{"href":"http:\/\/www.amicale-du-chien.com\/index.php?rest_route=%2Fwp%2Fv2%2Fmedia&parent=134"}],"curies":[{"name":"wp","href":"https:\/\/api.w.org\/{rel}","templated":true}]}}