{"id":172,"date":"2013-07-18T10:51:39","date_gmt":"2013-07-18T09:51:39","guid":{"rendered":"http:\/\/www.amicale-du-chien.com\/?page_id=172"},"modified":"2013-11-13T14:34:55","modified_gmt":"2013-11-13T13:34:55","slug":"demonstrations","status":"publish","type":"page","link":"http:\/\/www.amicale-du-chien.com\/?page_id=172","title":{"rendered":"D\u00e9monstrations"},"content":{"rendered":"<p>Le<strong> 17 juin 2012<\/strong>, l&rsquo;Amicale du chien de Haguenau a particip\u00e9 \u00e0 la la traditionnelle<strong> f\u00eate de la paroisse de Marienthal en r\u00e9alisant 2 d\u00e9monstrations<\/strong>. Les membres de la section ob\u00e9issance ont tout d&rsquo;abord \u00e9volu\u00e9s sur le terrain r\u00e9serv\u00e9 aux d\u00e9monstrations et animations, puis l&rsquo;\u00e9cole du chiot a \u00e9galement fait d\u00e9couvrir au public nombreux que l&rsquo;on peut s&rsquo;amuser en \u00e9duquant son chien. Voici en souvenir quelques photos.<\/p>\n<p>Photos de la section ob\u00e9issance de l&rsquo;ACH le 17 juin 2012<\/p>\n<p><object width=\"600\" height=\"400\" classid=\"clsid:d27cdb6e-ae6d-11cf-96b8-444553540000\" codebase=\"http:\/\/download.macromedia.com\/pub\/shockwave\/cabs\/flash\/swflash.cab#version=6,0,40,0\"><param name=\"src\" value=\"https:\/\/picasaweb.google.com\/s\/c\/bin\/slideshow.swf\" \/><param name=\"flashvars\" value=\"host=picasaweb.google.com&amp;hl=fr&amp;feat=flashalbum&amp;RGB=0x000000&amp;feed=https%3A%2F%2Fpicasaweb.google.com%2Fdata%2Ffeed%2Fapi%2Fuser%2F106692801449000757257%2Falbumid%2F5765334164862958321%3Falt%3Drss%26kind%3Dphoto%26hl%3Dfr\" \/><param name=\"pluginspage\" value=\"http:\/\/www.macromedia.com\/go\/getflashplayer\" \/><embed width=\"600\" height=\"400\" type=\"application\/x-shockwave-flash\" src=\"https:\/\/picasaweb.google.com\/s\/c\/bin\/slideshow.swf\" flashvars=\"host=picasaweb.google.com&amp;hl=fr&amp;feat=flashalbum&amp;RGB=0x000000&amp;feed=https%3A%2F%2Fpicasaweb.google.com%2Fdata%2Ffeed%2Fapi%2Fuser%2F106692801449000757257%2Falbumid%2F5765334164862958321%3Falt%3Drss%26kind%3Dphoto%26hl%3Dfr\" pluginspage=\"http:\/\/www.macromedia.com\/go\/getflashplayer\" \/><\/object><\/p>\n","protected":false},"excerpt":{"rendered":"<p>Le 17 juin 2012, l&rsquo;Amicale du chien de Haguenau a particip\u00e9 \u00e0 la la traditionnelle f\u00eate de la paroisse de Marienthal en r\u00e9alisant 2 d\u00e9monstrations. Les membres de la section ob\u00e9issance ont tout d&rsquo;abord \u00e9volu\u00e9s sur le terrain r\u00e9serv\u00e9 aux d\u00e9monstrations et animations, puis l&rsquo;\u00e9cole du chiot a \u00e9galement fait d\u00e9couvrir au public nombreux que [&hellip;]<\/p>\n","protected":false},"author":1,"featured_media":0,"parent":80,"menu_order":0,"comment_status":"closed","ping_status":"open","template":"","meta":{"footnotes":""},"class_list":["post-172","page","type-page","status-publish","hentry"],"_links":{"self":[{"href":"http:\/\/www.amicale-du-chien.com\/index.php?rest_route=\/wp\/v2\/pages\/172","targetHints":{"allow":["GET"]}}],"collection":[{"href":"http:\/\/www.amicale-du-chien.com\/index.php?rest_route=\/wp\/v2\/pages"}],"about":[{"href":"http:\/\/www.amicale-du-chien.com\/index.php?rest_route=\/wp\/v2\/types\/page"}],"author":[{"embeddable":true,"href":"http:\/\/www.amicale-du-chien.com\/index.php?rest_route=\/wp\/v2\/users\/1"}],"replies":[{"embeddable":true,"href":"http:\/\/www.amicale-du-chien.com\/index.php?rest_route=%2Fwp%2Fv2%2Fcomments&post=172"}],"version-history":[{"count":3,"href":"http:\/\/www.amicale-du-chien.com\/index.php?rest_route=\/wp\/v2\/pages\/172\/revisions"}],"predecessor-version":[{"id":414,"href":"http:\/\/www.amicale-du-chien.com\/index.php?rest_route=\/wp\/v2\/pages\/172\/revisions\/414"}],"up":[{"embeddable":true,"href":"http:\/\/www.amicale-du-chien.com\/index.php?rest_route=\/wp\/v2\/pages\/80"}],"wp:attachment":[{"href":"http:\/\/www.amicale-du-chien.com\/index.php?rest_route=%2Fwp%2Fv2%2Fmedia&parent=172"}],"curies":[{"name":"wp","href":"https:\/\/api.w.org\/{rel}","templated":true}]}}