{"id":205,"date":"2013-07-21T09:11:55","date_gmt":"2013-07-21T08:11:55","guid":{"rendered":"http:\/\/www.amicale-du-chien.com\/?page_id=205"},"modified":"2013-07-21T09:11:55","modified_gmt":"2013-07-21T08:11:55","slug":"concours-rci-et-fci-2011","status":"publish","type":"page","link":"http:\/\/www.amicale-du-chien.com\/?page_id=205","title":{"rendered":"Concours RCI et FCI 2011"},"content":{"rendered":"<p>L&rsquo;amicale du chien de Haguenau a organis\u00e9, le week-end des 22 et 23 janvier 2011, son <strong>septi\u00e8me concours canin FCI de pistage et RCI<\/strong> sur son terrain, route de Marienthal.<\/p>\n<p>15 participants se sont finalement oppos\u00e9s dans les \u00e9preuves <strong>FCI de pistage<\/strong> qui se sont d\u00e9roul\u00e9es samedi et dimanche.<\/p>\n<p><!--table width=\"98%\" border=\"0\">\n\n\n<tr>\n\n\n<td>\n\n\n<div align=\"center\"><img loading=\"lazy\" decoding=\"async\" src=\"..\/img\/concours\/rci\/janvier2006\/FCI1.gif\" width=\"250\" height=\"163\"><\/div>\n\n<\/td>\n\n\n\n\n<td>&nbsp;<\/td>\n\n\n\n\n<td>\n\n\n<div align=\"center\"><img loading=\"lazy\" decoding=\"async\" src=\"..\/img\/concours\/rci\/janvier2006\/FCI2.gif\" width=\"250\" height=\"163\"><\/div>\n\n<\/td>\n\n\n<\/tr>\n\n\n<\/table--><strong><br \/>\n<\/strong><br \/>\n<strong>R\u00e9sultats de samedi 22 janvier<\/strong><\/p>\n<p><strong>R\u00e9sultats FCI 3<\/strong><\/p>\n<table width=\"620\" border=\"0\" cellspacing=\"0\" cellpadding=\"0\">\n<tbody>\n<tr bgcolor=\"#d6d6d6\">\n<td width=\"14%\">\u00a0Chien<\/td>\n<td width=\"28%\">\u00a0Conducteur<\/td>\n<td width=\"10%\">\u00a0Race<\/td>\n<td width=\"23%\">\u00a0Club<\/td>\n<td width=\"12%\">\u00a0Total<\/td>\n<td width=\"13%\">\u00a0Mention<\/td>\n<\/tr>\n<tr bgcolor=\"#3b4d86\">\n<td bgcolor=\"#f09338\">\u00a0YASSO<\/td>\n<td bgcolor=\"#f09338\">\u00a0BRICKA Ren\u00e9<\/td>\n<td bgcolor=\"#f09338\">\u00a0B.A<\/td>\n<td bgcolor=\"#f09338\">\u00a0TCC Sarrewerden<\/td>\n<td bgcolor=\"#f09338\">\u00a098 PTS<\/td>\n<td bgcolor=\"#f09338\">\u00a0EXC.<\/td>\n<\/tr>\n<tr bgcolor=\"#f09338\">\n<td bgcolor=\"#3b4d86\">\u00a0ALLO<\/td>\n<td bgcolor=\"#3b4d86\">\u00a0CARRERE Marc<\/td>\n<td bgcolor=\"#3b4d86\">\u00a0B.A<\/td>\n<td bgcolor=\"#3b4d86\">\u00a0AC Haguenau<\/td>\n<td bgcolor=\"#3b4d86\">\u00a097 PTS<\/td>\n<td bgcolor=\"#3b4d86\">\u00a0EXC..<\/td>\n<\/tr>\n<tr bgcolor=\"#f09338\">\n<td>\u00a0ATHOS II<\/td>\n<td>\u00a0BLANDIN Robert<\/td>\n<td>\u00a0B.A<\/td>\n<td>\u00a0TCC Betschdorf<\/td>\n<td width=\"12%\">\u00a096 PTS<\/td>\n<td width=\"13%\">\u00a0EXC.<\/td>\n<\/tr>\n<tr bgcolor=\"#f09338\">\n<td bgcolor=\"#3b4d86\">\u00a0T&rsquo;PLATIN<\/td>\n<td bgcolor=\"#3b4d86\">\u00a0NAWURTSCH Jutta<\/td>\n<td bgcolor=\"#3b4d86\">\u00a0B.Blanc<\/td>\n<td bgcolor=\"#3b4d86\">\u00a0CC Haguenau<\/td>\n<td bgcolor=\"#3b4d86\">\u00a096 PTS<\/td>\n<td bgcolor=\"#3b4d86\">\u00a0EXC.<\/td>\n<\/tr>\n<tr bgcolor=\"#f09338\">\n<td>\u00a0ORLY<\/td>\n<td>\u00a0GERBER Marie-Louise<\/td>\n<td>\u00a0\u00a0B.A<\/td>\n<td>\u00a0ACD Mothern<\/td>\n<td width=\"12%\">\u00a094 PTS<\/td>\n<td width=\"13%\">\u00a0T.B.<\/td>\n<\/tr>\n<tr bgcolor=\"#f09338\">\n<td bgcolor=\"#3b4d86\">\u00a0TIMON<\/td>\n<td bgcolor=\"#3b4d86\">\u00a0CRIQUI Jean-Paul<\/td>\n<td bgcolor=\"#3b4d86\">\u00a0B.A<\/td>\n<td bgcolor=\"#3b4d86\">\u00a0TCC Betschdorf<\/td>\n<td bgcolor=\"#3b4d86\">\u00a093 PTS<\/td>\n<td bgcolor=\"#3b4d86\">\u00a0T.B.<\/td>\n<\/tr>\n<tr bgcolor=\"#f09338\">\n<td>\u00a0HERA<\/td>\n<td>\u00a0SITTER Fr\u00e9d\u00e9ric<\/td>\n<td>\u00a0B.A<\/td>\n<td>\u00a0TCC Betschdorf<\/td>\n<td width=\"12%\">\u00a093 PTS<\/td>\n<td width=\"13%\">\u00a0T.B.<\/td>\n<\/tr>\n<tr bgcolor=\"#3b4d86\">\n<td>\u00a0BASKO<\/td>\n<td>\u00a0KANZLER Adrien<\/td>\n<td>\u00a0B.A<\/td>\n<td>\u00a0CC Petite Rosselle<\/td>\n<td>\u00a090 PTS<\/td>\n<td>\u00a0T.B.<\/td>\n<\/tr>\n<tr bgcolor=\"#f09338\">\n<td>\u00a0BOSS<\/td>\n<td>\u00a0RECHER Gilbert<\/td>\n<td>\u00a0D<\/td>\n<td>\u00a0ACD Mothern<\/td>\n<td>\u00a077 PTS<\/td>\n<td>\u00a0B.<\/td>\n<\/tr>\n<\/tbody>\n<\/table>\n<p>&nbsp;<\/p>\n<p><strong>R\u00e9sultats de dimanche 23 janvier<\/strong><\/p>\n<p><strong>R\u00e9sultats FCI 2<\/strong><\/p>\n<table width=\"620\" border=\"0\" cellspacing=\"0\" cellpadding=\"0\">\n<tbody>\n<tr bgcolor=\"#d6d6d6\">\n<td width=\"14%\">\u00a0Chien<\/td>\n<td width=\"29%\">\u00a0Conducteur<\/td>\n<td width=\"11%\">\u00a0Race<\/td>\n<td width=\"26%\">\u00a0Club<\/td>\n<td width=\"10%\">\u00a0Total<\/td>\n<td width=\"10%\">\u00a0Mention<\/td>\n<\/tr>\n<tr bgcolor=\"#f09338\">\n<td>\u00a0DAYKA<\/td>\n<td>\u00a0FRITZ Sylvie<\/td>\n<td>\u00a0BA<\/td>\n<td>\u00a0ACD Vendenheim<\/td>\n<td>\u00a094 PTS<\/td>\n<td>\u00a0\u00a0T.B.<\/td>\n<\/tr>\n<\/tbody>\n<\/table>\n<p><strong>R\u00e9sultats FCI 3<\/strong><\/p>\n<table width=\"620\" border=\"0\" cellspacing=\"0\" cellpadding=\"0\">\n<tbody>\n<tr bgcolor=\"#d6d6d6\">\n<td width=\"14%\">\u00a0Chien<\/td>\n<td width=\"28%\">\u00a0Conducteur<\/td>\n<td width=\"10%\">\u00a0Race<\/td>\n<td width=\"23%\">\u00a0Club<\/td>\n<td width=\"12%\">\u00a0Total<\/td>\n<td width=\"13%\">\u00a0Mention<\/td>\n<\/tr>\n<tr bgcolor=\"#3b4d86\">\n<td bgcolor=\"#f09338\">\u00a0BASKO<\/td>\n<td bgcolor=\"#f09338\">\u00a0HERVE Daniel<\/td>\n<td bgcolor=\"#f09338\">\u00a0B.A<\/td>\n<td bgcolor=\"#f09338\">\u00a0TCC Beinheim<\/td>\n<td bgcolor=\"#f09338\">\u00a094 PTS<\/td>\n<td bgcolor=\"#f09338\">\u00a0T.B.<\/td>\n<\/tr>\n<tr bgcolor=\"#f09338\">\n<td bgcolor=\"#3b4d86\">\u00a0<\/td>\n<td bgcolor=\"#3b4d86\">\u00a0<\/td>\n<td bgcolor=\"#3b4d86\">\u00a0<\/td>\n<td bgcolor=\"#3b4d86\">\u00a0<\/td>\n<td bgcolor=\"#3b4d86\">\u00a093 PTS<\/td>\n<td bgcolor=\"#3b4d86\">\u00a0T.B.<\/td>\n<\/tr>\n<tr bgcolor=\"#f09338\">\n<td bgcolor=\"#f09338\" width=\"14%\">\u00a0DIVA<\/td>\n<td width=\"28%\">\u00a0LEMOINE Michel<\/td>\n<td width=\"10%\">\u00a0B.A<\/td>\n<td width=\"23%\">\u00a0AC Labbeville<\/td>\n<td width=\"12%\">\u00a092 PTS<\/td>\n<td width=\"13%\">\u00a0T.B.<\/td>\n<\/tr>\n<tr bgcolor=\"#f09338\">\n<td bgcolor=\"#3b4d86\">\u00a0TITAN<\/td>\n<td bgcolor=\"#3b4d86\">\u00a0ENGLER Roland<\/td>\n<td bgcolor=\"#3b4d86\">\u00a0Boxer<\/td>\n<td bgcolor=\"#3b4d86\">\u00a0CC du Sundgau<\/td>\n<td bgcolor=\"#3b4d86\">\u00a080 PTS<\/td>\n<td bgcolor=\"#3b4d86\">\u00a0B.<\/td>\n<\/tr>\n<tr bgcolor=\"#f09338\">\n<td bgcolor=\"#f09338\" width=\"14%\">\u00a0URAS<\/td>\n<td width=\"28%\">\u00a0BREFFA Jean-Paul<\/td>\n<td width=\"10%\">\u00a0B.A<\/td>\n<td width=\"23%\">\u00a0ACD Vendenheim<\/td>\n<td width=\"12%\">\u00a040 PTS<\/td>\n<td width=\"13%\">\u00a0NC<\/td>\n<\/tr>\n<\/tbody>\n<\/table>\n<p>Dimanche, se sont 5 concurrents qui ont particip\u00e9s aux \u00e9preuves <strong>RCI<\/strong>. Dans le cadre de cette comp\u00e9tition en trois manches, les concurrents doivent effectuer une \u00e9preuve de pistage, d&rsquo;ob\u00e9issance et de d\u00e9fense encore appel\u00e9e mordant.<br \/>\n<strong>R\u00e9sultats CSAU<\/strong><\/p>\n<table width=\"620\" border=\"0\" cellspacing=\"0\" cellpadding=\"0\">\n<tbody>\n<tr bgcolor=\"#d6d6d6\">\n<td width=\"14%\">\u00a0Chien<\/td>\n<td width=\"29%\">\u00a0Conducteur<\/td>\n<td width=\"11%\">\u00a0Race<\/td>\n<td width=\"26%\">\u00a0Club<\/td>\n<td width=\"10%\">\u00a0Mention<\/td>\n<\/tr>\n<tr bgcolor=\"#3b4d86\">\n<td bgcolor=\"#f09338\">\u00a0EOS<\/td>\n<td bgcolor=\"#f09338\">\u00a0SPANGENBERGER Aline<\/td>\n<td bgcolor=\"#f09338\">\u00a0BA<\/td>\n<td bgcolor=\"#f09338\">\u00a0AC Haguenau<\/td>\n<td bgcolor=\"#f09338\">\u00a0EXC.<\/td>\n<\/tr>\n<tr bgcolor=\"#3b4d86\">\n<td bgcolor=\"#3b4d86\">\u00a0EMI<\/td>\n<td bgcolor=\"#3b4d86\">\u00a0GERBER Antoine<\/td>\n<td bgcolor=\"#3b4d86\">\u00a0BA<\/td>\n<td bgcolor=\"#3b4d86\">\u00a0ACD Mothern<\/td>\n<td bgcolor=\"#3b4d86\">\u00a0EXC.<\/td>\n<\/tr>\n<tr bgcolor=\"#3b4d86\">\n<td bgcolor=\"#f09338\">\u00a0ELEX<\/td>\n<td bgcolor=\"#f09338\">\u00a0GERBER Marie-Louise<\/td>\n<td bgcolor=\"#f09338\">\u00a0BA<\/td>\n<td bgcolor=\"#f09338\">\u00a0ACD Mothern<\/td>\n<td bgcolor=\"#f09338\">\u00a0TB<\/td>\n<\/tr>\n<tr bgcolor=\"#3b4d86\">\n<td bgcolor=\"#3b4d86\">\u00a0GANJA<\/td>\n<td bgcolor=\"#3b4d86\">\u00a0NARWUTSCH Jutta<\/td>\n<td bgcolor=\"#3b4d86\">\u00a0Malinois<\/td>\n<td bgcolor=\"#3b4d86\">\u00a0CC Haguenau<\/td>\n<td bgcolor=\"#3b4d86\">\u00a0Ajourn\u00e9<\/td>\n<\/tr>\n<\/tbody>\n<\/table>\n<p><strong>R\u00e9sultats RCI 1<\/strong><\/p>\n<table width=\"620\" border=\"0\" cellspacing=\"0\" cellpadding=\"0\">\n<tbody>\n<tr bgcolor=\"#d6d6d6\">\n<td width=\"14%\">\u00a0Chien<\/td>\n<td width=\"28%\">\u00a0Conducteur<\/td>\n<td width=\"11%\">\u00a0Race<\/td>\n<td width=\"27%\">\u00a0Club<\/td>\n<td width=\"11%\">\u00a0Total<\/td>\n<td width=\"9%\">\u00a0Mention<\/td>\n<\/tr>\n<tr bgcolor=\"#f09338\">\n<td bgcolor=\"#f09338\">\u00a0EXO<\/td>\n<td>\u00a0MEYER Claude<\/td>\n<td>\u00a0Malinois<\/td>\n<td>\u00a0AC Haguenau<\/td>\n<td>\u00a0260 PTS<\/td>\n<td>\u00a0TB.<\/td>\n<\/tr>\n<tr bgcolor=\"#3b4d86\">\n<td>\u00a0DRAGAN<\/td>\n<td>\u00a0CHARLES Yann<\/td>\n<td>\u00a0D<\/td>\n<td>\u00a0SC Lannionnais<\/td>\n<td>\u00a0251 PTS<\/td>\n<td>\u00a0B.<\/td>\n<\/tr>\n<\/tbody>\n<\/table>\n<p><strong>R\u00e9sultats RCI 2<\/strong><\/p>\n<table width=\"620\" border=\"0\" cellspacing=\"0\" cellpadding=\"0\">\n<tbody>\n<tr bgcolor=\"#d6d6d6\">\n<td width=\"14%\">\u00a0Chien<\/td>\n<td width=\"28%\">\u00a0Conducteur<\/td>\n<td width=\"10%\">\u00a0Race<\/td>\n<td width=\"27%\">\u00a0Club<\/td>\n<td width=\"11%\">\u00a0Total<\/td>\n<td width=\"10%\">\u00a0Mention<\/td>\n<\/tr>\n<tr bgcolor=\"#f09338\">\n<td bgcolor=\"#f09338\" width=\"14%\">\u00a0DENDERAH<\/td>\n<td width=\"28%\">\u00a0BREDIN Richard<\/td>\n<td width=\"10%\">\u00a0D<\/td>\n<td width=\"27%\">\u00a0AC de Labbeville<\/td>\n<td bgcolor=\"#f09338\" width=\"11%\">\u00a0261 PTS<\/td>\n<td width=\"10%\">\u00a0TB.<\/td>\n<\/tr>\n<\/tbody>\n<\/table>\n<p><strong>R\u00e9sultats RCI 3<\/strong><\/p>\n<table width=\"620\" border=\"0\" cellspacing=\"0\" cellpadding=\"0\">\n<tbody>\n<tr bgcolor=\"#d6d6d6\">\n<td width=\"24%\">\u00a0Chien<\/td>\n<td width=\"22%\">\u00a0Conducteur<\/td>\n<td width=\"6%\">\u00a0Race<\/td>\n<td width=\"27%\">\u00a0Club<\/td>\n<td width=\"11%\">\u00a0Total<\/td>\n<td width=\"10%\">\u00a0Mention<\/td>\n<\/tr>\n<tr bgcolor=\"#f09338\">\n<td bgcolor=\"#f09338\" width=\"24%\">\u00a0BUCK<\/td>\n<td width=\"22%\">\u00a0BERLING Patrick<\/td>\n<td width=\"6%\">\u00a0\u00a0Malinois<\/td>\n<td width=\"27%\">\u00a0ACD Vendenheim<\/td>\n<td width=\"11%\">\u00a0274 PTS<\/td>\n<td width=\"10%\">\u00a0T.B.<\/td>\n<\/tr>\n<tr bgcolor=\"#3b4d86\">\n<td bgcolor=\"#3b4d86\" width=\"24%\">\u00a0WALKO<\/td>\n<td width=\"22%\">\u00a0MEYER Claude<\/td>\n<td width=\"6%\">\u00a0BA<\/td>\n<td width=\"27%\">\u00a0AC Haguenau<\/td>\n<td width=\"11%\">\u00a0236 PTS<\/td>\n<td width=\"10%\">\u00a0\u00a0AB.<\/td>\n<\/tr>\n<\/tbody>\n<\/table>\n<p>L&rsquo;<strong>amicale du chien de Haguenau<\/strong>, pr\u00e9sid\u00e9 par <strong>Jean-Pierre Kost<\/strong>, tient \u00e0 remercier tous les participants, les deux juges <strong>M. Francis HOF<\/strong> et <strong>M. Alain MULLER<\/strong>, les traceurs <strong>M. Jean-Claude ADELHELM<\/strong>, <strong>M. Andr\u00e9 PFLEGER et <strong>M. Yannick KIEFFER<\/strong><\/strong>, ainsi que l&rsquo;homme assistant <strong>M. J\u00e9r\u00f4me ROBERT<\/strong> et vous donne rendez-vous l&rsquo;ann\u00e9e prochaine.<\/p>\n","protected":false},"excerpt":{"rendered":"<p>L&rsquo;amicale du chien de Haguenau a organis\u00e9, le week-end des 22 et 23 janvier 2011, son septi\u00e8me concours canin FCI de pistage et RCI sur son terrain, route de Marienthal. 15 participants se sont finalement oppos\u00e9s dans les \u00e9preuves FCI de pistage qui se sont d\u00e9roul\u00e9es samedi et dimanche. R\u00e9sultats de samedi 22 janvier R\u00e9sultats [&hellip;]<\/p>\n","protected":false},"author":1,"featured_media":0,"parent":88,"menu_order":0,"comment_status":"open","ping_status":"open","template":"","meta":{"footnotes":""},"class_list":["post-205","page","type-page","status-publish","hentry"],"_links":{"self":[{"href":"http:\/\/www.amicale-du-chien.com\/index.php?rest_route=\/wp\/v2\/pages\/205","targetHints":{"allow":["GET"]}}],"collection":[{"href":"http:\/\/www.amicale-du-chien.com\/index.php?rest_route=\/wp\/v2\/pages"}],"about":[{"href":"http:\/\/www.amicale-du-chien.com\/index.php?rest_route=\/wp\/v2\/types\/page"}],"author":[{"embeddable":true,"href":"http:\/\/www.amicale-du-chien.com\/index.php?rest_route=\/wp\/v2\/users\/1"}],"replies":[{"embeddable":true,"href":"http:\/\/www.amicale-du-chien.com\/index.php?rest_route=%2Fwp%2Fv2%2Fcomments&post=205"}],"version-history":[{"count":2,"href":"http:\/\/www.amicale-du-chien.com\/index.php?rest_route=\/wp\/v2\/pages\/205\/revisions"}],"predecessor-version":[{"id":207,"href":"http:\/\/www.amicale-du-chien.com\/index.php?rest_route=\/wp\/v2\/pages\/205\/revisions\/207"}],"up":[{"embeddable":true,"href":"http:\/\/www.amicale-du-chien.com\/index.php?rest_route=\/wp\/v2\/pages\/88"}],"wp:attachment":[{"href":"http:\/\/www.amicale-du-chien.com\/index.php?rest_route=%2Fwp%2Fv2%2Fmedia&parent=205"}],"curies":[{"name":"wp","href":"https:\/\/api.w.org\/{rel}","templated":true}]}}