{"id":208,"date":"2013-07-21T09:12:53","date_gmt":"2013-07-21T08:12:53","guid":{"rendered":"http:\/\/www.amicale-du-chien.com\/?page_id=208"},"modified":"2013-07-21T09:12:53","modified_gmt":"2013-07-21T08:12:53","slug":"concours-rci-et-fci-2010","status":"publish","type":"page","link":"http:\/\/www.amicale-du-chien.com\/?page_id=208","title":{"rendered":"Concours RCI et FCI 2010"},"content":{"rendered":"<p>L&rsquo;amicale du chien de Haguenau a organis\u00e9, le week-end des 23 et 24 janvier 2010, son <strong>sixi\u00e8me concours canin FCI de pistage et RCI<\/strong> sur son terrain, route de Marienthal.<\/p>\n<p>Malgr\u00e9 des conditions m\u00e9t\u00e9os difficiles (terrains gel\u00e9s), les cynophiles venus de toute la r\u00e9gion ont r\u00e9pondu pr\u00e9sent pour ce premier \u00e9v\u00e8nement de l&rsquo;ann\u00e9e, qui augure d&rsquo;une bonne saison 2010. Cette \u00e9dition a \u00e9t\u00e9 un record pour notre club, en effet, il y a eu pas moins de 36 participants (dont 15 en FCI 3).<\/p>\n<p>19 participants se sont finalement oppos\u00e9s dans les \u00e9preuves <strong>FCI de pistage<\/strong> qui se sont d\u00e9roul\u00e9es samedi et dimanche.<\/p>\n<p><!--table width=\"98%\" border=\"0\">\n\n\n<tr>\n\n\n<td>\n\n\n<div align=\"center\"><img loading=\"lazy\" decoding=\"async\" src=\"..\/img\/concours\/rci\/janvier2006\/FCI1.gif\" width=\"250\" height=\"163\"><\/div>\n\n<\/td>\n\n\n\n\n<td>&nbsp;<\/td>\n\n\n\n\n<td>\n\n\n<div align=\"center\"><img loading=\"lazy\" decoding=\"async\" src=\"..\/img\/concours\/rci\/janvier2006\/FCI2.gif\" width=\"250\" height=\"163\"><\/div>\n\n<\/td>\n\n\n<\/tr>\n\n\n<\/table--><strong><br \/>\nR\u00e9sultats FCI Brevet<\/strong><\/p>\n<table width=\"620\" border=\"0\" cellspacing=\"0\" cellpadding=\"0\">\n<tbody>\n<tr bgcolor=\"#d6d6d6\">\n<td width=\"14%\">\u00a0Chien<\/td>\n<td width=\"29%\">\u00a0Conducteur<\/td>\n<td width=\"11%\">\u00a0Race<\/td>\n<td width=\"26%\">\u00a0Club<\/td>\n<td width=\"10%\">\u00a0Total<\/td>\n<td width=\"10%\">\u00a0Mention<\/td>\n<\/tr>\n<tr bgcolor=\"#f09338\">\n<td bgcolor=\"#f09338\" width=\"14%\">\u00a0BANNOCK<\/td>\n<td width=\"29%\">\u00a0WEISSENBURGER Fatima<\/td>\n<td width=\"11%\">\u00a0B.A<\/td>\n<td width=\"26%\">\u00a0ACD Mothern<\/td>\n<td width=\"10%\">\u00a00 PTS<\/td>\n<td width=\"10%\">NC<\/td>\n<\/tr>\n<\/tbody>\n<\/table>\n<p><strong><br \/>\nR\u00e9sultats FCI 1<\/strong><\/p>\n<table width=\"620\" border=\"0\" cellspacing=\"0\" cellpadding=\"0\">\n<tbody>\n<tr bgcolor=\"#d6d6d6\">\n<td width=\"14%\">\u00a0Chien<\/td>\n<td width=\"29%\">\u00a0Conducteur<\/td>\n<td width=\"11%\">\u00a0Race<\/td>\n<td width=\"26%\">\u00a0Club<\/td>\n<td width=\"10%\">\u00a0Total<\/td>\n<td width=\"10%\">\u00a0Mention<\/td>\n<\/tr>\n<tr bgcolor=\"#f09338\">\n<td>\u00a0URAS<\/td>\n<td>\u00a0BREFFA Jean-Paul<\/td>\n<td>\u00a0B.A<\/td>\n<td>\u00a0ACD Vendenheim<\/td>\n<td>\u00a080 PTS<\/td>\n<td>\u00a0B.<\/td>\n<\/tr>\n<\/tbody>\n<\/table>\n<p><strong><br \/>\nR\u00e9sultats FCI 2<\/strong><\/p>\n<table width=\"620\" border=\"0\" cellspacing=\"0\" cellpadding=\"0\">\n<tbody>\n<tr bgcolor=\"#d6d6d6\">\n<td width=\"14%\">\u00a0Chien<\/td>\n<td width=\"29%\">\u00a0Conducteur<\/td>\n<td width=\"11%\">\u00a0Race<\/td>\n<td width=\"26%\">\u00a0Club<\/td>\n<td width=\"10%\">\u00a0Total<\/td>\n<td width=\"10%\">\u00a0Mention<\/td>\n<\/tr>\n<tr bgcolor=\"#f09338\">\n<td>\u00a0BASKO<\/td>\n<td>\u00a0HERVE Daniel<\/td>\n<td>\u00a0B.A<\/td>\n<td>\u00a0TCC Beinheim<\/td>\n<td>\u00a097 PTS<\/td>\n<td>\u00a0EXC.<\/td>\n<\/tr>\n<tr bgcolor=\"#3b4d86\">\n<td>\u00a0BOSS<\/td>\n<td>\u00a0RECHER Gilbert<\/td>\n<td>\u00a0D<\/td>\n<td>\u00a0TCC Betschdorf<\/td>\n<td>\u00a00 PTS<\/td>\n<td>\u00a0NC.<\/td>\n<\/tr>\n<\/tbody>\n<\/table>\n<p><strong>R\u00e9sultats FCI 3<\/strong><\/p>\n<table width=\"620\" border=\"0\" cellspacing=\"0\" cellpadding=\"0\">\n<tbody>\n<tr bgcolor=\"#d6d6d6\">\n<td width=\"14%\">\u00a0Chien<\/td>\n<td width=\"28%\">\u00a0Conducteur<\/td>\n<td width=\"10%\">\u00a0Race<\/td>\n<td width=\"23%\">\u00a0Club<\/td>\n<td width=\"12%\">\u00a0Total<\/td>\n<td width=\"13%\">\u00a0Mention<\/td>\n<\/tr>\n<tr bgcolor=\"#3b4d86\">\n<td bgcolor=\"#f09338\">\u00a0HEICKO<\/td>\n<td bgcolor=\"#f09338\">\u00a0BRICKA Ren\u00e9<\/td>\n<td bgcolor=\"#f09338\">\u00a0B.A<\/td>\n<td bgcolor=\"#f09338\">\u00a0TCC Sarrewerden<\/td>\n<td bgcolor=\"#f09338\">\u00a099 PTS<\/td>\n<td bgcolor=\"#f09338\">\u00a0EXC.<\/td>\n<\/tr>\n<tr bgcolor=\"#f09338\">\n<td bgcolor=\"#3b4d86\">\u00a0TITUS<\/td>\n<td bgcolor=\"#3b4d86\">\u00a0LENGERT Yves<\/td>\n<td bgcolor=\"#3b4d86\">\u00a0B.A<\/td>\n<td bgcolor=\"#3b4d86\">\u00a0TCC Sarrewerden<\/td>\n<td bgcolor=\"#3b4d86\">\u00a098 PTS<\/td>\n<td bgcolor=\"#3b4d86\">\u00a0EXC..<\/td>\n<\/tr>\n<tr bgcolor=\"#f09338\">\n<td bgcolor=\"#f09338\" width=\"14%\">\u00a0NICOS<\/td>\n<td width=\"28%\">\u00a0ALTPETER Ewald<\/td>\n<td width=\"10%\">\u00a0B.A<\/td>\n<td width=\"23%\">\u00a0CC Petite Rosselle<\/td>\n<td width=\"12%\">\u00a098 PTS<\/td>\n<td width=\"13%\">\u00a0EXC.<\/td>\n<\/tr>\n<tr bgcolor=\"#f09338\">\n<td bgcolor=\"#3b4d86\">\u00a0BASKO<\/td>\n<td bgcolor=\"#3b4d86\">\u00a0KANZLER Adrien<\/td>\n<td bgcolor=\"#3b4d86\">\u00a0B.A<\/td>\n<td bgcolor=\"#3b4d86\">\u00a0CC Petite Rosselle<\/td>\n<td bgcolor=\"#3b4d86\">\u00a098 PTS<\/td>\n<td bgcolor=\"#3b4d86\">\u00a0EXC.<\/td>\n<\/tr>\n<tr bgcolor=\"#f09338\">\n<td bgcolor=\"#f09338\" width=\"14%\">\u00a0ATHOS II<\/td>\n<td width=\"28%\">\u00a0BLANDIN Robert<\/td>\n<td width=\"10%\">\u00a0B.A<\/td>\n<td width=\"23%\">\u00a0TCC Betschdorf<\/td>\n<td width=\"12%\">\u00a095 PTS<\/td>\n<td width=\"13%\">\u00a0T.B.<\/td>\n<\/tr>\n<tr bgcolor=\"#f09338\">\n<td bgcolor=\"#3b4d86\">\u00a0VULCANE<\/td>\n<td bgcolor=\"#3b4d86\">\u00a0DAUL Pierre<\/td>\n<td bgcolor=\"#3b4d86\">\u00a0R<\/td>\n<td bgcolor=\"#3b4d86\">\u00a0TCC Betschdorf<\/td>\n<td bgcolor=\"#3b4d86\">\u00a094 PTS<\/td>\n<td bgcolor=\"#3b4d86\">\u00a0T.B.<\/td>\n<\/tr>\n<tr bgcolor=\"#f09338\">\n<td bgcolor=\"#f09338\" width=\"14%\">\u00a0QUELLE<\/td>\n<td width=\"28%\">\u00a0KREMER Guy<\/td>\n<td width=\"10%\">\u00a0A.T<\/td>\n<td width=\"23%\">\u00a0CC Creutzwald<\/td>\n<td width=\"12%\">\u00a093 PTS<\/td>\n<td width=\"13%\">\u00a0T.B.<\/td>\n<\/tr>\n<tr bgcolor=\"#3b4d86\">\n<td bgcolor=\"#3b4d86\">\u00a0BUCK<\/td>\n<td>\u00a0ROTH Jacqui<\/td>\n<td>\u00a0B.A<\/td>\n<td>\u00a0CD Westhoffen<\/td>\n<td>\u00a092 PTS<\/td>\n<td>\u00a0T.B.<\/td>\n<\/tr>\n<tr bgcolor=\"#f09338\">\n<td>\u00a0ALLO<\/td>\n<td>\u00a0CARRERE Marc<\/td>\n<td>\u00a0B.A<\/td>\n<td>\u00a0AC Haguenau<\/td>\n<td>\u00a088 PTS<\/td>\n<td>\u00a0B.<\/td>\n<\/tr>\n<tr bgcolor=\"#3b4d86\">\n<td width=\"14%\">\u00a0HALK<\/td>\n<td width=\"28%\">\u00a0LAUBACHER Patrick<\/td>\n<td width=\"10%\">\u00a0B.A<\/td>\n<td width=\"23%\">\u00a0AC Haguenau<\/td>\n<td width=\"12%\">\u00a085 PTS<\/td>\n<td width=\"13%\">\u00a0B.<\/td>\n<\/tr>\n<tr bgcolor=\"#f09338\">\n<td>\u00a0SHAYA<\/td>\n<td>\u00a0MAES Yves<\/td>\n<td>\u00a0B.A<\/td>\n<td>\u00a0CD Westhoffen<\/td>\n<td>\u00a00 PTS<\/td>\n<td>\u00a0NC<\/td>\n<\/tr>\n<tr bgcolor=\"#3b4d86\">\n<td width=\"14%\">\u00a0TIMON<\/td>\n<td width=\"28%\">\u00a0CRIQUI Jean-Paul<\/td>\n<td width=\"10%\">\u00a0B.A<\/td>\n<td width=\"23%\">\u00a0TCC Betschdorf<\/td>\n<td width=\"12%\">\u00a00 PTS<\/td>\n<td width=\"13%\">\u00a0NC<\/td>\n<\/tr>\n<tr bgcolor=\"#f09338\">\n<td>\u00a0HERA<\/td>\n<td>\u00a0SITTER Fr\u00e9d\u00e9ric<\/td>\n<td>\u00a0B.A<\/td>\n<td>\u00a0TCC Betschdorf<\/td>\n<td>\u00a00 PTS<\/td>\n<td>\u00a0NC<\/td>\n<\/tr>\n<tr bgcolor=\"#3b4d86\">\n<td>\u00a0ROCK<\/td>\n<td>\u00a0ELCHINGER Gilbert<\/td>\n<td>\u00a0B.A<\/td>\n<td>\u00a0CC Haguenau<\/td>\n<td>\u00a00 PTS<\/td>\n<td>\u00a0NC<\/td>\n<\/tr>\n<tr bgcolor=\"#f09338\">\n<td bgcolor=\"#f09338\">\u00a0AMIGO<\/td>\n<td>\u00a0RIEHL Michel<\/td>\n<td>\u00a0B.A<\/td>\n<td>\u00a0TCC Erstein<\/td>\n<td>\u00a00 PTS<\/td>\n<td>\u00a0NC<\/td>\n<\/tr>\n<\/tbody>\n<\/table>\n<p>Tout au long du WE, se sont 17 concurrents qui ont particip\u00e9s aux \u00e9preuves <strong>RCI<\/strong>. Dans le cadre de cette comp\u00e9tition en trois manches, les concurrents doivent effectuer une \u00e9preuve de pistage, d&rsquo;ob\u00e9issance et de d\u00e9fense encore appel\u00e9e mordant.<\/p>\n<p><!--table width=\"98%\" border=\"0\">\n\n\n<tr>\n\n\n<td>\n\n\n<div align=\"center\"><img loading=\"lazy\" decoding=\"async\" src=\"..\/img\/concours\/rci\/janvier2007\/groupe.jpg\" width=\"250\" height=\"188\"><\/div>\n\n<\/td>\n\n\n\n\n<td>&nbsp;<\/td>\n\n\n\n\n<td>\n\n\n<div align=\"center\"><img loading=\"lazy\" decoding=\"async\" src=\"..\/img\/concours\/rci\/janvier2007\/ecoute.jpg\" width=\"250\" height=\"188\"><\/div>\n\n<\/td>\n\n\n<\/tr>\n\n\n<\/table-->\n<strong>R\u00e9sultats CSAU<\/strong><\/p>\n<table width=\"620\" border=\"0\" cellspacing=\"0\" cellpadding=\"0\">\n<tbody>\n<tr bgcolor=\"#d6d6d6\">\n<td width=\"14%\">\u00a0Chien<\/td>\n<td width=\"29%\">\u00a0Conducteur<\/td>\n<td width=\"11%\">\u00a0Race<\/td>\n<td width=\"26%\">\u00a0Club<\/td>\n<td width=\"10%\">\u00a0Mention<\/td>\n<\/tr>\n<tr bgcolor=\"#3b4d86\">\n<td bgcolor=\"#f09338\" width=\"14%\">\u00a0<\/td>\n<td bgcolor=\"#f09338\" width=\"29%\">\u00a0QUERCI Denis<\/td>\n<td bgcolor=\"#f09338\" width=\"11%\">\u00a0BA<\/td>\n<td bgcolor=\"#f09338\" width=\"26%\">\u00a0AC Haguenau<\/td>\n<td bgcolor=\"#f09338\" width=\"10%\">\u00a0EXC.<\/td>\n<\/tr>\n<\/tbody>\n<\/table>\n<p><strong>R\u00e9sultats Certificat<\/strong><\/p>\n<table width=\"620\" border=\"0\" cellspacing=\"0\" cellpadding=\"0\">\n<tbody>\n<tr bgcolor=\"#d6d6d6\">\n<td width=\"14%\">\u00a0Chien<\/td>\n<td width=\"29%\">\u00a0Conducteur<\/td>\n<td width=\"11%\">\u00a0Race<\/td>\n<td width=\"26%\">\u00a0Club<\/td>\n<td width=\"10%\">\u00a0Total<\/td>\n<td width=\"10%\">\u00a0Mention<\/td>\n<\/tr>\n<tr bgcolor=\"#f09338\">\n<td bgcolor=\"#f09338\" width=\"14%\">\u00a0WOLLA<\/td>\n<td width=\"29%\">\u00a0VOGT Freddy<\/td>\n<td width=\"11%\">\u00a0B.A<\/td>\n<td width=\"26%\">\u00a0AC Haguenau<\/td>\n<td width=\"10%\">\u00a0 289 PTS<\/td>\n<td width=\"10%\">\u00a0EXC.<\/td>\n<\/tr>\n<tr bgcolor=\"#3b4d86\">\n<td width=\"14%\">\u00a0WALKO<\/td>\n<td width=\"29%\">\u00a0MEYER Claude<\/td>\n<td width=\"11%\">\u00a0B.A<\/td>\n<td width=\"26%\">\u00a0AC Haguenau<\/td>\n<td width=\"10%\">\u00a0 287 PTS<\/td>\n<td width=\"10%\">\u00a0EXC.<\/td>\n<\/tr>\n<tr bgcolor=\"#f09338\">\n<td bgcolor=\"#f09338\" width=\"14%\">\u00a0BASSO<\/td>\n<td width=\"29%\">\u00a0WERNERT Marc<\/td>\n<td width=\"11%\">\u00a0B.A<\/td>\n<td width=\"26%\">\u00a0AC Haguenau<\/td>\n<td width=\"10%\">\u00a0 267 PTS<\/td>\n<td width=\"10%\">\u00a0B.<\/td>\n<\/tr>\n<tr bgcolor=\"#3b4d86\">\n<td width=\"14%\">\u00a0DOURO<\/td>\n<td width=\"29%\">\u00a0KLEINMANN Charles<\/td>\n<td width=\"11%\">\u00a0B.A<\/td>\n<td width=\"26%\">\u00a0SCBA Vendenheim<\/td>\n<td width=\"10%\">\u00a0 252 PTS<\/td>\n<td width=\"10%\">\u00a0B.<\/td>\n<\/tr>\n<\/tbody>\n<\/table>\n<p><strong>R\u00e9sultats RCI 1<\/strong><\/p>\n<table width=\"620\" border=\"0\" cellspacing=\"0\" cellpadding=\"0\">\n<tbody>\n<tr bgcolor=\"#d6d6d6\">\n<td width=\"14%\">\u00a0Chien<\/td>\n<td width=\"28%\">\u00a0Conducteur<\/td>\n<td width=\"11%\">\u00a0Race<\/td>\n<td width=\"27%\">\u00a0Club<\/td>\n<td width=\"11%\">\u00a0Total<\/td>\n<td width=\"9%\">\u00a0Mention<\/td>\n<\/tr>\n<tr bgcolor=\"#f09338\">\n<td bgcolor=\"#f09338\">\u00a0ANDOR<\/td>\n<td>\u00a0SPANGENBERGER Marc<\/td>\n<td>\u00a0B.A<\/td>\n<td>\u00a0AC Haguenau<\/td>\n<td>\u00a0277 PTS<\/td>\n<td>\u00a0TB.<\/td>\n<\/tr>\n<tr bgcolor=\"#3b4d86\">\n<td>\u00a0ALEX<\/td>\n<td>\u00a0LIEB Andr\u00e9<\/td>\n<td>\u00a0B.A<\/td>\n<td>\u00a0SCD Drusenheim<\/td>\n<td>\u00a0264 PTS<\/td>\n<td>\u00a0B.<\/td>\n<\/tr>\n<tr bgcolor=\"#f09338\">\n<td bgcolor=\"#f09338\">\u00a0BREAK<\/td>\n<td>\u00a0KUTZEL Virginie<\/td>\n<td>\u00a0B.B<\/td>\n<td>\u00a0SCD Drusenheim<\/td>\n<td>\u00a0253 PTS<\/td>\n<td>\u00a0B.<\/td>\n<\/tr>\n<tr bgcolor=\"#3b4d86\">\n<td>\u00a0BADIA<\/td>\n<td>\u00a0KOLB Fran\u00e7ois<\/td>\n<td>\u00a0B.A<\/td>\n<td>\u00a0TCC de Girlenhirsch<\/td>\n<td>\u00a0247 PTS<\/td>\n<td>\u00a0B.<\/td>\n<\/tr>\n<tr bgcolor=\"#f09338\">\n<td bgcolor=\"#f09338\">\u00a0DOURO<\/td>\n<td>\u00a0KLEINMANN Charles<\/td>\n<td>\u00a0B.A<\/td>\n<td>\u00a0SCBA Vendenheim<\/td>\n<td>\u00a0223 PTS<\/td>\n<td>\u00a0NC<\/td>\n<\/tr>\n<tr bgcolor=\"#3b4d86\">\n<td>\u00a0CAID<\/td>\n<td>\u00a0LAAS Violette<\/td>\n<td>\u00a0B.H<\/td>\n<td>\u00a0TCC Erstein<\/td>\n<td>\u00a0183 PTS<\/td>\n<td>\u00a0NC<\/td>\n<\/tr>\n<tr bgcolor=\"#f09338\">\n<td>\u00a0BLECK<\/td>\n<td>\u00a0KALTENBACHER Didier<\/td>\n<td>\u00a0R<\/td>\n<td>\u00a0SCD Drusenheim<\/td>\n<td>\u00a0Abandon<\/td>\n<td>\u00a0NC<\/td>\n<\/tr>\n<\/tbody>\n<\/table>\n<p><strong>R\u00e9sultats RCI 2<\/strong><\/p>\n<table width=\"620\" border=\"0\" cellspacing=\"0\" cellpadding=\"0\">\n<tbody>\n<tr bgcolor=\"#d6d6d6\">\n<td width=\"14%\">\u00a0Chien<\/td>\n<td width=\"28%\">\u00a0Conducteur<\/td>\n<td width=\"10%\">\u00a0Race<\/td>\n<td width=\"27%\">\u00a0Club<\/td>\n<td width=\"11%\">\u00a0Total<\/td>\n<td width=\"10%\">\u00a0Mention<\/td>\n<\/tr>\n<tr bgcolor=\"#f09338\">\n<td bgcolor=\"#f09338\" width=\"14%\">\u00a0BAHIA<\/td>\n<td width=\"28%\">\u00a0MULLER Freddy<\/td>\n<td width=\"10%\">\u00a0D<\/td>\n<td width=\"27%\">\u00a0TCC Betschdorf<\/td>\n<td bgcolor=\"#f09338\" width=\"11%\">\u00a0274 PTS<\/td>\n<td width=\"10%\">\u00a0TB.<\/td>\n<\/tr>\n<tr bgcolor=\"#3b4d86\">\n<td>\u00a0JASKA<\/td>\n<td>\u00a0ROUSSEL Lauriane<\/td>\n<td>\u00a0B.A<\/td>\n<td>\u00a0AC Haguenau<\/td>\n<td>\u00a0249 PTS<\/td>\n<td>\u00a0B.<\/td>\n<\/tr>\n<\/tbody>\n<\/table>\n<p><strong>R\u00e9sultats RCI 3<\/strong><\/p>\n<table width=\"620\" border=\"0\" cellspacing=\"0\" cellpadding=\"0\">\n<tbody>\n<tr bgcolor=\"#d6d6d6\">\n<td width=\"24%\">\u00a0Chien<\/td>\n<td width=\"22%\">\u00a0Conducteur<\/td>\n<td width=\"6%\">\u00a0Race<\/td>\n<td width=\"27%\">\u00a0Club<\/td>\n<td width=\"11%\">\u00a0Total<\/td>\n<td width=\"10%\">\u00a0Mention<\/td>\n<\/tr>\n<tr bgcolor=\"#f09338\">\n<td bgcolor=\"#f09338\" width=\"24%\">\u00a0ORLY<\/td>\n<td width=\"22%\">\u00a0GERBERMarie-Louise<\/td>\n<td width=\"6%\">\u00a0\u00a0B.A<\/td>\n<td width=\"27%\">\u00a0ACD Mothern<\/td>\n<td width=\"11%\">\u00a0274 PTS<\/td>\n<td width=\"10%\">\u00a0T.B.<\/td>\n<\/tr>\n<tr bgcolor=\"#3b4d86\">\n<td bgcolor=\"#3b4d86\" width=\"24%\">\u00a0CODY<\/td>\n<td width=\"22%\">\u00a0ARNOLD Alain<\/td>\n<td width=\"6%\">\u00a0B.B<\/td>\n<td width=\"27%\">\u00a0TCC Ersein<\/td>\n<td width=\"11%\">\u00a0252 PTS<\/td>\n<td width=\"10%\">\u00a0\u00a0B.<\/td>\n<\/tr>\n<tr bgcolor=\"#3b4d86\">\n<td bgcolor=\"#f09338\">\u00a0TAIKO<\/td>\n<td bgcolor=\"#f09338\">\u00a0GSOEDL Thierry<\/td>\n<td bgcolor=\"#f09338\">\u00a0R<\/td>\n<td bgcolor=\"#f09338\">\u00a0ACD Mothern<\/td>\n<td bgcolor=\"#f09338\">\u00a0228 PTS<\/td>\n<td bgcolor=\"#f09338\">\u00a0\u00a0AB.<\/td>\n<\/tr>\n<\/tbody>\n<\/table>\n<p>L&rsquo;<strong>amicale du chien de Haguenau<\/strong>, pr\u00e9sid\u00e9 par <strong>Jean-Pierre Kost<\/strong>, tient \u00e0 remercier tous les participants, les deux juges <strong>M. Roland MEYER<\/strong> et <strong>M. Alain MULLER<\/strong>, les traceurs <strong>M. Jean-Claude ADELHELM<\/strong> et <strong>M. Andr\u00e9 PFLEGER<\/strong>, ainsi que les deux hommes assistants <strong>M. Thierry BEYHURST<\/strong> et <strong>M. Cl\u00e9ment LOEHR<\/strong> et vous donne rendez-vous l&rsquo;ann\u00e9e prochaine.<\/p>\n","protected":false},"excerpt":{"rendered":"<p>L&rsquo;amicale du chien de Haguenau a organis\u00e9, le week-end des 23 et 24 janvier 2010, son sixi\u00e8me concours canin FCI de pistage et RCI sur son terrain, route de Marienthal. Malgr\u00e9 des conditions m\u00e9t\u00e9os difficiles (terrains gel\u00e9s), les cynophiles venus de toute la r\u00e9gion ont r\u00e9pondu pr\u00e9sent pour ce premier \u00e9v\u00e8nement de l&rsquo;ann\u00e9e, qui augure [&hellip;]<\/p>\n","protected":false},"author":1,"featured_media":0,"parent":88,"menu_order":0,"comment_status":"open","ping_status":"open","template":"","meta":{"footnotes":""},"class_list":["post-208","page","type-page","status-publish","hentry"],"_links":{"self":[{"href":"http:\/\/www.amicale-du-chien.com\/index.php?rest_route=\/wp\/v2\/pages\/208","targetHints":{"allow":["GET"]}}],"collection":[{"href":"http:\/\/www.amicale-du-chien.com\/index.php?rest_route=\/wp\/v2\/pages"}],"about":[{"href":"http:\/\/www.amicale-du-chien.com\/index.php?rest_route=\/wp\/v2\/types\/page"}],"author":[{"embeddable":true,"href":"http:\/\/www.amicale-du-chien.com\/index.php?rest_route=\/wp\/v2\/users\/1"}],"replies":[{"embeddable":true,"href":"http:\/\/www.amicale-du-chien.com\/index.php?rest_route=%2Fwp%2Fv2%2Fcomments&post=208"}],"version-history":[{"count":1,"href":"http:\/\/www.amicale-du-chien.com\/index.php?rest_route=\/wp\/v2\/pages\/208\/revisions"}],"predecessor-version":[{"id":209,"href":"http:\/\/www.amicale-du-chien.com\/index.php?rest_route=\/wp\/v2\/pages\/208\/revisions\/209"}],"up":[{"embeddable":true,"href":"http:\/\/www.amicale-du-chien.com\/index.php?rest_route=\/wp\/v2\/pages\/88"}],"wp:attachment":[{"href":"http:\/\/www.amicale-du-chien.com\/index.php?rest_route=%2Fwp%2Fv2%2Fmedia&parent=208"}],"curies":[{"name":"wp","href":"https:\/\/api.w.org\/{rel}","templated":true}]}}