{"id":215,"date":"2013-07-21T09:16:10","date_gmt":"2013-07-21T08:16:10","guid":{"rendered":"http:\/\/www.amicale-du-chien.com\/?page_id=215"},"modified":"2013-07-21T09:16:10","modified_gmt":"2013-07-21T08:16:10","slug":"concours-rci-et-fci-2007","status":"publish","type":"page","link":"http:\/\/www.amicale-du-chien.com\/?page_id=215","title":{"rendered":"Concours RCI et FCI 2007"},"content":{"rendered":"<p>L&rsquo;amicale du chien de Haguenau a organis\u00e9, ce week-end 20 et 21 janvier 2007, son <strong>troisi\u00e8me concours canin FCI de pistage et RCI<\/strong> sur son terrain, route de Marienthal.<\/p>\n<p>Il y avait foule autour du terrain du club canin local ce week-end et ce malgr\u00e9 le vent parfois violent. Nombreux ont \u00e9t\u00e9 les spectateurs ravis et int\u00e9ress\u00e9s par les prestations des 24 concurrents participants aux \u00e9preuves.<\/p>\n<p align=\"center\"><img loading=\"lazy\" decoding=\"async\" alt=\"\" src=\"http:\/\/www.caroweb.fr\/amicalechien1\/Pages\/img\/concours\/rci\/janvier2007\/foule.jpg\" width=\"250\" height=\"188\" \/><\/p>\n<p>Venus principalement de la r\u00e9gion, des cynophiles venus de la r\u00e9gion Rh\u00f4ne-Alpes et m\u00eame de Belgique ont \u00e9galement r\u00e9pondu \u00e0 l&rsquo;invitation du club haguenovien.<br \/>\nNeuf participants se sont oppos\u00e9s dans les \u00e9preuves <strong>FCI de pistage<\/strong>.<\/p>\n<table width=\"98%\" border=\"0\">\n<tbody>\n<tr>\n<td>\n<div align=\"center\"><img loading=\"lazy\" decoding=\"async\" alt=\"\" src=\"http:\/\/www.caroweb.fr\/amicalechien1\/Pages\/img\/concours\/rci\/janvier2006\/FCI1.gif\" width=\"250\" height=\"163\" \/><\/div>\n<\/td>\n<td>\u00a0<\/td>\n<td>\n<div align=\"center\"><img loading=\"lazy\" decoding=\"async\" alt=\"\" src=\"http:\/\/www.caroweb.fr\/amicalechien1\/Pages\/img\/concours\/rci\/janvier2006\/FCI2.gif\" width=\"250\" height=\"163\" \/><\/div>\n<\/td>\n<\/tr>\n<\/tbody>\n<\/table>\n<p><strong><br \/>\nR\u00e9sultats FCI 1<\/strong><\/p>\n<table width=\"620\" border=\"0\" cellspacing=\"0\" cellpadding=\"0\">\n<tbody>\n<tr bgcolor=\"#d6d6d6\">\n<td width=\"14%\">\u00a0Chien<\/td>\n<td width=\"29%\">\u00a0Conducteur<\/td>\n<td width=\"11%\">\u00a0Race<\/td>\n<td width=\"26%\">\u00a0Club<\/td>\n<td width=\"10%\">\u00a0Total<\/td>\n<td width=\"10%\">\u00a0Mention<\/td>\n<\/tr>\n<tr bgcolor=\"#f09338\">\n<td width=\"14%\">\u00a0ATHOS II<\/td>\n<td width=\"29%\">\u00a0BLANDIN Robert<\/td>\n<td width=\"11%\">\u00a0B.A<\/td>\n<td width=\"26%\">\u00a0<\/td>\n<td width=\"10%\">\u00a095 PTS<\/td>\n<td width=\"10%\">T.B.<\/td>\n<\/tr>\n<tr bgcolor=\"#3b4d86\">\n<td width=\"14%\">\u00a0QUWIRRO<\/td>\n<td width=\"29%\">\u00a0HOCHENEDEL Jean-Paul<\/td>\n<td width=\"11%\">\u00a0B.A<\/td>\n<td width=\"26%\">\u00a0TCC BETSCHDORF<\/td>\n<td width=\"10%\">\u00a00 PTS<\/td>\n<td width=\"10%\">\u00a0<\/td>\n<\/tr>\n<\/tbody>\n<\/table>\n<p><strong>R\u00e9sultats FCI 2<\/strong><\/p>\n<table width=\"620\" border=\"0\" cellspacing=\"0\" cellpadding=\"0\">\n<tbody>\n<tr bgcolor=\"#d6d6d6\">\n<td width=\"14%\">\u00a0Chien<\/td>\n<td width=\"28%\">\u00a0Conducteur<\/td>\n<td width=\"10%\">\u00a0Race<\/td>\n<td width=\"23%\">\u00a0Club<\/td>\n<td width=\"12%\">\u00a0Total<\/td>\n<td width=\"13%\">\u00a0Mention<\/td>\n<\/tr>\n<tr bgcolor=\"#f09338\">\n<td bgcolor=\"#f09338\" width=\"14%\">\u00a0SHAYA<\/td>\n<td width=\"28%\">\u00a0MAES Yves<\/td>\n<td width=\"10%\">\u00a0B<\/td>\n<td width=\"23%\">\u00a0CD WESTHOFFEN<\/td>\n<td width=\"12%\">\u00a094 PTS<\/td>\n<td width=\"13%\">\u00a0T.B.<\/td>\n<\/tr>\n<tr bgcolor=\"#3b4d86\">\n<td width=\"14%\">\u00a0ULY<\/td>\n<td width=\"28%\">\u00a0KAMPMANN Genevi\u00e8ve<\/td>\n<td width=\"10%\">\u00a0B.A<\/td>\n<td width=\"23%\">\u00a0TTC INGWILLER<\/td>\n<td width=\"12%\">\u00a015 PTS<\/td>\n<td width=\"13%\">\u00a0T. Insuffisant<\/td>\n<\/tr>\n<tr bgcolor=\"#3b4d86\">\n<td bgcolor=\"#f09338\">\u00a0TESS<\/td>\n<td bgcolor=\"#f09338\">\u00a0KAMPMANN Genevi\u00e8ve<\/td>\n<td bgcolor=\"#f09338\">\u00a0S<\/td>\n<td bgcolor=\"#f09338\">\u00a0TTC INGWILLER<\/td>\n<td bgcolor=\"#f09338\">\u00a010 PTS<\/td>\n<td bgcolor=\"#f09338\">\u00a0T. Insuffisant<\/td>\n<\/tr>\n<\/tbody>\n<\/table>\n<p><strong>R\u00e9sultats FCI 3<\/strong><\/p>\n<table width=\"620\" border=\"0\" cellspacing=\"0\" cellpadding=\"0\">\n<tbody>\n<tr bgcolor=\"#d6d6d6\">\n<td width=\"14%\">\u00a0Chien<\/td>\n<td width=\"28%\">\u00a0Conducteur<\/td>\n<td width=\"10%\">\u00a0Race<\/td>\n<td width=\"23%\">\u00a0Club<\/td>\n<td width=\"12%\">\u00a0Total<\/td>\n<td width=\"13%\">\u00a0Mention<\/td>\n<\/tr>\n<tr bgcolor=\"#f09338\">\n<td bgcolor=\"#f09338\" width=\"14%\">\u00a0BUCK<\/td>\n<td width=\"28%\">\u00a0ROTH Jacqui<\/td>\n<td width=\"10%\">\u00a0B.A<\/td>\n<td width=\"23%\">\u00a0CD WESTHOFFEN<\/td>\n<td width=\"12%\">\u00a096 PTS<\/td>\n<td width=\"13%\">\u00a0EXC.<\/td>\n<\/tr>\n<tr bgcolor=\"#3b4d86\">\n<td bgcolor=\"#3b4d86\" width=\"14%\">\u00a0HEICKO<\/td>\n<td width=\"28%\">\u00a0BRICKA Ren\u00e9<\/td>\n<td width=\"10%\">\u00a0B.A<\/td>\n<td width=\"23%\">\u00a0TCC SARREWERDEN<\/td>\n<td width=\"12%\">\u00a015 PTS<\/td>\n<td width=\"13%\">\u00a0T. Insuffisant<\/td>\n<\/tr>\n<tr bgcolor=\"#3b4d86\">\n<td bgcolor=\"#f09338\">\u00a0TIMON<\/td>\n<td bgcolor=\"#f09338\">\u00a0CRIQUI Jean-paul<\/td>\n<td bgcolor=\"#f09338\">\u00a0B.A<\/td>\n<td bgcolor=\"#f09338\">\u00a0TCC BETSCHDORF<\/td>\n<td bgcolor=\"#f09338\">\u00a010 PTS<\/td>\n<td bgcolor=\"#f09338\">\u00a0T. Insuffisant<\/td>\n<\/tr>\n<tr bgcolor=\"#3b4d86\">\n<td bgcolor=\"#3b4d86\">\u00a0O&rsquo;BELLE<\/td>\n<td bgcolor=\"#3b4d86\">\u00a0SPRAUEL Huguette<\/td>\n<td bgcolor=\"#3b4d86\">\u00a0BORDER<\/td>\n<td bgcolor=\"#3b4d86\">\u00a0A.B.A.G<\/td>\n<td bgcolor=\"#3b4d86\">\u00a010 PTS<\/td>\n<td bgcolor=\"#3b4d86\">\u00a0T. Insuffisant<\/td>\n<\/tr>\n<\/tbody>\n<\/table>\n<p>Dimanche, seize concurrents ont particip\u00e9 aux \u00e9preuves <strong>RCI<\/strong>. Dans le cadre de cette comp\u00e9tition en trois manches, les concurrents doivent subir une \u00e9preuve de pistage, d&rsquo;ob\u00e9issance et de d\u00e9fense encore appel\u00e9e mordant.<\/p>\n<p>Les \u00e9preuves d&rsquo;ob\u00e9issance ainsi que celles de d\u00e9fenses ont \u00e9t\u00e9 jug\u00e9es par <strong>M. Francis Reuther <\/strong>et<strong> les \u00e9preuves de pistage par M. R\u00e9my SINGER<\/strong>.<\/p>\n<table width=\"98%\" border=\"0\">\n<tbody>\n<tr>\n<td>\n<div align=\"center\"><img loading=\"lazy\" decoding=\"async\" alt=\"\" src=\"http:\/\/www.caroweb.fr\/amicalechien1\/Pages\/img\/concours\/rci\/janvier2007\/groupe.jpg\" width=\"250\" height=\"188\" \/><\/div>\n<\/td>\n<td>\u00a0<\/td>\n<td>\n<div align=\"center\"><img loading=\"lazy\" decoding=\"async\" alt=\"\" src=\"http:\/\/www.caroweb.fr\/amicalechien1\/Pages\/img\/concours\/rci\/janvier2007\/ecoute.jpg\" width=\"250\" height=\"188\" \/><\/div>\n<\/td>\n<\/tr>\n<\/tbody>\n<\/table>\n<p><strong>R\u00e9sultats CSAU<\/strong><\/p>\n<table width=\"620\" border=\"0\" cellspacing=\"0\" cellpadding=\"0\">\n<tbody>\n<tr bgcolor=\"#d6d6d6\">\n<td width=\"14%\">\u00a0Chien<\/td>\n<td width=\"29%\">\u00a0Conducteur<\/td>\n<td width=\"11%\">\u00a0Race<\/td>\n<td width=\"26%\">\u00a0Club<\/td>\n<td width=\"10%\">\u00a0Mention<\/td>\n<\/tr>\n<tr bgcolor=\"#f09338\">\n<td bgcolor=\"#f09338\" width=\"14%\">\u00a0AMIGO<\/td>\n<td width=\"29%\">\u00a0RIEHL Michel<\/td>\n<td width=\"11%\">\u00a0B.A<\/td>\n<td width=\"26%\">\u00a0SCBA VENDENHEIM<\/td>\n<td width=\"10%\">\u00a0EXC.<\/td>\n<\/tr>\n<tr bgcolor=\"#3b4d86\">\n<td width=\"14%\">\u00a0ULK<\/td>\n<td width=\"29%\">\u00a0ROUSSEL Laurianne<\/td>\n<td width=\"11%\">\u00a0B.A<\/td>\n<td width=\"26%\">\u00a0AC Haguenau<\/td>\n<td width=\"10%\">\u00a0NC<\/td>\n<\/tr>\n<tr bgcolor=\"#3b4d86\">\n<td bgcolor=\"#f09338\">\u00a0BRIX<\/td>\n<td bgcolor=\"#f09338\">\u00a0MEYER Charles<\/td>\n<td bgcolor=\"#f09338\">\u00a0B.A<\/td>\n<td bgcolor=\"#f09338\">\u00a0TC BETSCHDORF<\/td>\n<td bgcolor=\"#f09338\">\u00a0NC<\/td>\n<\/tr>\n<\/tbody>\n<\/table>\n<p><strong>R\u00e9sultats Certificat<\/strong><\/p>\n<table width=\"620\" border=\"0\" cellspacing=\"0\" cellpadding=\"0\">\n<tbody>\n<tr bgcolor=\"#d6d6d6\">\n<td width=\"14%\">\u00a0Chien<\/td>\n<td width=\"29%\">\u00a0Conducteur<\/td>\n<td width=\"11%\">\u00a0Race<\/td>\n<td width=\"26%\">\u00a0Club<\/td>\n<td width=\"10%\">\u00a0Total<\/td>\n<td width=\"10%\">\u00a0Mention<\/td>\n<\/tr>\n<tr bgcolor=\"#f09338\">\n<td bgcolor=\"#f09338\" width=\"14%\">\u00a0FALKO<\/td>\n<td width=\"29%\">\u00a0WALTER Jean-Marie<\/td>\n<td width=\"11%\">\u00a0B.A<\/td>\n<td width=\"26%\">\u00a0CC HAGUENAU<\/td>\n<td width=\"10%\">\u00a0289 PTS<\/td>\n<td width=\"10%\">\u00a0EXC.<\/td>\n<\/tr>\n<tr bgcolor=\"#3b4d86\">\n<td width=\"14%\">\u00a0UDAJ<\/td>\n<td width=\"29%\">\u00a0MEYER Roland<\/td>\n<td width=\"11%\">\u00a0B.A<\/td>\n<td width=\"26%\">\u00a0AC HAGUENAU<\/td>\n<td width=\"10%\">\u00a0288 PTS<\/td>\n<td width=\"10%\">\u00a0EXC.<\/td>\n<\/tr>\n<tr bgcolor=\"#3b4d86\">\n<td bgcolor=\"#f09338\">\u00a0CABROL<\/td>\n<td bgcolor=\"#f09338\">\u00a0DETIENNE C\u00e9cile<\/td>\n<td bgcolor=\"#f09338\">\u00a0B.B.<\/td>\n<td bgcolor=\"#f09338\">\u00a0URCBB BELGIQUE<\/td>\n<td bgcolor=\"#f09338\">\u00a0262 PTS<\/td>\n<td bgcolor=\"#f09338\">\u00a0B.<\/td>\n<\/tr>\n<\/tbody>\n<\/table>\n<p><strong>R\u00e9sultats RCI 1<\/strong><\/p>\n<table width=\"620\" border=\"0\" cellspacing=\"0\" cellpadding=\"0\">\n<tbody>\n<tr bgcolor=\"#d6d6d6\">\n<td width=\"14%\">\u00a0Chien<\/td>\n<td width=\"29%\">\u00a0Conducteur<\/td>\n<td width=\"8%\">\u00a0Race<\/td>\n<td width=\"29%\">\u00a0Club<\/td>\n<td width=\"10%\">\u00a0Total<\/td>\n<td width=\"10%\">\u00a0Mention<\/td>\n<\/tr>\n<tr bgcolor=\"#f09338\">\n<td bgcolor=\"#f09338\" width=\"14%\">\u00a0ATOS<\/td>\n<td width=\"29%\">\u00a0KLEINMANN Charles<\/td>\n<td width=\"8%\">\u00a0B.A<\/td>\n<td width=\"29%\">\u00a0ACD VENDENHEIM<\/td>\n<td width=\"10%\">\u00a0278 PTS<\/td>\n<td width=\"10%\">\u00a0T.B.<\/td>\n<\/tr>\n<tr bgcolor=\"#3b4d86\">\n<td width=\"14%\">\u00a0VASKO<\/td>\n<td width=\"29%\">\u00a0LE BOISSELIER Yves<\/td>\n<td width=\"8%\">\u00a0B.A<\/td>\n<td width=\"29%\">\u00a0CCDA BUGEY LAGNIEU<\/td>\n<td width=\"10%\">\u00a0263 PTS<\/td>\n<td width=\"10%\">\u00a0B.<\/td>\n<\/tr>\n<tr bgcolor=\"#3b4d86\">\n<td bgcolor=\"#f09338\">\u00a0CERONIMO<\/td>\n<td bgcolor=\"#f09338\">\u00a0JAEGER Lo\u00efc<\/td>\n<td bgcolor=\"#f09338\">\u00a0D<\/td>\n<td bgcolor=\"#f09338\">\u00a0TCC BETSCHDORF<\/td>\n<td bgcolor=\"#f09338\">\u00a0170 PTS<\/td>\n<td bgcolor=\"#f09338\">NC<\/td>\n<\/tr>\n<\/tbody>\n<\/table>\n<p><strong>R\u00e9sultats RCI 2<\/strong><\/p>\n<table width=\"620\" border=\"0\" cellspacing=\"0\" cellpadding=\"0\">\n<tbody>\n<tr bgcolor=\"#d6d6d6\">\n<td width=\"14%\">\u00a0Chien<\/td>\n<td width=\"28%\">\u00a0Conducteur<\/td>\n<td width=\"10%\">\u00a0Race<\/td>\n<td width=\"27%\">\u00a0Club<\/td>\n<td width=\"11%\">\u00a0Total<\/td>\n<td width=\"10%\">\u00a0Mention<\/td>\n<\/tr>\n<tr bgcolor=\"#f09338\">\n<td bgcolor=\"#f09338\" width=\"14%\">\u00a0UGO TY<\/td>\n<td width=\"28%\">\u00a0CANALES G\u00e9rald<\/td>\n<td width=\"10%\">\u00a0B.B.<\/td>\n<td width=\"27%\">\u00a0CCDA BUGEY LAGNIEU<\/td>\n<td width=\"11%\">\u00a0286 PTS<\/td>\n<td width=\"10%\">\u00a0T.B.<\/td>\n<\/tr>\n<tr bgcolor=\"#3b4d86\">\n<td width=\"14%\">\u00a0URAS<\/td>\n<td width=\"28%\">\u00a0BREFFA Jean-Paul<\/td>\n<td width=\"10%\">\u00a0B.A<\/td>\n<td width=\"27%\">\u00a0ACD VENDENHEIM<\/td>\n<td width=\"11%\">\u00a0249 PTS<\/td>\n<td width=\"10%\">\u00a0B.<\/td>\n<\/tr>\n<\/tbody>\n<\/table>\n<p><strong>R\u00e9sultats RCI 3<\/strong><\/p>\n<table width=\"620\" border=\"0\" cellspacing=\"0\" cellpadding=\"0\">\n<tbody>\n<tr bgcolor=\"#d6d6d6\">\n<td width=\"24%\">\u00a0Chien<\/td>\n<td width=\"22%\">\u00a0Conducteur<\/td>\n<td width=\"6%\">\u00a0Race<\/td>\n<td width=\"27%\">\u00a0Club<\/td>\n<td width=\"11%\">\u00a0Total<\/td>\n<td width=\"10%\">\u00a0Mention<\/td>\n<\/tr>\n<tr bgcolor=\"#f09338\">\n<td bgcolor=\"#f09338\" width=\"24%\">\u00a0FAUST<\/td>\n<td width=\"22%\">\u00a0VOGT Freddy<\/td>\n<td width=\"6%\">\u00a0B.A<\/td>\n<td width=\"27%\">\u00a0CC HAGUENAU<\/td>\n<td width=\"11%\">\u00a0286 PTS<\/td>\n<td width=\"10%\">\u00a0EXC.<\/td>\n<\/tr>\n<tr bgcolor=\"#3b4d86\">\n<td bgcolor=\"#3b4d86\" width=\"24%\">\u00a0SARCO<\/td>\n<td width=\"22%\">\u00a0BRICKA Ren\u00e9<\/td>\n<td width=\"6%\">\u00a0B.A<\/td>\n<td width=\"27%\">\u00a0CCDA BUGEY LAGNIEU<\/td>\n<td width=\"11%\">\u00a0274 PTS<\/td>\n<td width=\"10%\">\u00a0T.B.<\/td>\n<\/tr>\n<tr bgcolor=\"#3b4d86\">\n<td bgcolor=\"#f09338\">\u00a0FAX<\/td>\n<td bgcolor=\"#f09338\">\u00a0FRITSCH Ren\u00e9<\/td>\n<td bgcolor=\"#f09338\">\u00a0B.A<\/td>\n<td bgcolor=\"#f09338\">\u00a0TCC BETSCHDORF<\/td>\n<td bgcolor=\"#f09338\">\u00a0273 PTS<\/td>\n<td bgcolor=\"#f09338\">\u00a0T.B.<\/td>\n<\/tr>\n<tr bgcolor=\"#3b4d86\">\n<td bgcolor=\"#3b4d86\">\u00a0HALK<\/td>\n<td bgcolor=\"#3b4d86\">\u00a0LAUBACHER Patrick<\/td>\n<td bgcolor=\"#3b4d86\">\u00a0B.A<\/td>\n<td bgcolor=\"#3b4d86\">\u00a0AC HAGUENAU<\/td>\n<td bgcolor=\"#3b4d86\">\u00a0268 PTS<\/td>\n<td bgcolor=\"#3b4d86\">\u00a0B.<\/td>\n<\/tr>\n<tr bgcolor=\"#3b4d86\">\n<td bgcolor=\"#f09338\">\u00a0SHERLOCK HOLMES<\/td>\n<td bgcolor=\"#f09338\">\u00a0MUNCH Mathieu<\/td>\n<td bgcolor=\"#f09338\">\u00a0B.<\/td>\n<td bgcolor=\"#f09338\">\u00a0CC HAGUENAU<\/td>\n<td bgcolor=\"#f09338\">\u00a0248 PTS<\/td>\n<td bgcolor=\"#f09338\">\u00a0B.<\/td>\n<\/tr>\n<\/tbody>\n<\/table>\n<p>La derni\u00e8re des \u00e9preuves et aussi la plus spectaculaire, celle de d\u00e9fense, a cl\u00f4tur\u00e9 le concours. Il s&rsquo;agissait pour chaque chien de rechercher un malfaiteur dissimul\u00e9 sur le terrain et le neutraliser en respectant les consignes de son conducteur.<\/p>\n<p align=\"center\"><img loading=\"lazy\" decoding=\"async\" alt=\"\" src=\"http:\/\/www.caroweb.fr\/amicalechien1\/Pages\/img\/concours\/rci\/janvier2007\/mordant.jpg\" width=\"250\" height=\"188\" \/><\/p>\n<p>L&rsquo;<strong>amicale du chien de Haguenau<\/strong>, pr\u00e9sid\u00e9 par <strong>Jean-Pierre Kost<\/strong>, tient \u00e0 remercier tous les participants, les deux juges ainsi que les deux hommes assistants <strong>M. Eric PUDELKO<\/strong> et <strong>M. Olivier JOERGER<\/strong> et vous donne rendez-vous l&rsquo;ann\u00e9e prochaine.<\/p>\n","protected":false},"excerpt":{"rendered":"<p>L&rsquo;amicale du chien de Haguenau a organis\u00e9, ce week-end 20 et 21 janvier 2007, son troisi\u00e8me concours canin FCI de pistage et RCI sur son terrain, route de Marienthal. Il y avait foule autour du terrain du club canin local ce week-end et ce malgr\u00e9 le vent parfois violent. Nombreux ont \u00e9t\u00e9 les spectateurs ravis [&hellip;]<\/p>\n","protected":false},"author":1,"featured_media":0,"parent":88,"menu_order":0,"comment_status":"open","ping_status":"open","template":"","meta":{"footnotes":""},"class_list":["post-215","page","type-page","status-publish","hentry"],"_links":{"self":[{"href":"http:\/\/www.amicale-du-chien.com\/index.php?rest_route=\/wp\/v2\/pages\/215","targetHints":{"allow":["GET"]}}],"collection":[{"href":"http:\/\/www.amicale-du-chien.com\/index.php?rest_route=\/wp\/v2\/pages"}],"about":[{"href":"http:\/\/www.amicale-du-chien.com\/index.php?rest_route=\/wp\/v2\/types\/page"}],"author":[{"embeddable":true,"href":"http:\/\/www.amicale-du-chien.com\/index.php?rest_route=\/wp\/v2\/users\/1"}],"replies":[{"embeddable":true,"href":"http:\/\/www.amicale-du-chien.com\/index.php?rest_route=%2Fwp%2Fv2%2Fcomments&post=215"}],"version-history":[{"count":2,"href":"http:\/\/www.amicale-du-chien.com\/index.php?rest_route=\/wp\/v2\/pages\/215\/revisions"}],"predecessor-version":[{"id":217,"href":"http:\/\/www.amicale-du-chien.com\/index.php?rest_route=\/wp\/v2\/pages\/215\/revisions\/217"}],"up":[{"embeddable":true,"href":"http:\/\/www.amicale-du-chien.com\/index.php?rest_route=\/wp\/v2\/pages\/88"}],"wp:attachment":[{"href":"http:\/\/www.amicale-du-chien.com\/index.php?rest_route=%2Fwp%2Fv2%2Fmedia&parent=215"}],"curies":[{"name":"wp","href":"https:\/\/api.w.org\/{rel}","templated":true}]}}