{"id":224,"date":"2013-07-21T09:21:20","date_gmt":"2013-07-21T08:21:20","guid":{"rendered":"http:\/\/www.amicale-du-chien.com\/?page_id=224"},"modified":"2013-07-22T15:29:53","modified_gmt":"2013-07-22T14:29:53","slug":"concours-obeissance-2011","status":"publish","type":"page","link":"http:\/\/www.amicale-du-chien.com\/?page_id=224","title":{"rendered":"Concours Ob\u00e9issance 2011"},"content":{"rendered":"<p>L&rsquo;amicale du chien de Haguenau a organis\u00e9, le <strong>4 septembre 2011<\/strong>, son <b>sixi\u00e8me concours canin d&rsquo;ob\u00e9issance<\/b> sur son terrain, route de Marienthal.<\/p>\n<p>Les spectateurs ont pu admirer les prestations des 30 concurrents sous le regard avis\u00e9 du juge M. BOCK Michel dont voici les r\u00e9sultats :<\/p>\n<table cellspacing=\"0\" cellpadding=\"0\">\n<tbody>\n<tr>\n<td colspan=\"5\" align=\"center\" width=\"1101\">\u00a0CSAU<\/td>\n<\/tr>\n<tr bgcolor=\"#d6d6d6\">\n<td>PROPRIETAIRE<\/td>\n<td>CHIEN<\/td>\n<td>CLUB<\/td>\n<td>RACE<\/td>\n<td>POINTAGE<\/td>\n<\/tr>\n<tr bgcolor=\"#f09338\">\n<td>REIFMAN Eve<\/td>\n<td>EIKO<\/td>\n<td>CC Schirrhein-Schirrhoffen<\/td>\n<td>Berger Blanc Suisse<\/td>\n<td>EXC<\/td>\n<\/tr>\n<tr>\n<td>REINBOLD Bernard<\/td>\n<td>Caline<\/td>\n<td>AC Haguenau<\/td>\n<td>Type Berger Allemand<\/td>\n<td>TB<\/td>\n<\/tr>\n<tr bgcolor=\"#f09338\">\n<td>WURTZ Rebecca<\/td>\n<td>EOWYN<\/td>\n<td>AC Haguenau<\/td>\n<td>Cocker<\/td>\n<td>EXC<\/td>\n<\/tr>\n<tr>\n<td>STROBEL Audrey<\/td>\n<td>FLY-TO-ETERNITY<\/td>\n<td>AC Haguenau<\/td>\n<td>Golden<\/td>\n<td>EXC<\/td>\n<\/tr>\n<tr bgcolor=\"#f09338\">\n<td>WEBER Philippe<\/td>\n<td>EDOUARD<\/td>\n<td>AC Haguenau<\/td>\n<td>Staffordshire<\/td>\n<td>BON<\/td>\n<\/tr>\n<tr>\n<td>NETH Sandrine<\/td>\n<td>FIBULE<\/td>\n<td>AC Haguenau<\/td>\n<td>Rottweiler<\/td>\n<td>BON<\/td>\n<\/tr>\n<tr bgcolor=\"#f09338\">\n<td>JAEHNEL Christiane<\/td>\n<td>FASCKO<\/td>\n<td>AC Haguenau<\/td>\n<td>Berger Allemand<\/td>\n<td>TB<\/td>\n<\/tr>\n<tr>\n<td>BAUER Patricia<\/td>\n<td>DOLLY<\/td>\n<td>AC Haguenau<\/td>\n<td>Golden<\/td>\n<td>EXC<\/td>\n<\/tr>\n<tr bgcolor=\"#f09338\">\n<td>STEINMETZ Philippe<\/td>\n<td>FALCO<\/td>\n<td>AC Haguenau<\/td>\n<td>Berger Allemand<\/td>\n<td>BON<\/td>\n<\/tr>\n<tr>\n<td>HOHNADEL Jean-Paul<\/td>\n<td>ELLIOT<\/td>\n<td>AC Haguenau<\/td>\n<td>Boxer<\/td>\n<td>EXC<\/td>\n<\/tr>\n<tr bgcolor=\"#f09338\">\n<td>STROBEL Audrey<\/td>\n<td>FOREST GUMP<\/td>\n<td>AC Haguenau<\/td>\n<td>Golden<\/td>\n<td>TB<\/td>\n<\/tr>\n<tr>\n<td>LAURAIN Armand<\/td>\n<td>FOREVER IN LOVE<\/td>\n<td>AC Haguenau<\/td>\n<td>Labrador<\/td>\n<td>EXC<\/td>\n<\/tr>\n<tr bgcolor=\"#f09338\">\n<td bgcolor=\"#f09338\">JUND Marlyse<\/td>\n<td bgcolor=\"#f09338\">LOLA<\/td>\n<td bgcolor=\"#f09338\">AC Haguenau<\/td>\n<td bgcolor=\"#f09338\">Schnauzer<\/td>\n<td bgcolor=\"#f09338\">EXC<\/td>\n<\/tr>\n<tr>\n<td>SELUSKY Patrick<\/td>\n<td>ELFI<\/td>\n<td>AC Haguenau<\/td>\n<td>Berger Allemand<\/td>\n<td>EXC<\/td>\n<\/tr>\n<tr bgcolor=\"#f09338\">\n<td bgcolor=\"#f09338\">MECKES Anabella<\/td>\n<td>FEAR FACTOR<\/td>\n<td>AC Haguenau<\/td>\n<td>Chien de cour Italien<\/td>\n<td>EXC<\/td>\n<\/tr>\n<tr>\n<td colspan=\"5\" align=\"center\"><\/td>\n<\/tr>\n<tr>\n<td colspan=\"5\" align=\"center\">BREVETS<\/td>\n<\/tr>\n<tr bgcolor=\"#d6d6d6\">\n<td>PROPRI\u00c9TAIRE<\/td>\n<td>CHIEN<\/td>\n<td>CLUB<\/td>\n<td>RACE<\/td>\n<td>POINTAGE<\/td>\n<\/tr>\n<tr>\n<td bgcolor=\"#f09338\">BAUER Patricia<\/td>\n<td bgcolor=\"#f09338\">DOLLY du Pied du Marlenberg<\/td>\n<td bgcolor=\"#f09338\">AC Haguenau<\/td>\n<td bgcolor=\"#f09338\">Golden<\/td>\n<td bgcolor=\"#f09338\">83<\/td>\n<\/tr>\n<tr>\n<td>KLEIN Jean-Paul<\/td>\n<td>ASTUCE<\/td>\n<td>AC Haguenau<\/td>\n<td>Border Collie<\/td>\n<td>81<\/td>\n<\/tr>\n<tr>\n<td colspan=\"5\" align=\"center\"><\/td>\n<\/tr>\n<tr>\n<td colspan=\"5\" align=\"center\">\u00a0OBEISSANCE 1<\/td>\n<\/tr>\n<tr bgcolor=\"#d6d6d6\">\n<td>Conducteur<\/td>\n<td>CHIEN<\/td>\n<td>CLUB<\/td>\n<td>RACE<\/td>\n<td>POINTAGE<\/td>\n<\/tr>\n<tr>\n<td bgcolor=\"#f09338\">SOMMER Annick<\/td>\n<td bgcolor=\"#f09338\">ENOKS de la plaine des Cheyennes<\/td>\n<td bgcolor=\"#f09338\">TCC Strasbourg<\/td>\n<td bgcolor=\"#f09338\">Berger Belge<\/td>\n<td bgcolor=\"#f09338\">181,5<\/td>\n<\/tr>\n<tr>\n<td>MOUSSA Laurence<\/td>\n<td>VYK de Kantphania<\/td>\n<td>TCC Strasbourg<\/td>\n<td>BA<\/td>\n<td>172<\/td>\n<\/tr>\n<tr>\n<td bgcolor=\"#f09338\">REIFMAN Eve<\/td>\n<td bgcolor=\"#f09338\">ELU<\/td>\n<td bgcolor=\"#f09338\">CC Schirrhein-Schirrhoffen<\/td>\n<td bgcolor=\"#f09338\">Berger Blanc Suisse<\/td>\n<td bgcolor=\"#f09338\">166<\/td>\n<\/tr>\n<tr>\n<td>BURLETT Patricia<\/td>\n<td>EBONY PARKER de l&rsquo;\u00eele aux genets<\/td>\n<td>CC Schirrhein-Schirrhoffen<\/td>\n<td>Golden<\/td>\n<td>164<\/td>\n<\/tr>\n<tr>\n<td bgcolor=\"#f09338\">ROUSSEL Lauriane<\/td>\n<td bgcolor=\"#f09338\">DERRY Del Gobbo<\/td>\n<td bgcolor=\"#f09338\">AC Haguenau<\/td>\n<td bgcolor=\"#f09338\">BA<\/td>\n<td bgcolor=\"#f09338\">156<\/td>\n<\/tr>\n<tr>\n<td>BASTIAN Brigitte<\/td>\n<td>Anton<\/td>\n<td>AC Hagueanu<\/td>\n<td>Crois\u00e9<\/td>\n<td>138,5<\/td>\n<\/tr>\n<tr>\n<td bgcolor=\"#f09338\">KUHN Francine<\/td>\n<td bgcolor=\"#f09338\">CENTAURE<\/td>\n<td bgcolor=\"#f09338\">AC Haguenau<\/td>\n<td bgcolor=\"#f09338\">Colley<\/td>\n<td bgcolor=\"#f09338\">131<\/td>\n<\/tr>\n<tr>\n<td>HORNBERGER Kirsten<\/td>\n<td>URSUS vom Billberg<\/td>\n<td>AC Haguenau<\/td>\n<td>BA<\/td>\n<td >119,5<\/td>\n<\/tr>\n<tr>\n<td bgcolor=\"#f09338\">ROBERT Nadine<\/td>\n<td bgcolor=\"#f09338\">CILENE Des lutins du Kemberg<\/td>\n<td bgcolor=\"#f09338\">AC Haguenau<\/td>\n<td bgcolor=\"#f09338\">Papillon<\/td>\n<td bgcolor=\"#f09338\">116,5<\/td>\n<\/tr>\n<tr>\n<td>STROBEL Audrey<\/td>\n<td>BENETTON Des Floralies du Winckelhof<\/td>\n<td>AC Haguenau<\/td>\n<td>Golden<\/td>\n<td>107<\/td>\n<\/tr>\n<tr>\n<td colspan=\"5\" align=\"center\"><\/td>\n<\/tr>\n<tr>\n<td colspan=\"5\" align=\"center\">\u00a0OBEISSANCE 2<\/td>\n<\/tr>\n<tr bgcolor=\"#d6d6d6\">\n<td>PROPRIETAIRE<\/td>\n<td>CHIEN<\/td>\n<td>CLUB<\/td>\n<td>RACE<\/td>\n<td>POINTAGE<\/td>\n<\/tr>\n<tr>\n<td bgcolor=\"#f09338\">VALLET Karine<\/td>\n<td bgcolor=\"#f09338\">DOLCE Lupa du Royaume des crocs blancs<\/td>\n<td bgcolor=\"#f09338\">TCC Vall\u00e9e de la Bruche<\/td>\n<td bgcolor=\"#f09338\">Berger Blanc Suisse<\/td>\n<td bgcolor=\"#f09338\">179<\/td>\n<\/tr>\n<tr>\n<td>ROUSSEL Lauriane<\/td>\n<td>DRAGON de la bete des Vosges<\/td>\n<td>TCC Betschdorf<\/td>\n<td>BA<\/td>\n<td>175<\/td>\n<\/tr>\n<tr>\n<td bgcolor=\"#f09338\">KELLER Eric<\/td>\n<td bgcolor=\"#f09338\">BIANCO<\/td>\n<td bgcolor=\"#f09338\">TCC Betschdorf<\/td>\n<td bgcolor=\"#f09338\">Schnauzer<\/td>\n<td bgcolor=\"#f09338\">171,5<\/td>\n<\/tr>\n<tr>\n<td>HOLDERITH Doris<\/td>\n<td>BOY Du domaine de la Veyssiere<\/td>\n<td>CC Haguenau<\/td>\n<td>BH<\/td>\n<td>151,5<\/td>\n<\/tr>\n<tr>\n<td bgcolor=\"#f09338\">SAUTHOFF Isabelle<\/td>\n<td bgcolor=\"#f09338\">NEIGE<\/td>\n<td bgcolor=\"#f09338\">CC Haguenau<\/td>\n<td bgcolor=\"#f09338\">Golden<\/td>\n<td bgcolor=\"#f09338\">131<\/td>\n<\/tr>\n<tr>\n<td colspan=\"5\" align=\"center\"><\/td>\n<\/tr>\n<tr>\n<td colspan=\"5\" align=\"center\">OBEISSANCE 3<\/td>\n<\/tr>\n<tr bgcolor=\"#d6d6d6\">\n<td>PROPRIETAIRE<\/td>\n<td>CHIEN<\/td>\n<td>CLUB<\/td>\n<td>RACE<\/td>\n<td>POINTAGE<\/td>\n<\/tr>\n<tr>\n<td bgcolor=\"#f09338\">MOUSSA Laurence<\/td>\n<td bgcolor=\"#f09338\">Geronimo Vom Moldenberg<\/td>\n<td bgcolor=\"#f09338\">TCC Strasbourg<\/td>\n<td bgcolor=\"#f09338\">BA<\/td>\n<td bgcolor=\"#f09338\">226<\/td>\n<\/tr>\n<\/tbody>\n<\/table>\n<p><strong>L&rsquo;amicale du chien de Haguenau<\/strong>, pr\u00e9sid\u00e9 par <strong>Jean-Pierre KOST<\/strong>, tient \u00e0 remercier tous les participants, le juge <strong>M. Michel BOCK<\/strong>, ainsi que les commissaires de terrain Cindy JUNG-HENTZ, Sylvie LADENBURGER et Thierry KOLLROS, qui ont offici\u00e9s tout au long de cette journ\u00e9e, et vous donne rendez-vous l&rsquo;ann\u00e9e prochaine.<\/p>\n","protected":false},"excerpt":{"rendered":"<p>L&rsquo;amicale du chien de Haguenau a organis\u00e9, le 4 septembre 2011, son sixi\u00e8me concours canin d&rsquo;ob\u00e9issance sur son terrain, route de Marienthal. Les spectateurs ont pu admirer les prestations des 30 concurrents sous le regard avis\u00e9 du juge M. BOCK Michel dont voici les r\u00e9sultats : \u00a0CSAU PROPRIETAIRE CHIEN CLUB RACE POINTAGE REIFMAN Eve EIKO [&hellip;]<\/p>\n","protected":false},"author":1,"featured_media":0,"parent":7,"menu_order":0,"comment_status":"open","ping_status":"open","template":"","meta":{"footnotes":""},"class_list":["post-224","page","type-page","status-publish","hentry"],"_links":{"self":[{"href":"http:\/\/www.amicale-du-chien.com\/index.php?rest_route=\/wp\/v2\/pages\/224","targetHints":{"allow":["GET"]}}],"collection":[{"href":"http:\/\/www.amicale-du-chien.com\/index.php?rest_route=\/wp\/v2\/pages"}],"about":[{"href":"http:\/\/www.amicale-du-chien.com\/index.php?rest_route=\/wp\/v2\/types\/page"}],"author":[{"embeddable":true,"href":"http:\/\/www.amicale-du-chien.com\/index.php?rest_route=\/wp\/v2\/users\/1"}],"replies":[{"embeddable":true,"href":"http:\/\/www.amicale-du-chien.com\/index.php?rest_route=%2Fwp%2Fv2%2Fcomments&post=224"}],"version-history":[{"count":3,"href":"http:\/\/www.amicale-du-chien.com\/index.php?rest_route=\/wp\/v2\/pages\/224\/revisions"}],"predecessor-version":[{"id":226,"href":"http:\/\/www.amicale-du-chien.com\/index.php?rest_route=\/wp\/v2\/pages\/224\/revisions\/226"}],"up":[{"embeddable":true,"href":"http:\/\/www.amicale-du-chien.com\/index.php?rest_route=\/wp\/v2\/pages\/7"}],"wp:attachment":[{"href":"http:\/\/www.amicale-du-chien.com\/index.php?rest_route=%2Fwp%2Fv2%2Fmedia&parent=224"}],"curies":[{"name":"wp","href":"https:\/\/api.w.org\/{rel}","templated":true}]}}