{"id":233,"date":"2013-07-21T09:25:41","date_gmt":"2013-07-21T08:25:41","guid":{"rendered":"http:\/\/www.amicale-du-chien.com\/?page_id=233"},"modified":"2013-07-22T15:15:00","modified_gmt":"2013-07-22T14:15:00","slug":"cours-obeissance-2007","status":"publish","type":"page","link":"http:\/\/www.amicale-du-chien.com\/?page_id=233","title":{"rendered":"Concours Ob\u00e9issance 2007"},"content":{"rendered":"<p>L&rsquo;amicale du chien de Haguenau a organis\u00e9, le <strong>29 avril 2007<\/strong>, son <b>deuxi\u00e8me concours canin d&rsquo;ob\u00e9issance<\/b> sur son terrain, route de Marienthal.<\/p>\n<p>Il y avait foule autour du terrain de l&rsquo;<strong>Amicale du chien de Haguenau<\/strong> ce dimanche et ce malgr\u00e9 la chaleur \u00e9crasante. Nombreux ont \u00e9t\u00e9 les spectateurs ravis et int\u00e9ress\u00e9s par les prestations des 21 concurrents participants aux \u00e9preuves dont voici les r\u00e9sultats :<br \/>\n<strong>R\u00e9sultats CSAU<\/strong><\/p>\n<table width=\"620\" border=\"0\" cellspacing=\"0\" cellpadding=\"0\">\n<tbody>\n<tr bgcolor=\"#d6d6d6\">\n<td width=\"14%\">\u00a0Chien<\/td>\n<td width=\"29%\">\u00a0Conducteur<\/td>\n<td width=\"11%\">\u00a0Race<\/td>\n<td width=\"26%\">\u00a0Club<\/td>\n<td width=\"10%\">\u00a0Mention<\/td>\n<\/tr>\n<tr bgcolor=\"#f09338\">\n<td bgcolor=\"#f09338\" width=\"14%\">\u00a0ALPHA<\/td>\n<td width=\"29%\">\u00a0MEYER Claude<\/td>\n<td width=\"11%\">\u00a0B.A<\/td>\n<td width=\"26%\">\u00a0AC HAGUENAU<\/td>\n<td width=\"10%\">\u00a0EXC.<\/td>\n<\/tr>\n<tr>\n<td width=\"14%\">\u00a0ENZO<\/td>\n<td width=\"29%\">\u00a0GRUBER Daniel<\/td>\n<td width=\"11%\">\u00a0B.A<\/td>\n<td width=\"26%\">\u00a0AC HAGUENAU<\/td>\n<td width=\"10%\">\u00a0EXC.<\/td>\n<\/tr>\n<tr bgcolor=\"#3b4d86\">\n<td bgcolor=\"#f09338\">\u00a0TOCCADE<\/td>\n<td bgcolor=\"#f09338\">\u00a0HOFFMANN Caroline<\/td>\n<td bgcolor=\"#f09338\">\u00a0Labrador<\/td>\n<td bgcolor=\"#f09338\">\u00a0AC HAGUENAU<\/td>\n<td bgcolor=\"#f09338\">\u00a0EXC.<\/td>\n<\/tr>\n<tr>\n<td width=\"14%\">\u00a0ATHOS<\/td>\n<td width=\"29%\">\u00a0SELUSKY Patrick<\/td>\n<td width=\"11%\">\u00a0Boxer<\/td>\n<td width=\"26%\">\u00a0AC HAGUENAU<\/td>\n<td width=\"10%\">\u00a0EXC.<\/td>\n<\/tr>\n<tr bgcolor=\"#3b4d86\">\n<td bgcolor=\"#f09338\">\u00a0JOY<\/td>\n<td bgcolor=\"#f09338\">\u00a0HENRY Ashvinry<\/td>\n<td bgcolor=\"#f09338\">\u00a0B Suisse<\/td>\n<td bgcolor=\"#f09338\">\u00a0AC HAGUENAU<\/td>\n<td bgcolor=\"#f09338\">\u00a0EXC.<\/td>\n<\/tr>\n<tr>\n<td width=\"14%\">\u00a0ANDOR<\/td>\n<td width=\"29%\">\u00a0SPANNENBERGER Marc<\/td>\n<td width=\"11%\">\u00a0B.A<\/td>\n<td width=\"26%\">\u00a0AC HAGUENAU<\/td>\n<td width=\"10%\">\u00a0EXC.<\/td>\n<\/tr>\n<tr bgcolor=\"#3b4d86\">\n<td bgcolor=\"#f09338\">\u00a0SOUKY<\/td>\n<td bgcolor=\"#f09338\">\u00a0BOROME Sandrine<\/td>\n<td bgcolor=\"#f09338\">\u00a0C<\/td>\n<td bgcolor=\"#f09338\"><\/td>\n<td bgcolor=\"#f09338\">\u00a0EXC.<\/td>\n<\/tr>\n<\/tbody>\n<\/table>\n<p><strong>R\u00e9sultats Brevet<\/strong><\/p>\n<table width=\"620\" border=\"0\" cellspacing=\"0\" cellpadding=\"0\">\n<tbody>\n<tr bgcolor=\"#d6d6d6\">\n<td width=\"13%\">\u00a0Chien<\/td>\n<td width=\"26%\">\u00a0Conducteur<\/td>\n<td width=\"12%\">\u00a0Race<\/td>\n<td width=\"23%\">\u00a0Club<\/td>\n<td width=\"12%\">\u00a0Total<\/td>\n<td width=\"14%\">\u00a0Mention<\/td>\n<\/tr>\n<tr bgcolor=\"#f09338\">\n<td bgcolor=\"#f09338\" width=\"13%\">\u00a0ULYSSE<\/td>\n<td width=\"26%\">\u00a0FUCHS Marcel<\/td>\n<td width=\"12%\">\u00a0Labrador<\/td>\n<td width=\"23%\">\u00a0AC HAGUENAU<\/td>\n<td width=\"12%\">\u00a0 93.5 PTS<\/td>\n<td width=\"14%\">\u00a0EXC.<\/td>\n<\/tr>\n<tr>\n<td width=\"13%\">\u00a0MAX<\/td>\n<td width=\"26%\">\u00a0SCHNEIDER Hubert<\/td>\n<td width=\"12%\">\u00a0B.B<\/td>\n<td width=\"23%\">\u00a0AC HAGUENAU<\/td>\n<td width=\"12%\">\u00a0 89 PTS<\/td>\n<td width=\"14%\">\u00a0EXC.<\/td>\n<\/tr>\n<tr bgcolor=\"#3b4d86\">\n<td bgcolor=\"#f09338\">\u00a0JOY<\/td>\n<td bgcolor=\"#f09338\">\u00a0HENRY Ashvinry<\/td>\n<td bgcolor=\"#f09338\">\u00a0B Suisse<\/td>\n<td bgcolor=\"#f09338\">\u00a0AC HAGUENAU<\/td>\n<td bgcolor=\"#f09338\">\u00a0 88.5 PTS<\/td>\n<td bgcolor=\"#f09338\">\u00a0EXC.<\/td>\n<\/tr>\n<\/tbody>\n<\/table>\n<p><strong>R\u00e9sultats Classe 1<\/strong><\/p>\n<table width=\"620\" border=\"0\" cellspacing=\"0\" cellpadding=\"0\">\n<tbody>\n<tr bgcolor=\"#d6d6d6\">\n<td width=\"15%\">\u00a0Chien<\/td>\n<td width=\"28%\">\u00a0Conducteur<\/td>\n<td width=\"11%\">\u00a0Race<\/td>\n<td width=\"24%\">\u00a0Club<\/td>\n<td width=\"12%\">\u00a0Total<\/td>\n<td width=\"10%\">\u00a0Mention<\/td>\n<\/tr>\n<tr bgcolor=\"#f09338\">\n<td bgcolor=\"#f09338\" width=\"15%\">\u00a0TITUS<\/td>\n<td width=\"28%\">\u00a0ROUSSEL Lauriane<\/td>\n<td width=\"11%\">\u00a0B.A<\/td>\n<td width=\"24%\">\u00a0AC HAGUENAU<\/td>\n<td width=\"12%\">\u00a0171.5 PTS<\/td>\n<td width=\"10%\">\u00a0EXC.<\/td>\n<\/tr>\n<tr>\n<td width=\"15%\">\u00a0SKIP<\/td>\n<td width=\"28%\">\u00a0BLACHE Anne-Marie<\/td>\n<td width=\"11%\">\u00a0C<\/td>\n<td width=\"24%\">\u00a0TCC STRASBOURG<\/td>\n<td width=\"12%\">\u00a0162.5 PTS<\/td>\n<td width=\"10%\">\u00a0EXC..<\/td>\n<\/tr>\n<tr bgcolor=\"#3b4d86\">\n<td bgcolor=\"#f09338\">\u00a0VENUS<\/td>\n<td bgcolor=\"#f09338\">\u00a0LAMOTHE Bernadette<\/td>\n<td bgcolor=\"#f09338\">\u00a0Beauceron<\/td>\n<td bgcolor=\"#f09338\">\u00a0AC HAGUENAU<\/td>\n<td bgcolor=\"#f09338\">\u00a0152 PTS<\/td>\n<td bgcolor=\"#f09338\">\u00a0TB.<\/td>\n<\/tr>\n<tr>\n<td width=\"15%\">\u00a0PRELUDE<\/td>\n<td width=\"28%\">\u00a0EHRHARDT Gilbert<\/td>\n<td width=\"11%\">\u00a0B.B<\/td>\n<td width=\"24%\">\u00a0AC HAGUENAU<\/td>\n<td width=\"12%\">\u00a0151 PTS<\/td>\n<td width=\"10%\">\u00a0TB.<\/td>\n<\/tr>\n<tr bgcolor=\"#3b4d86\">\n<td bgcolor=\"#f09338\">\u00a0VANILLE<\/td>\n<td bgcolor=\"#f09338\">\u00a0STROBEL Isabelle<\/td>\n<td bgcolor=\"#f09338\">\u00a0G<\/td>\n<td bgcolor=\"#f09338\">\u00a0CC SCHIRRHEIN<\/td>\n<td bgcolor=\"#f09338\">\u00a0150.5 PTS<\/td>\n<td bgcolor=\"#f09338\">\u00a0TB<\/td>\n<\/tr>\n<tr>\n<td width=\"15%\">\u00a0VEDA<\/td>\n<td width=\"28%\">\u00a0FREYMANN Gabrielle<\/td>\n<td width=\"11%\">\u00a0B.B<\/td>\n<td width=\"24%\">\u00a0AC BOXER<\/td>\n<td width=\"12%\">\u00a0132 PTS<\/td>\n<td width=\"10%\">\u00a0B.<\/td>\n<\/tr>\n<\/tbody>\n<\/table>\n<p><strong>R\u00e9sultats Classe 2<\/strong><\/p>\n<table width=\"620\" border=\"0\" cellspacing=\"0\" cellpadding=\"0\">\n<tbody>\n<tr bgcolor=\"#d6d6d6\">\n<td width=\"19%\">\u00a0Chien<\/td>\n<td width=\"25%\">\u00a0Conducteur<\/td>\n<td width=\"7%\">\u00a0Race<\/td>\n<td width=\"26%\">\u00a0Club<\/td>\n<td width=\"12%\">\u00a0Total<\/td>\n<td width=\"11%\">\u00a0Mention<\/td>\n<\/tr>\n<tr bgcolor=\"#f09338\">\n<td bgcolor=\"#f09338\" width=\"19%\">\u00a0PITT<\/td>\n<td width=\"25%\">\u00a0HORNECKER Charles<\/td>\n<td width=\"7%\">\u00a0B.A.<\/td>\n<td width=\"26%\">\u00a0TCC Girlenhirsch<\/td>\n<td width=\"12%\">\u00a0204 PTS<\/td>\n<td width=\"11%\">\u00a0EXC.<\/td>\n<\/tr>\n<tr>\n<td width=\"19%\">\u00a0STAN<\/td>\n<td width=\"25%\">\u00a0D&rsquo;ANDREA Sophie<\/td>\n<td width=\"7%\">\u00a0L<\/td>\n<td width=\"26%\">\u00a0TCC STRASBOURG<\/td>\n<td width=\"12%\">\u00a0164 PTS<\/td>\n<td width=\"11%\">\u00a0B.<\/td>\n<\/tr>\n<tr bgcolor=\"#f09338\">\n<td bgcolor=\"#f09338\" width=\"19%\">\u00a0SWEET ANGEL<\/td>\n<td width=\"25%\">\u00a0HENNEQUIN Sophie<\/td>\n<td width=\"7%\">\u00a0G<\/td>\n<td width=\"26%\">\u00a0AC BOXER<\/td>\n<td width=\"12%\">\u00a0162 PTS<\/td>\n<td width=\"11%\">\u00a0B.<\/td>\n<\/tr>\n<tr>\n<td width=\"19%\">\u00a0BOBO<\/td>\n<td width=\"25%\">\u00a0SPEYSER Laurence<\/td>\n<td width=\"7%\">\u00a0C<\/td>\n<td width=\"26%\">\u00a0TCC Girlenhirsch<\/td>\n<td width=\"12%\">\u00a0150.5 PTS<\/td>\n<td width=\"11%\">\u00a0B.<\/td>\n<\/tr>\n<\/tbody>\n<\/table>\n<p><strong>R\u00e9sultats Classe 3<\/strong><\/p>\n<table width=\"620\" border=\"0\" cellspacing=\"0\" cellpadding=\"0\">\n<tbody>\n<tr bgcolor=\"#d6d6d6\">\n<td width=\"20%\">\u00a0Chien<\/td>\n<td width=\"26%\">\u00a0Conducteur<\/td>\n<td width=\"6%\">\u00a0Race<\/td>\n<td width=\"27%\">\u00a0Club<\/td>\n<td width=\"11%\">\u00a0Total<\/td>\n<td width=\"10%\">\u00a0Mention<\/td>\n<\/tr>\n<tr bgcolor=\"#f09338\">\n<td bgcolor=\"#f09338\" width=\"20%\">\u00a0TWISTER<\/td>\n<td width=\"26%\">\u00a0KOLLROS Thierry<\/td>\n<td width=\"6%\">\u00a0B.B<\/td>\n<td width=\"27%\">\u00a0TCC Girlenhirsch<\/td>\n<td width=\"11%\">\u00a0235 PTS<\/td>\n<td width=\"10%\">\u00a0T.B.<\/td>\n<\/tr>\n<\/tbody>\n<\/table>\n<p>&nbsp;<\/p>\n<p>L&rsquo;Amicale du chien vous donne donc rendez-vous l&rsquo;ann\u00e9e prochaine pour \u00e9toffer le nombre de concurrents de son <strong>concours annuel d&rsquo;Ob\u00e9issance<\/strong>.<\/p>\n","protected":false},"excerpt":{"rendered":"<p>L&rsquo;amicale du chien de Haguenau a organis\u00e9, le 29 avril 2007, son deuxi\u00e8me concours canin d&rsquo;ob\u00e9issance sur son terrain, route de Marienthal. Il y avait foule autour du terrain de l&rsquo;Amicale du chien de Haguenau ce dimanche et ce malgr\u00e9 la chaleur \u00e9crasante. Nombreux ont \u00e9t\u00e9 les spectateurs ravis et int\u00e9ress\u00e9s par les prestations des [&hellip;]<\/p>\n","protected":false},"author":1,"featured_media":0,"parent":7,"menu_order":0,"comment_status":"open","ping_status":"open","template":"","meta":{"footnotes":""},"class_list":["post-233","page","type-page","status-publish","hentry"],"_links":{"self":[{"href":"http:\/\/www.amicale-du-chien.com\/index.php?rest_route=\/wp\/v2\/pages\/233","targetHints":{"allow":["GET"]}}],"collection":[{"href":"http:\/\/www.amicale-du-chien.com\/index.php?rest_route=\/wp\/v2\/pages"}],"about":[{"href":"http:\/\/www.amicale-du-chien.com\/index.php?rest_route=\/wp\/v2\/types\/page"}],"author":[{"embeddable":true,"href":"http:\/\/www.amicale-du-chien.com\/index.php?rest_route=\/wp\/v2\/users\/1"}],"replies":[{"embeddable":true,"href":"http:\/\/www.amicale-du-chien.com\/index.php?rest_route=%2Fwp%2Fv2%2Fcomments&post=233"}],"version-history":[{"count":4,"href":"http:\/\/www.amicale-du-chien.com\/index.php?rest_route=\/wp\/v2\/pages\/233\/revisions"}],"predecessor-version":[{"id":305,"href":"http:\/\/www.amicale-du-chien.com\/index.php?rest_route=\/wp\/v2\/pages\/233\/revisions\/305"}],"up":[{"embeddable":true,"href":"http:\/\/www.amicale-du-chien.com\/index.php?rest_route=\/wp\/v2\/pages\/7"}],"wp:attachment":[{"href":"http:\/\/www.amicale-du-chien.com\/index.php?rest_route=%2Fwp%2Fv2%2Fmedia&parent=233"}],"curies":[{"name":"wp","href":"https:\/\/api.w.org\/{rel}","templated":true}]}}