{"id":755,"date":"2016-01-24T18:30:53","date_gmt":"2016-01-24T17:30:53","guid":{"rendered":"http:\/\/www.amicale-du-chien.com\/?page_id=755"},"modified":"2016-11-18T13:47:20","modified_gmt":"2016-11-18T12:47:20","slug":"concours-ipo-et-fci-2016","status":"publish","type":"page","link":"http:\/\/www.amicale-du-chien.com\/?page_id=755","title":{"rendered":"Concours IPO et FCI 2016"},"content":{"rendered":"<p><a href=\"http:\/\/www.amicale-du-chien.com\/wp-content\/uploads\/2013\/07\/logo_amicale.jpg\"><img loading=\"lazy\" decoding=\"async\" class=\"alignleft\" src=\"http:\/\/www.amicale-du-chien.com\/wp-content\/uploads\/2013\/07\/logo_amicale.jpg\" alt=\"Logo de l'amicale du chien de Haguenau\" width=\"125\" height=\"81\" \/><\/a>L&rsquo;amicale du chien de Haguenau a organis\u00e9, le 24\u00a0janvier\u00a02016, son <strong>douzi\u00e8me concours canin FCI de pistage et RCI<\/strong> sur son terrain, route de Marienthal.<\/p>\n<p>Les concurrents se sont oppos\u00e9s dans les \u00e9preuves <strong>FCI de pistage et RCI tout au long du week-end<\/strong>.<\/p>\n<table width=\"966\">\n<tbody>\n<tr>\n<td colspan=\"8\" width=\"846\"><strong> CSAU <\/strong><\/td>\n<\/tr>\n<tr>\n<td><strong>PROPRIETAIRE<\/strong><\/td>\n<td><strong>CHIEN<\/strong><\/td>\n<td><strong>CLUB<\/strong><\/td>\n<td><strong>RACE<\/strong><\/td>\n<td colspan=\"3\"><strong>POINTAGE <\/strong><\/td>\n<td><strong>CLASST<\/strong><\/td>\n<\/tr>\n<tr>\n<td>KREMPPER Laetitia<\/td>\n<td>Helly<\/td>\n<td><\/td>\n<td>Berger Blanc Suisse<\/td>\n<td colspan=\"3\">TB<\/td>\n<td><\/td>\n<\/tr>\n<tr>\n<td>HOLDERITH Doris<\/td>\n<td>ENYA<\/td>\n<td>TCC Betschdorf<\/td>\n<td>Bouvier Australien<\/td>\n<td colspan=\"3\">EXC<\/td>\n<td><\/td>\n<\/tr>\n<tr>\n<td>DESBONNES C\u00e9dric<\/td>\n<td>Joyce<\/td>\n<td>ACI Graffenstaden<\/td>\n<td>BBM<\/td>\n<td colspan=\"3\">EXC<\/td>\n<td><\/td>\n<\/tr>\n<tr>\n<td><\/td>\n<td><\/td>\n<td><\/td>\n<td><\/td>\n<td><\/td>\n<td><\/td>\n<td><\/td>\n<td><\/td>\n<\/tr>\n<tr>\n<td colspan=\"8\"><strong> RCI Certificat <\/strong><\/td>\n<\/tr>\n<tr>\n<td><strong>CONDUCTEUR<\/strong><\/td>\n<td><strong>CHIEN<\/strong><\/td>\n<td><strong>CLUB<\/strong><\/td>\n<td><strong>RACE<\/strong><\/td>\n<td colspan=\"3\"><strong>POINTAGE (ABC)<\/strong><\/td>\n<td><strong>CLASST<\/strong><\/td>\n<\/tr>\n<tr>\n<td>KILIAN V\u00e9ronique<\/td>\n<td>JAZZ<\/td>\n<td>AC Haguenau<\/td>\n<td>BBM<\/td>\n<td>97<\/td>\n<td>85<\/td>\n<td>97<\/td>\n<td>1<\/td>\n<\/tr>\n<tr>\n<td><\/td>\n<td><\/td>\n<td><\/td>\n<td><\/td>\n<td><\/td>\n<td><\/td>\n<td><\/td>\n<td><\/td>\n<\/tr>\n<tr>\n<td colspan=\"8\"><strong> RCI 1 <\/strong><\/td>\n<\/tr>\n<tr>\n<td><strong>CONDUCTEUR<\/strong><\/td>\n<td><strong>CHIEN<\/strong><\/td>\n<td><strong>CLUB<\/strong><\/td>\n<td><strong>RACE<\/strong><\/td>\n<td colspan=\"3\"><strong>POINTAGE (ABC)<\/strong><\/td>\n<td><strong>CLASST<\/strong><\/td>\n<\/tr>\n<tr>\n<td>TABEK Merwan<\/td>\n<td>IRKA<\/td>\n<td>AC Haguenau<\/td>\n<td>BA<\/td>\n<td>97<\/td>\n<td>80<\/td>\n<td>94<\/td>\n<td>1<\/td>\n<\/tr>\n<tr>\n<td><\/td>\n<td><\/td>\n<td><\/td>\n<td><\/td>\n<td><\/td>\n<td><\/td>\n<td><\/td>\n<td><\/td>\n<\/tr>\n<tr>\n<td colspan=\"8\"><strong> RCI 2 <\/strong><\/td>\n<\/tr>\n<tr>\n<td><strong>CONDUCTEUR<\/strong><\/td>\n<td><strong>CHIEN<\/strong><\/td>\n<td><strong>CLUB<\/strong><\/td>\n<td><strong>RACE<\/strong><\/td>\n<td colspan=\"3\"><strong>POINTAGE (ABC)<\/strong><\/td>\n<td><strong>CLASST<\/strong><\/td>\n<\/tr>\n<tr>\n<td>LAUBACHER Patrick<\/td>\n<td>IRON<\/td>\n<td>AC Haguenau<\/td>\n<td>BA<\/td>\n<td>98<\/td>\n<td>93<\/td>\n<td>95<\/td>\n<td>1<\/td>\n<\/tr>\n<tr>\n<td>VOGT Freddy<\/td>\n<td>IOSCHY<\/td>\n<td>AC Haguenau<\/td>\n<td>BA<\/td>\n<td>99<\/td>\n<td>92<\/td>\n<td>95<\/td>\n<td>2<\/td>\n<\/tr>\n<tr>\n<td><\/td>\n<td><\/td>\n<td><\/td>\n<td><\/td>\n<td><\/td>\n<td><\/td>\n<td><\/td>\n<td><\/td>\n<\/tr>\n<tr>\n<td colspan=\"8\"><strong> RCI 3 <\/strong><\/td>\n<\/tr>\n<tr>\n<td><strong>CONDUCTEUR<\/strong><\/td>\n<td><strong>CHIEN<\/strong><\/td>\n<td><strong>CLUB<\/strong><\/td>\n<td><strong>RACE<\/strong><\/td>\n<td colspan=\"3\"><strong>POINTAGE (ABC)<\/strong><\/td>\n<td><strong>CLASST<\/strong><\/td>\n<\/tr>\n<tr>\n<td>RIEHL Michel<\/td>\n<td>JILOU<\/td>\n<td>CC Haguenau<\/td>\n<td>BBM<\/td>\n<td>97<\/td>\n<td>94<\/td>\n<td>94<\/td>\n<td>1<\/td>\n<\/tr>\n<tr>\n<td>CORDARY Edmond<\/td>\n<td>DIEGO<\/td>\n<td>Sarreguemines<\/td>\n<td>BBM<\/td>\n<td>95<\/td>\n<td>91<\/td>\n<td>94<\/td>\n<td>2<\/td>\n<\/tr>\n<tr>\n<td>KLEINMANN Charles<\/td>\n<td>URBO<\/td>\n<td>ACD Vendenheim<\/td>\n<td>BA<\/td>\n<td>90<\/td>\n<td>84<\/td>\n<td>88<\/td>\n<td>3<\/td>\n<\/tr>\n<tr>\n<td><\/td>\n<td><\/td>\n<td><\/td>\n<td><\/td>\n<td><\/td>\n<td><\/td>\n<td><\/td>\n<td><\/td>\n<\/tr>\n<tr>\n<td colspan=\"8\"><strong> FCI Brevet <\/strong><\/td>\n<\/tr>\n<tr>\n<td><strong>CONDUCTEUR<\/strong><\/td>\n<td><strong>CHIEN<\/strong><\/td>\n<td><strong>CLUB<\/strong><\/td>\n<td><strong>RACE<\/strong><\/td>\n<td colspan=\"3\"><strong>POINTAGE<\/strong><\/td>\n<td><strong>CLASST<\/strong><\/td>\n<\/tr>\n<tr>\n<td>BIERI Sabine<\/td>\n<td>CASA<\/td>\n<td>CC Sundgau<\/td>\n<td>Chien d&rsquo;eau Romagnol<\/td>\n<td>96<\/td>\n<td><\/td>\n<td><\/td>\n<td>1<\/td>\n<\/tr>\n<tr>\n<td>HOLDERITH Doris<\/td>\n<td>PESCHENCATTLES ENYA<\/td>\n<td>TCC Betschdorf<\/td>\n<td>Bouvier Australien<\/td>\n<td>85<\/td>\n<td><\/td>\n<td><\/td>\n<td>2<\/td>\n<\/tr>\n<tr>\n<td><\/td>\n<td><\/td>\n<td><\/td>\n<td><\/td>\n<td colspan=\"3\"><\/td>\n<td><\/td>\n<\/tr>\n<tr>\n<td colspan=\"8\"><strong> FCI 1 <\/strong><\/td>\n<\/tr>\n<tr>\n<td><strong>CONDUCTEUR<\/strong><\/td>\n<td><strong>CHIEN<\/strong><\/td>\n<td><strong>CLUB<\/strong><\/td>\n<td><strong>RACE<\/strong><\/td>\n<td colspan=\"3\"><strong>POINTAGE<\/strong><\/td>\n<td><strong>CLASST<\/strong><\/td>\n<\/tr>\n<tr>\n<td>TAGLANG Jean-Ren\u00e9<\/td>\n<td>JARO<\/td>\n<td>TCC Stiring<\/td>\n<td>BA<\/td>\n<td>80<\/td>\n<td><\/td>\n<td><\/td>\n<td>1<\/td>\n<\/tr>\n<tr>\n<td>KUGLER Sylvie<\/td>\n<td>ICHIMBAI-RUSSKIY-NICOLAI<\/td>\n<td>TCC Betschdorf<\/td>\n<td>Berger Australien<\/td>\n<td>74<\/td>\n<td><\/td>\n<td><\/td>\n<td>2<\/td>\n<\/tr>\n<tr>\n<td>TAGLANG Ang\u00e8le<\/td>\n<td>JIRO<\/td>\n<td>TCC Stiring<\/td>\n<td>BA<\/td>\n<td>5<\/td>\n<td><\/td>\n<td><\/td>\n<td>3<\/td>\n<\/tr>\n<tr>\n<td><\/td>\n<td><\/td>\n<td><\/td>\n<td><\/td>\n<td colspan=\"3\"><\/td>\n<td><\/td>\n<\/tr>\n<tr>\n<td colspan=\"8\"><strong> FCI 2 <\/strong><\/td>\n<\/tr>\n<tr>\n<td><strong>CONDUCTEUR<\/strong><\/td>\n<td><strong>CHIEN<\/strong><\/td>\n<td><strong>CLUB<\/strong><\/td>\n<td><strong>RACE<\/strong><\/td>\n<td colspan=\"3\"><strong>POINTAGE<\/strong><\/td>\n<td><strong>CLASST<\/strong><\/td>\n<\/tr>\n<tr>\n<td>ELCHINGER Gilbert<\/td>\n<td>GERO<\/td>\n<td>CC Haguenau<\/td>\n<td>BA<\/td>\n<td>97<\/td>\n<td><\/td>\n<td><\/td>\n<td>1<\/td>\n<\/tr>\n<tr>\n<td>BLANDIN Robert<\/td>\n<td>HOOPER<\/td>\n<td>TCC Betschdorf<\/td>\n<td>BA<\/td>\n<td>60<\/td>\n<td><\/td>\n<td><\/td>\n<td>2<\/td>\n<\/tr>\n<tr>\n<td><\/td>\n<td><\/td>\n<td><\/td>\n<td><\/td>\n<td colspan=\"3\"><\/td>\n<td><\/td>\n<\/tr>\n<tr>\n<td colspan=\"8\"><strong> FCI 3<\/strong><\/td>\n<\/tr>\n<tr>\n<td><strong>CONDUCTEUR<\/strong><\/td>\n<td><strong>CHIEN<\/strong><\/td>\n<td><strong>CLUB<\/strong><\/td>\n<td><strong>RACE<\/strong><\/td>\n<td colspan=\"3\"><strong>POINTAGE<\/strong><\/td>\n<td><strong>CLASST<\/strong><\/td>\n<\/tr>\n<tr>\n<td>SITTER Fr\u00e9d\u00e9ric<\/td>\n<td>INDRA<\/td>\n<td>TCC Betschdorf<\/td>\n<td>BA<\/td>\n<td>99<\/td>\n<td><\/td>\n<td><\/td>\n<td>1<\/td>\n<\/tr>\n<tr>\n<td>BOUSCHBACHER Fran\u00e7oise<\/td>\n<td>JUANAIKO<\/td>\n<td>TCC Stiring<\/td>\n<td>Berger Blanc Suisse<\/td>\n<td>97<\/td>\n<td><\/td>\n<td><\/td>\n<td>2<\/td>\n<\/tr>\n<tr>\n<td>MAES Yves<\/td>\n<td>GAIA<\/td>\n<td>ACD Vendenheim<\/td>\n<td>Beauceron<\/td>\n<td>94<\/td>\n<td><\/td>\n<td><\/td>\n<td>3<\/td>\n<\/tr>\n<tr>\n<td>BOUR Val\u00e9rie<\/td>\n<td>DIVX<\/td>\n<td>TCC Sarrewerden<\/td>\n<td>BA<\/td>\n<td>90<\/td>\n<td><\/td>\n<td><\/td>\n<td>4<\/td>\n<\/tr>\n<tr>\n<td><\/td>\n<td><\/td>\n<td><\/td>\n<td><\/td>\n<td colspan=\"3\"><\/td>\n<td><\/td>\n<\/tr>\n<\/tbody>\n<\/table>\n<p>L&rsquo;<strong>amicale du chien de Haguenau<\/strong>, pr\u00e9sid\u00e9 par <strong>Jean-Pierre Kost<\/strong>, tient \u00e0 remercier tous les participants, les deux juges\u00a0<strong>M. R\u00e9my SINGER et M. Alain MULLER<\/strong>, les traceurs <strong>M. Jean-Claude ADELHELM<\/strong>, <strong>M. Andr\u00e9 PFLEGER et\u00a0M. Yannick KIEFER<\/strong> ainsi que\u00a0la dame assistante <strong>Mme\u00a0Gabrielle FREYMANN\u00a0<\/strong>et vous donne rendez-vous l&rsquo;ann\u00e9e prochaine.<\/p>\n","protected":false},"excerpt":{"rendered":"<p>L&rsquo;amicale du chien de Haguenau a organis\u00e9, le 24\u00a0janvier\u00a02016, son douzi\u00e8me concours canin FCI de pistage et RCI sur son terrain, route de Marienthal. Les concurrents se sont oppos\u00e9s dans les \u00e9preuves FCI de pistage et RCI tout au long du week-end. CSAU PROPRIETAIRE CHIEN CLUB RACE POINTAGE CLASST KREMPPER Laetitia Helly Berger Blanc Suisse [&hellip;]<\/p>\n","protected":false},"author":1,"featured_media":0,"parent":88,"menu_order":0,"comment_status":"closed","ping_status":"closed","template":"","meta":{"footnotes":""},"class_list":["post-755","page","type-page","status-publish","hentry"],"_links":{"self":[{"href":"http:\/\/www.amicale-du-chien.com\/index.php?rest_route=\/wp\/v2\/pages\/755","targetHints":{"allow":["GET"]}}],"collection":[{"href":"http:\/\/www.amicale-du-chien.com\/index.php?rest_route=\/wp\/v2\/pages"}],"about":[{"href":"http:\/\/www.amicale-du-chien.com\/index.php?rest_route=\/wp\/v2\/types\/page"}],"author":[{"embeddable":true,"href":"http:\/\/www.amicale-du-chien.com\/index.php?rest_route=\/wp\/v2\/users\/1"}],"replies":[{"embeddable":true,"href":"http:\/\/www.amicale-du-chien.com\/index.php?rest_route=%2Fwp%2Fv2%2Fcomments&post=755"}],"version-history":[{"count":2,"href":"http:\/\/www.amicale-du-chien.com\/index.php?rest_route=\/wp\/v2\/pages\/755\/revisions"}],"predecessor-version":[{"id":840,"href":"http:\/\/www.amicale-du-chien.com\/index.php?rest_route=\/wp\/v2\/pages\/755\/revisions\/840"}],"up":[{"embeddable":true,"href":"http:\/\/www.amicale-du-chien.com\/index.php?rest_route=\/wp\/v2\/pages\/88"}],"wp:attachment":[{"href":"http:\/\/www.amicale-du-chien.com\/index.php?rest_route=%2Fwp%2Fv2%2Fmedia&parent=755"}],"curies":[{"name":"wp","href":"https:\/\/api.w.org\/{rel}","templated":true}]}}