{"id":964,"date":"2017-09-11T19:47:35","date_gmt":"2017-09-11T18:47:35","guid":{"rendered":"http:\/\/www.amicale-du-chien.com\/?page_id=964"},"modified":"2017-09-16T09:27:34","modified_gmt":"2017-09-16T08:27:34","slug":"concours-dobeissance-2017","status":"publish","type":"page","link":"http:\/\/www.amicale-du-chien.com\/?page_id=964","title":{"rendered":"Concours Ob\u00e9issance 2017"},"content":{"rendered":"<p>L&rsquo;Amicale du chien de Haguenau a organis\u00e9 son concours annuel d&rsquo;Ob\u00e9issance le 10 septembre 2017 avec le juge Jean Detrait. 26 chiens y ont particip\u00e9 dans une ambiance festive et conviviale.<\/p>\n<p>Les r\u00e9sultats<\/p>\n<table width=\"917\">\n<tbody>\n<tr>\n<td width=\"255\"><\/td>\n<td colspan=\"3\" width=\"585\"><strong>CSAU<\/strong><\/td>\n<td width=\"77\"><\/td>\n<\/tr>\n<tr>\n<td><\/td>\n<td><\/td>\n<td><\/td>\n<td><\/td>\n<td><\/td>\n<\/tr>\n<tr>\n<td><strong>Nom du chien<\/strong><\/td>\n<td><strong>Race<\/strong><\/td>\n<td><strong>Conducteur<\/strong><\/td>\n<td><strong>Club<\/strong><\/td>\n<td><strong>Mention<\/strong><\/td>\n<\/tr>\n<tr>\n<td width=\"255\"><strong>GENE HARRIS DU DOMAINE DU FUCHSBERG<\/strong><\/td>\n<td width=\"125\">SETTER IRLANDAIS<\/td>\n<td width=\"189\"><strong>HUBER OLIVIER<\/strong><\/td>\n<td width=\"271\">AMICALE DU CHIEN DE HAGUENAU<\/td>\n<td width=\"77\">EXC<\/td>\n<\/tr>\n<tr>\n<td width=\"255\"><strong>HAPPY DU JARDIN D&rsquo;AMOUR<\/strong><\/td>\n<td width=\"125\">SETTER IRLANDAIS<\/td>\n<td width=\"189\"><strong>HUBER OLIVIER<\/strong><\/td>\n<td width=\"271\">AMICALE DU CHIEN DE HAGUENAU<\/td>\n<td width=\"77\">EXC<\/td>\n<\/tr>\n<tr>\n<td width=\"255\"><strong>LEGO<\/strong><\/td>\n<td width=\"125\">LABRADOR<\/td>\n<td width=\"189\"><strong>BOURGUIGNON VIRGINIE<\/strong><\/td>\n<td width=\"271\">AMICALE DU CHIEN DE HAGUENAU<\/td>\n<td width=\"77\">TB<\/td>\n<\/tr>\n<tr>\n<td width=\"255\"><strong>MIDNIGHT-JEWEL DU CLAN MIKERO<\/strong><\/td>\n<td width=\"125\">BERGER AUSTRALIEN<\/td>\n<td width=\"189\"><strong>BRUCKER ISABELLE<\/strong><\/td>\n<td width=\"271\">SCBA HAGUENAU<\/td>\n<td width=\"77\">EXC<\/td>\n<\/tr>\n<tr>\n<td width=\"255\"><strong>LENA<\/strong><\/td>\n<td width=\"125\">LABRADOR<\/td>\n<td width=\"189\"><strong>BRAUN SABINE<\/strong><\/td>\n<td width=\"271\">AMICALE DU CHIEN DE HAGUENAU<\/td>\n<td width=\"77\">EXC<\/td>\n<\/tr>\n<tr>\n<td width=\"255\"><strong>LICSY<\/strong><\/td>\n<td width=\"125\">CHIEN DE COUR ITALIEN<\/td>\n<td width=\"189\"><strong>MAECHLING GILLES<\/strong><\/td>\n<td width=\"271\">AMICALE DU CHIEN DE HAGUENAU<\/td>\n<td width=\"77\">EXC<\/td>\n<\/tr>\n<\/tbody>\n<\/table>\n<table width=\"910\">\n<tbody>\n<tr>\n<td style=\"text-align: center;\" colspan=\"37\"><strong>Brevet<\/strong><\/td>\n<\/tr>\n<tr>\n<td colspan=\"2\" width=\"60\"><strong>Points<\/strong><\/td>\n<td width=\"26\">Qualif.<\/td>\n<td width=\"26\">Cat.<\/td>\n<td width=\"44\">F.A.P.A.C.<\/td>\n<td colspan=\"8\" width=\"208\"><strong>Nom du chien<\/strong><\/td>\n<td colspan=\"8\" width=\"208\"><strong>Conducteur<\/strong><\/td>\n<td colspan=\"13\" width=\"338\"><strong>Club\/R\u00e9gionale<\/strong><\/td>\n<\/tr>\n<tr>\n<td colspan=\"2\" rowspan=\"2\"><strong>82,00<\/strong><\/td>\n<td rowspan=\"2\"><strong>Exc<\/strong><\/td>\n<td rowspan=\"2\"><strong>H<\/strong><\/td>\n<td rowspan=\"2\"><strong>392760<\/strong><\/td>\n<td colspan=\"8\" rowspan=\"2\" width=\"208\"><strong>INDIENNE <\/strong><\/td>\n<td colspan=\"8\" rowspan=\"2\" width=\"208\"><strong>Mme JUNG MARIE-PAULE<\/strong><\/td>\n<td colspan=\"13\"><strong>AMICALE DU CHIEN DE HAGUENAU<\/strong><\/td>\n<\/tr>\n<tr>\n<td colspan=\"13\"><strong>ASSOCIATION CANINE TERRITORIALE DU BAS-RHIN<\/strong><\/td>\n<\/tr>\n<tr>\n<td colspan=\"2\" rowspan=\"2\"><strong>82,00<\/strong><\/td>\n<td rowspan=\"2\"><strong>Exc<\/strong><\/td>\n<td rowspan=\"2\"><strong>NH<\/strong><\/td>\n<td rowspan=\"2\"><strong>561579<\/strong><\/td>\n<td colspan=\"8\" rowspan=\"2\" width=\"208\"><strong>JESSIE <\/strong><\/td>\n<td colspan=\"8\" rowspan=\"2\" width=\"208\"><strong>M. SCHNEIDER JEAN-CLAUDE<\/strong><\/td>\n<td colspan=\"13\"><strong>AMICALE DU CHIEN DE HAGUENAU<\/strong><\/td>\n<\/tr>\n<tr>\n<td colspan=\"13\"><strong>ASSOCIATION CANINE TERRITORIALE DU BAS-RHIN<\/strong><\/td>\n<\/tr>\n<tr>\n<td colspan=\"2\" rowspan=\"2\"><strong>80,00<\/strong><\/td>\n<td rowspan=\"2\"><strong>Exc<\/strong><\/td>\n<td rowspan=\"2\"><strong>NH<\/strong><\/td>\n<td rowspan=\"2\"><strong>605273<\/strong><\/td>\n<td colspan=\"8\" rowspan=\"2\" width=\"208\"><strong>LILY <\/strong><\/td>\n<td colspan=\"8\" rowspan=\"2\" width=\"208\"><strong>M. PFIFFERLING DANIEL<\/strong><\/td>\n<td colspan=\"13\"><strong>TRAINING CLUB CANIN DE BEINHEIM<\/strong><\/td>\n<\/tr>\n<tr>\n<td colspan=\"13\"><strong>ASSOCIATION CANINE TERRITORIALE DU BAS-RHIN<\/strong><\/td>\n<\/tr>\n<tr>\n<td colspan=\"2\" rowspan=\"2\"><strong>53,00<\/strong><\/td>\n<td rowspan=\"2\"><strong>Suf<\/strong><\/td>\n<td rowspan=\"2\"><strong>H<\/strong><\/td>\n<td rowspan=\"2\"><strong>641257<\/strong><\/td>\n<td colspan=\"8\" rowspan=\"2\" width=\"208\"><strong>LENESA RILEY DE LA CALA PAUMAJU<\/strong><\/td>\n<td colspan=\"8\" rowspan=\"2\" width=\"208\"><strong>Mme BRUCKER ISABELLE<\/strong><\/td>\n<td colspan=\"13\"><strong>SOCIETE DU CHIEN DE BERGER ALLEMAND CLUB CANIN DE<\/strong><\/td>\n<\/tr>\n<tr>\n<td colspan=\"13\"><strong>ASSOCIATION CANINE TERRITORIALE DU BAS-RHIN<\/strong><\/td>\n<\/tr>\n<tr>\n<td colspan=\"2\" rowspan=\"2\"><strong>47,00<\/strong><\/td>\n<td rowspan=\"2\"><strong>N C<\/strong><\/td>\n<td rowspan=\"2\"><strong>H<\/strong><\/td>\n<td rowspan=\"2\"><strong>349337<\/strong><\/td>\n<td colspan=\"8\" rowspan=\"2\" width=\"208\"><strong>IALA DE LA TRIBU DE HEEP<\/strong><\/td>\n<td colspan=\"8\" rowspan=\"2\" width=\"208\"><strong>Mme LAUBACHER PATRICK<\/strong><\/td>\n<td colspan=\"13\"><strong>AMICALE DU CHIEN DE HAGUENAU<\/strong><\/td>\n<\/tr>\n<tr>\n<td colspan=\"13\"><strong>ASSOCIATION CANINE TERRITORIALE DU BAS-RHIN<\/strong><\/td>\n<\/tr>\n<tr>\n<td colspan=\"2\" rowspan=\"2\"><strong>44,00<\/strong><\/td>\n<td rowspan=\"2\"><strong>N C<\/strong><\/td>\n<td rowspan=\"2\"><strong>H<\/strong><\/td>\n<td rowspan=\"2\"><strong>349344<\/strong><\/td>\n<td colspan=\"8\" rowspan=\"2\" width=\"208\"><strong>I&rsquo;CHANEL DES GORGES D&rsquo;HERIC<\/strong><\/td>\n<td colspan=\"8\" rowspan=\"2\" width=\"208\"><strong>Mme LAUBACHER PATRICK<\/strong><\/td>\n<td colspan=\"13\"><strong>AMICALE DU CHIEN DE HAGUENAU<\/strong><\/td>\n<\/tr>\n<tr>\n<td colspan=\"13\"><strong>ASSOCIATION CANINE TERRITORIALE DU BAS-RHIN<\/strong><\/td>\n<\/tr>\n<\/tbody>\n<\/table>\n<table width=\"936\">\n<tbody>\n<tr>\n<td style=\"text-align: center;\" colspan=\"63\"><strong>Classe 1<\/strong><\/td>\n<\/tr>\n<tr>\n<td width=\"26\"><strong>Clt<\/strong><\/td>\n<td colspan=\"2\" width=\"60\"><strong>Points<\/strong><\/td>\n<td width=\"26\">Qualif.<\/td>\n<td width=\"26\">Cat.<\/td>\n<td width=\"44\">F.A.P.A.C.<\/td>\n<td colspan=\"8\" width=\"208\"><strong>Nom du chien<\/strong><\/td>\n<td colspan=\"8\" width=\"208\"><strong>Conducteur<\/strong><\/td>\n<td colspan=\"13\" width=\"338\"><strong>Club\/R\u00e9gionale<\/strong><\/td>\n<\/tr>\n<tr>\n<td rowspan=\"2\"><strong>1<\/strong><\/td>\n<td colspan=\"2\" rowspan=\"2\"><strong>291,00<\/strong><\/td>\n<td rowspan=\"2\"><strong>Exc<\/strong><\/td>\n<td rowspan=\"2\"><strong>NH<\/strong><\/td>\n<td rowspan=\"2\"><strong>280302<\/strong><\/td>\n<td colspan=\"8\" rowspan=\"2\" width=\"208\"><strong>MOON <\/strong><\/td>\n<td colspan=\"8\" rowspan=\"2\" width=\"208\"><strong>Mme GOUPILLEAU FABIENNE<\/strong><\/td>\n<td colspan=\"13\"><strong>TRAINING CLUB CANIN DE SAVERNE<\/strong><\/td>\n<\/tr>\n<tr>\n<td colspan=\"13\"><strong>ASSOCIATION CANINE TERRITORIALE DU BAS-RHIN<\/strong><\/td>\n<\/tr>\n<tr>\n<td rowspan=\"2\"><strong>2<\/strong><\/td>\n<td colspan=\"2\" rowspan=\"2\"><strong>265,00<\/strong><\/td>\n<td rowspan=\"2\"><strong>Exc<\/strong><\/td>\n<td rowspan=\"2\"><strong>NH<\/strong><\/td>\n<td rowspan=\"2\"><strong>404272<\/strong><\/td>\n<td colspan=\"8\" rowspan=\"2\" width=\"208\"><strong>FUNKY <\/strong><\/td>\n<td colspan=\"8\" rowspan=\"2\" width=\"208\"><strong>M. ZUNINO DIDIER<\/strong><\/td>\n<td colspan=\"13\"><strong>AMICALE DU CHIEN DE HAGUENAU<\/strong><\/td>\n<\/tr>\n<tr>\n<td colspan=\"13\"><strong>ASSOCIATION CANINE TERRITORIALE DU BAS-RHIN<\/strong><\/td>\n<\/tr>\n<tr>\n<td rowspan=\"2\"><strong>3<\/strong><\/td>\n<td colspan=\"2\" rowspan=\"2\"><strong>263,00<\/strong><\/td>\n<td rowspan=\"2\"><strong>Exc<\/strong><\/td>\n<td rowspan=\"2\"><strong>NH<\/strong><\/td>\n<td rowspan=\"2\"><strong>329964<\/strong><\/td>\n<td colspan=\"8\" rowspan=\"2\" width=\"208\"><strong>RUBY <\/strong><\/td>\n<td colspan=\"8\" rowspan=\"2\" width=\"208\"><strong>Mme LANG HELGA<\/strong><\/td>\n<td colspan=\"13\"><strong>TRAINING CLUB CANIN DE BEINHEIM<\/strong><\/td>\n<\/tr>\n<tr>\n<td colspan=\"13\"><strong>ASSOCIATION CANINE TERRITORIALE DU BAS-RHIN<\/strong><\/td>\n<\/tr>\n<tr>\n<td rowspan=\"2\"><strong>4<\/strong><\/td>\n<td colspan=\"2\" rowspan=\"2\"><strong>260,00<\/strong><\/td>\n<td rowspan=\"2\"><strong>Exc<\/strong><\/td>\n<td rowspan=\"2\"><strong>NH<\/strong><\/td>\n<td rowspan=\"2\"><strong>465648<\/strong><\/td>\n<td colspan=\"8\" rowspan=\"2\" width=\"208\"><strong>IGOR <\/strong><\/td>\n<td colspan=\"8\" rowspan=\"2\" width=\"208\"><strong>Mme BINCKLY FABIENNE<\/strong><\/td>\n<td colspan=\"13\"><strong>TRAINING CLUB CANIN SARREWERDEN<\/strong><\/td>\n<\/tr>\n<tr>\n<td colspan=\"13\"><strong>ASSOCIATION CANINE TERRITORIALE DU BAS-RHIN<\/strong><\/td>\n<\/tr>\n<tr>\n<td rowspan=\"2\"><strong>5<\/strong><\/td>\n<td colspan=\"2\" rowspan=\"2\"><strong>258,00<\/strong><\/td>\n<td rowspan=\"2\"><strong>Exc<\/strong><\/td>\n<td rowspan=\"2\"><strong>H<\/strong><\/td>\n<td rowspan=\"2\"><strong>433104<\/strong><\/td>\n<td colspan=\"8\" rowspan=\"2\" width=\"208\"><strong>JODI <\/strong><\/td>\n<td colspan=\"8\" rowspan=\"2\" width=\"208\"><strong>Mme WALTER CLAUDINE<\/strong><\/td>\n<td colspan=\"13\"><strong>AMICALE CANINE WESTHOFFEN ET ENVIRONS<\/strong><\/td>\n<\/tr>\n<tr>\n<td colspan=\"13\"><strong>ASSOCIATION CANINE TERRITORIALE DU BAS-RHIN<\/strong><\/td>\n<\/tr>\n<tr>\n<td rowspan=\"2\"><strong>6<\/strong><\/td>\n<td colspan=\"2\" rowspan=\"2\"><strong>248,00<\/strong><\/td>\n<td rowspan=\"2\"><strong>T-B<\/strong><\/td>\n<td rowspan=\"2\"><strong>H<\/strong><\/td>\n<td rowspan=\"2\"><strong>520774<\/strong><\/td>\n<td colspan=\"8\" rowspan=\"2\" width=\"208\"><strong>LOKI-TAWNY-COAL DE LA FONTAINE D&rsquo;ISIS<\/strong><\/td>\n<td colspan=\"8\" rowspan=\"2\" width=\"208\"><strong>Mme GERBER STEPHANE<\/strong><\/td>\n<td colspan=\"13\"><strong>TRAINING CLUB CANIN SARREWERDEN<\/strong><\/td>\n<\/tr>\n<tr>\n<td colspan=\"13\"><strong>ASSOCIATION CANINE TERRITORIALE DU BAS-RHIN<\/strong><\/td>\n<\/tr>\n<tr>\n<td rowspan=\"2\"><strong>7<\/strong><\/td>\n<td colspan=\"2\" rowspan=\"2\"><strong>248,00<\/strong><\/td>\n<td rowspan=\"2\"><strong>T-B<\/strong><\/td>\n<td rowspan=\"2\"><strong>H<\/strong><\/td>\n<td rowspan=\"2\"><strong>368574<\/strong><\/td>\n<td colspan=\"8\" rowspan=\"2\" width=\"208\"><strong>IGOR DE CAPELBERG<\/strong><\/td>\n<td colspan=\"8\" rowspan=\"2\" width=\"208\"><strong>Mme GAUTHIER JULIE<\/strong><\/td>\n<td colspan=\"13\"><strong>TRAINING CLUB DE PETITE ROSSELLE<\/strong><\/td>\n<\/tr>\n<tr>\n<td colspan=\"13\"><strong>ASSOCIATION CANINE TERRITORIALE DE LORRAINE<\/strong><\/td>\n<\/tr>\n<tr>\n<td rowspan=\"2\"><strong>8<\/strong><\/td>\n<td colspan=\"2\" rowspan=\"2\"><strong>221,00<\/strong><\/td>\n<td rowspan=\"2\"><strong>Bon<\/strong><\/td>\n<td rowspan=\"2\"><strong>H<\/strong><\/td>\n<td rowspan=\"2\"><strong>279146<\/strong><\/td>\n<td colspan=\"8\" rowspan=\"2\" width=\"208\"><strong>FLY VOM JAGERHOHLE<\/strong><\/td>\n<td colspan=\"8\" rowspan=\"2\" width=\"208\"><strong>M. KOST JEAN-PIERRE<\/strong><\/td>\n<td colspan=\"13\"><strong>AMICALE DU CHIEN DE HAGUENAU<\/strong><\/td>\n<\/tr>\n<tr>\n<td colspan=\"13\"><strong>ASSOCIATION CANINE TERRITORIALE DU BAS-RHIN<\/strong><\/td>\n<\/tr>\n<tr>\n<td rowspan=\"2\"><strong>9<\/strong><\/td>\n<td colspan=\"2\" rowspan=\"2\"><strong>209,00<\/strong><\/td>\n<td rowspan=\"2\"><strong>Bon<\/strong><\/td>\n<td rowspan=\"2\"><strong>H<\/strong><\/td>\n<td rowspan=\"2\"><strong>352771<\/strong><\/td>\n<td colspan=\"8\" rowspan=\"2\" width=\"208\"><strong>IADRINE-RUSSKIY-IVANNA DE L&rsquo;ETANG DE PINCEMAILLE<\/strong><\/td>\n<td colspan=\"8\" rowspan=\"2\" width=\"208\"><strong>M. HOFFMANN SYLVIE<\/strong><\/td>\n<td colspan=\"13\"><strong>TRAINING CLUB DE PETITE ROSSELLE<\/strong><\/td>\n<\/tr>\n<tr>\n<td colspan=\"13\"><strong>ASSOCIATION CANINE TERRITORIALE DE LORRAINE<\/strong><\/td>\n<\/tr>\n<tr>\n<td rowspan=\"2\"><strong>10<\/strong><\/td>\n<td colspan=\"2\" rowspan=\"2\"><strong>185,00<\/strong><\/td>\n<td rowspan=\"2\"><strong>Suf<\/strong><\/td>\n<td rowspan=\"2\"><strong>H<\/strong><\/td>\n<td rowspan=\"2\"><strong>282146<\/strong><\/td>\n<td colspan=\"8\" rowspan=\"2\" width=\"208\"><strong>IOUKIE DES ELMITI<\/strong><\/td>\n<td colspan=\"8\" rowspan=\"2\" width=\"208\"><strong>Mme SCHNEIDER H\u00c9RIBERT<\/strong><\/td>\n<td colspan=\"13\"><strong>AMICALE DU CHIEN DE HAGUENAU<\/strong><\/td>\n<\/tr>\n<tr>\n<td colspan=\"13\"><strong>ASSOCIATION CANINE TERRITORIALE DU BAS-RHIN<\/strong><\/td>\n<\/tr>\n<tr>\n<td rowspan=\"2\"><strong>N C<\/strong><\/td>\n<td colspan=\"2\" rowspan=\"2\"><strong>134,00<\/strong><\/td>\n<td rowspan=\"2\"><strong>N C<\/strong><\/td>\n<td rowspan=\"2\"><strong>H<\/strong><\/td>\n<td rowspan=\"2\"><strong>392753<\/strong><\/td>\n<td colspan=\"8\" rowspan=\"2\" width=\"208\"><strong>FLAMME <\/strong><\/td>\n<td colspan=\"8\" rowspan=\"2\" width=\"208\"><strong>Mme JUNG MARIE-PAULE<\/strong><\/td>\n<td colspan=\"13\"><strong>AMICALE DU CHIEN DE HAGUENAU<\/strong><\/td>\n<\/tr>\n<tr>\n<td colspan=\"13\"><strong>ASSOCIATION CANINE TERRITORIALE DU BAS-RHIN<\/strong><\/td>\n<\/tr>\n<\/tbody>\n<\/table>\n<table width=\"936\">\n<tbody>\n<tr>\n<td style=\"text-align: center;\" colspan=\"63\"><strong>Classe 2<\/strong><\/td>\n<\/tr>\n<tr>\n<td width=\"26\"><strong>Clt<\/strong><\/td>\n<td colspan=\"2\" width=\"60\"><strong>Points<\/strong><\/td>\n<td width=\"26\">Qualif.<\/td>\n<td width=\"26\">Cat.<\/td>\n<td width=\"44\">F.A.P.A.C.<\/td>\n<td colspan=\"8\" width=\"208\"><strong>Nom du chien<\/strong><\/td>\n<td colspan=\"8\" width=\"208\"><strong>Conducteur<\/strong><\/td>\n<td colspan=\"13\" width=\"338\"><strong>Club\/R\u00e9gionale<\/strong><\/td>\n<\/tr>\n<tr>\n<td rowspan=\"2\"><strong>1<\/strong><\/td>\n<td colspan=\"2\" rowspan=\"2\"><strong>280,00<\/strong><\/td>\n<td rowspan=\"2\"><strong>Exc<\/strong><\/td>\n<td rowspan=\"2\"><strong>H<\/strong><\/td>\n<td rowspan=\"2\"><strong>392784<\/strong><\/td>\n<td colspan=\"8\" rowspan=\"2\" width=\"208\"><strong>EBER DE LA PASSERELLE DES AGNEAUX NOIRS<\/strong><\/td>\n<td colspan=\"8\" rowspan=\"2\" width=\"208\"><strong>Mme WISSON VAL\u00c9RIE<\/strong><\/td>\n<td colspan=\"13\"><strong>AMICALE DU CHIEN DE HAGUENAU<\/strong><\/td>\n<\/tr>\n<tr>\n<td colspan=\"13\"><strong>ASSOCIATION CANINE TERRITORIALE DU BAS-RHIN<\/strong><\/td>\n<\/tr>\n<tr>\n<td rowspan=\"2\"><strong>2<\/strong><\/td>\n<td colspan=\"2\" rowspan=\"2\"><strong>195,00<\/strong><\/td>\n<td rowspan=\"2\"><strong>Bon<\/strong><\/td>\n<td rowspan=\"2\"><strong>NH<\/strong><\/td>\n<td rowspan=\"2\"><strong>300871<\/strong><\/td>\n<td colspan=\"8\" rowspan=\"2\" width=\"208\"><strong>GAROU <\/strong><\/td>\n<td colspan=\"8\" rowspan=\"2\" width=\"208\"><strong>M. GERBER STEPHANE<\/strong><\/td>\n<td colspan=\"13\"><strong>TRAINING CLUB CANIN SARREWERDEN<\/strong><\/td>\n<\/tr>\n<tr>\n<td colspan=\"13\"><strong>ASSOCIATION CANINE TERRITORIALE DU BAS-RHIN<\/strong><\/td>\n<\/tr>\n<\/tbody>\n<\/table>\n<table width=\"936\">\n<tbody>\n<tr>\n<td style=\"text-align: center;\" colspan=\"63\"><strong>Classe 3<\/strong><\/td>\n<\/tr>\n<tr>\n<td width=\"26\"><strong>Clt<\/strong><\/td>\n<td colspan=\"2\" width=\"60\"><strong>Points<\/strong><\/td>\n<td width=\"26\">Qualif.<\/td>\n<td width=\"26\">Cat.<\/td>\n<td width=\"44\">F.A.P.A.C.<\/td>\n<td colspan=\"8\" width=\"208\"><strong>Nom du chien<\/strong><\/td>\n<td colspan=\"8\" width=\"208\"><strong>Conducteur<\/strong><\/td>\n<td colspan=\"13\" width=\"338\"><strong>Club\/R\u00e9gionale<\/strong><\/td>\n<\/tr>\n<tr>\n<td rowspan=\"2\"><strong>1<\/strong><\/td>\n<td colspan=\"2\" rowspan=\"2\"><strong>213,00<\/strong><\/td>\n<td rowspan=\"2\"><strong>Bon<\/strong><\/td>\n<td rowspan=\"2\"><strong>NH<\/strong><\/td>\n<td rowspan=\"2\"><strong>340785<\/strong><\/td>\n<td colspan=\"8\" rowspan=\"2\" width=\"208\"><strong>FARRAH <\/strong><\/td>\n<td colspan=\"8\" rowspan=\"2\" width=\"208\"><strong>M. FISCHER MICHEL<\/strong><\/td>\n<td colspan=\"13\"><strong>TRAINING CLUB CANIN DE BEINHEIM<\/strong><\/td>\n<\/tr>\n<tr>\n<td colspan=\"13\"><strong>ASSOCIATION CANINE TERRITORIALE DU BAS-RHIN<\/strong><\/td>\n<\/tr>\n<\/tbody>\n<\/table>\n<p>Quelques photos de cette journ\u00e9e :<\/p>\n\n\t\t<style type=\"text\/css\">\n\t\t\t#gallery-1 {\n\t\t\t\tmargin: auto;\n\t\t\t}\n\t\t\t#gallery-1 .gallery-item {\n\t\t\t\tfloat: left;\n\t\t\t\tmargin-top: 10px;\n\t\t\t\ttext-align: center;\n\t\t\t\twidth: 33%;\n\t\t\t}\n\t\t\t#gallery-1 img {\n\t\t\t\tborder: 2px solid #cfcfcf;\n\t\t\t}\n\t\t\t#gallery-1 .gallery-caption {\n\t\t\t\tmargin-left: 0;\n\t\t\t}\n\t\t\t\/* see gallery_shortcode() in wp-includes\/media.php *\/\n\t\t<\/style>\n\t\t<div id='gallery-1' class='gallery galleryid-964 gallery-columns-3 gallery-size-thumbnail'><dl class='gallery-item'>\n\t\t\t<dt class='gallery-icon landscape'>\n\t\t\t\t<a href='http:\/\/www.amicale-du-chien.com\/?attachment_id=971'><img loading=\"lazy\" decoding=\"async\" width=\"150\" height=\"150\" src=\"http:\/\/www.amicale-du-chien.com\/wp-content\/uploads\/2017\/09\/concours_obeissance2017-1-150x150.jpg\" class=\"attachment-thumbnail size-thumbnail\" alt=\"\" \/><\/a>\n\t\t\t<\/dt><\/dl><dl class='gallery-item'>\n\t\t\t<dt class='gallery-icon portrait'>\n\t\t\t\t<a href='http:\/\/www.amicale-du-chien.com\/?attachment_id=972'><img loading=\"lazy\" decoding=\"async\" width=\"150\" height=\"150\" src=\"http:\/\/www.amicale-du-chien.com\/wp-content\/uploads\/2017\/09\/concours_obeissance2017-3-e1505550378860-150x150.jpg\" class=\"attachment-thumbnail size-thumbnail\" alt=\"\" \/><\/a>\n\t\t\t<\/dt><\/dl><dl class='gallery-item'>\n\t\t\t<dt class='gallery-icon landscape'>\n\t\t\t\t<a href='http:\/\/www.amicale-du-chien.com\/?attachment_id=973'><img loading=\"lazy\" decoding=\"async\" width=\"150\" height=\"150\" src=\"http:\/\/www.amicale-du-chien.com\/wp-content\/uploads\/2017\/09\/concours_obeissance2017-6-150x150.jpg\" class=\"attachment-thumbnail size-thumbnail\" alt=\"\" \/><\/a>\n\t\t\t<\/dt><\/dl><br style=\"clear: both\" \/><dl class='gallery-item'>\n\t\t\t<dt class='gallery-icon landscape'>\n\t\t\t\t<a href='http:\/\/www.amicale-du-chien.com\/?attachment_id=974'><img loading=\"lazy\" decoding=\"async\" width=\"150\" height=\"150\" src=\"http:\/\/www.amicale-du-chien.com\/wp-content\/uploads\/2017\/09\/concours_obeissance2017-8-150x150.jpg\" class=\"attachment-thumbnail size-thumbnail\" alt=\"\" \/><\/a>\n\t\t\t<\/dt><\/dl><dl class='gallery-item'>\n\t\t\t<dt class='gallery-icon landscape'>\n\t\t\t\t<a href='http:\/\/www.amicale-du-chien.com\/?attachment_id=975'><img loading=\"lazy\" decoding=\"async\" width=\"150\" height=\"150\" src=\"http:\/\/www.amicale-du-chien.com\/wp-content\/uploads\/2017\/09\/concours_obeissance2017-12-150x150.jpg\" class=\"attachment-thumbnail size-thumbnail\" alt=\"\" \/><\/a>\n\t\t\t<\/dt><\/dl><dl class='gallery-item'>\n\t\t\t<dt class='gallery-icon landscape'>\n\t\t\t\t<a href='http:\/\/www.amicale-du-chien.com\/?attachment_id=976'><img loading=\"lazy\" decoding=\"async\" width=\"150\" height=\"150\" src=\"http:\/\/www.amicale-du-chien.com\/wp-content\/uploads\/2017\/09\/concours_obeissance2017-13-150x150.jpg\" class=\"attachment-thumbnail size-thumbnail\" alt=\"\" \/><\/a>\n\t\t\t<\/dt><\/dl><br style=\"clear: both\" \/><dl class='gallery-item'>\n\t\t\t<dt class='gallery-icon landscape'>\n\t\t\t\t<a href='http:\/\/www.amicale-du-chien.com\/?attachment_id=977'><img loading=\"lazy\" decoding=\"async\" width=\"150\" height=\"150\" src=\"http:\/\/www.amicale-du-chien.com\/wp-content\/uploads\/2017\/09\/concours_obeissance2017-14-150x150.jpg\" class=\"attachment-thumbnail size-thumbnail\" alt=\"\" \/><\/a>\n\t\t\t<\/dt><\/dl><dl class='gallery-item'>\n\t\t\t<dt class='gallery-icon landscape'>\n\t\t\t\t<a href='http:\/\/www.amicale-du-chien.com\/?attachment_id=978'><img loading=\"lazy\" decoding=\"async\" width=\"150\" height=\"150\" src=\"http:\/\/www.amicale-du-chien.com\/wp-content\/uploads\/2017\/09\/concours_obeissance2017-15-150x150.jpg\" class=\"attachment-thumbnail size-thumbnail\" alt=\"\" \/><\/a>\n\t\t\t<\/dt><\/dl><dl class='gallery-item'>\n\t\t\t<dt class='gallery-icon landscape'>\n\t\t\t\t<a href='http:\/\/www.amicale-du-chien.com\/?attachment_id=979'><img loading=\"lazy\" decoding=\"async\" width=\"150\" height=\"150\" src=\"http:\/\/www.amicale-du-chien.com\/wp-content\/uploads\/2017\/09\/concours_obeissance2017-16-150x150.jpg\" class=\"attachment-thumbnail size-thumbnail\" alt=\"\" \/><\/a>\n\t\t\t<\/dt><\/dl><br style=\"clear: both\" \/><dl class='gallery-item'>\n\t\t\t<dt class='gallery-icon landscape'>\n\t\t\t\t<a href='http:\/\/www.amicale-du-chien.com\/?attachment_id=980'><img loading=\"lazy\" decoding=\"async\" width=\"150\" height=\"150\" src=\"http:\/\/www.amicale-du-chien.com\/wp-content\/uploads\/2017\/09\/concours_obeissance2017-19-150x150.jpg\" class=\"attachment-thumbnail size-thumbnail\" alt=\"\" \/><\/a>\n\t\t\t<\/dt><\/dl><dl class='gallery-item'>\n\t\t\t<dt class='gallery-icon landscape'>\n\t\t\t\t<a href='http:\/\/www.amicale-du-chien.com\/?attachment_id=981'><img loading=\"lazy\" decoding=\"async\" width=\"150\" height=\"150\" src=\"http:\/\/www.amicale-du-chien.com\/wp-content\/uploads\/2017\/09\/concours_obeissance2017-23-150x150.jpg\" class=\"attachment-thumbnail size-thumbnail\" alt=\"\" \/><\/a>\n\t\t\t<\/dt><\/dl><dl class='gallery-item'>\n\t\t\t<dt class='gallery-icon landscape'>\n\t\t\t\t<a href='http:\/\/www.amicale-du-chien.com\/?attachment_id=982'><img loading=\"lazy\" decoding=\"async\" width=\"150\" height=\"150\" src=\"http:\/\/www.amicale-du-chien.com\/wp-content\/uploads\/2017\/09\/concours_obeissance2017-24-150x150.jpg\" class=\"attachment-thumbnail size-thumbnail\" alt=\"\" \/><\/a>\n\t\t\t<\/dt><\/dl><br style=\"clear: both\" \/><dl class='gallery-item'>\n\t\t\t<dt class='gallery-icon landscape'>\n\t\t\t\t<a href='http:\/\/www.amicale-du-chien.com\/?attachment_id=983'><img loading=\"lazy\" decoding=\"async\" width=\"150\" height=\"150\" src=\"http:\/\/www.amicale-du-chien.com\/wp-content\/uploads\/2017\/09\/concours_obeissance2017-28-150x150.jpg\" class=\"attachment-thumbnail size-thumbnail\" alt=\"\" \/><\/a>\n\t\t\t<\/dt><\/dl><dl class='gallery-item'>\n\t\t\t<dt class='gallery-icon landscape'>\n\t\t\t\t<a href='http:\/\/www.amicale-du-chien.com\/?attachment_id=984'><img loading=\"lazy\" decoding=\"async\" width=\"150\" height=\"150\" src=\"http:\/\/www.amicale-du-chien.com\/wp-content\/uploads\/2017\/09\/concours_obeissance2017-29-150x150.jpg\" class=\"attachment-thumbnail size-thumbnail\" alt=\"\" \/><\/a>\n\t\t\t<\/dt><\/dl><dl class='gallery-item'>\n\t\t\t<dt class='gallery-icon landscape'>\n\t\t\t\t<a href='http:\/\/www.amicale-du-chien.com\/?attachment_id=985'><img loading=\"lazy\" decoding=\"async\" width=\"150\" height=\"150\" src=\"http:\/\/www.amicale-du-chien.com\/wp-content\/uploads\/2017\/09\/concours_obeissance2017-30-150x150.jpg\" class=\"attachment-thumbnail size-thumbnail\" alt=\"\" \/><\/a>\n\t\t\t<\/dt><\/dl><br style=\"clear: both\" \/><dl class='gallery-item'>\n\t\t\t<dt class='gallery-icon portrait'>\n\t\t\t\t<a href='http:\/\/www.amicale-du-chien.com\/?attachment_id=986'><img loading=\"lazy\" decoding=\"async\" width=\"150\" height=\"150\" src=\"http:\/\/www.amicale-du-chien.com\/wp-content\/uploads\/2017\/09\/concours_obeissance2017-31-e1505550402458-150x150.jpg\" class=\"attachment-thumbnail size-thumbnail\" alt=\"\" \/><\/a>\n\t\t\t<\/dt><\/dl>\n\t\t\t<br style='clear: both' \/>\n\t\t<\/div>\n\n<p>Merci \u00e0 tous les concurrents pour leur sportivit\u00e9, au juge, aux commissaires et \u00e0 tous ceux qui ont particip\u00e9 \u00e0 l&rsquo;organisation de\u00a0ce concours. Nous vous donnons rendez-vous l&rsquo;ann\u00e9e prochaine !<\/p>\n<p>F\u00e9licitations au Fabienne GOUPILLEAU\u00a0qui remporte pour la deuxi\u00e8me ann\u00e9e\u00a0le challenge KOST du meilleur pointage du jour.<\/p>\n<p>&nbsp;<\/p>\n<p>&nbsp;<\/p>\n","protected":false},"excerpt":{"rendered":"<p>L&rsquo;Amicale du chien de Haguenau a organis\u00e9 son concours annuel d&rsquo;Ob\u00e9issance le 10 septembre 2017 avec le juge Jean Detrait. 26 chiens y ont particip\u00e9 dans une ambiance festive et conviviale. Les r\u00e9sultats CSAU Nom du chien Race Conducteur Club Mention GENE HARRIS DU DOMAINE DU FUCHSBERG SETTER IRLANDAIS HUBER OLIVIER AMICALE DU CHIEN DE [&hellip;]<\/p>\n","protected":false},"author":1,"featured_media":0,"parent":0,"menu_order":0,"comment_status":"closed","ping_status":"closed","template":"","meta":{"footnotes":""},"class_list":["post-964","page","type-page","status-publish","hentry"],"_links":{"self":[{"href":"http:\/\/www.amicale-du-chien.com\/index.php?rest_route=\/wp\/v2\/pages\/964","targetHints":{"allow":["GET"]}}],"collection":[{"href":"http:\/\/www.amicale-du-chien.com\/index.php?rest_route=\/wp\/v2\/pages"}],"about":[{"href":"http:\/\/www.amicale-du-chien.com\/index.php?rest_route=\/wp\/v2\/types\/page"}],"author":[{"embeddable":true,"href":"http:\/\/www.amicale-du-chien.com\/index.php?rest_route=\/wp\/v2\/users\/1"}],"replies":[{"embeddable":true,"href":"http:\/\/www.amicale-du-chien.com\/index.php?rest_route=%2Fwp%2Fv2%2Fcomments&post=964"}],"version-history":[{"count":4,"href":"http:\/\/www.amicale-du-chien.com\/index.php?rest_route=\/wp\/v2\/pages\/964\/revisions"}],"predecessor-version":[{"id":1557,"href":"http:\/\/www.amicale-du-chien.com\/index.php?rest_route=\/wp\/v2\/pages\/964\/revisions\/1557"}],"wp:attachment":[{"href":"http:\/\/www.amicale-du-chien.com\/index.php?rest_route=%2Fwp%2Fv2%2Fmedia&parent=964"}],"curies":[{"name":"wp","href":"https:\/\/api.w.org\/{rel}","templated":true}]}}