{"id":97,"date":"2013-07-17T16:03:18","date_gmt":"2013-07-17T15:03:18","guid":{"rendered":"http:\/\/www.amicale-du-chien.com\/?page_id=97"},"modified":"2023-03-05T11:03:25","modified_gmt":"2023-03-05T10:03:25","slug":"obeissance","status":"publish","type":"page","link":"http:\/\/www.amicale-du-chien.com\/?page_id=97","title":{"rendered":"Ob\u00e9issance"},"content":{"rendered":"<p>D&rsquo;origine britannique, <strong>l&rsquo;Ob\u00e9dience<\/strong> n&rsquo;est appel\u00e9e <strong>Ob\u00e9issance<\/strong> qu&rsquo;en France. Tr\u00e8s d\u00e9velopp\u00e9 dans le nord de l&rsquo;Europe, cette discipline est introduite en France dans les ann\u00e9es 1990.<br \/>\nCe nouveau programme <strong>\u00e9ducatif et sportif<\/strong> correspond pourtant aux exercices propos\u00e9s depuis toujours dans les clubs d&rsquo;\u00e9ducation canine.<\/p>\n<p>Mais l&rsquo;ob\u00e9issance exige un travail dans <strong>la joie<\/strong> qui implique un apprentissage par le jeu, la r\u00e9compense et une saine motivation. Les concours comportent trois \u00e9chelons progressifs, la classe 3 ou internationale donnant acc\u00e8s aux championnats de France, d&rsquo;Europe et du monde.<\/p>\n<p><strong>Cette discipline est ouverte \u00e0 toutes les races de chiens inscrits L.O.F ou non.<\/strong><\/p>\n<blockquote>\n<p align=\"center\"><strong>Horaires d\u2019entra\u00eenement :\u00a0Ob\u00e9issance<\/strong><br \/>\nMercredi de 19h30 \u00e0 21h30 : <strong>Ob\u00e9issance<\/strong><br \/>\nDimanche de 8h30 \u00e0 9h45 : <strong>Ob\u00e9issance<\/strong><\/p>\n<\/blockquote>\n<p><strong>\u00a0<\/strong><\/p>\n<p><b>Voici les diff\u00e9rents concours d&rsquo;ob\u00e9issance<\/b><br \/>\n&gt;\u00a0<a href=\"http:\/\/www.amicale-du-chien.com\/wp-content\/uploads\/2013\/07\/csau.pdf\">Certificat de Sociabilit\u00e9 et d&rsquo;Aptitude \u00e0 l&rsquo;Utilisation<\/a><br \/>\n&gt;\u00a0<a href=\"http:\/\/www.amicale-du-chien.com\/wp-content\/uploads\/2013\/07\/brevet-2012.pdf\">Brevet d&rsquo;Ob\u00e9issance<\/a><br \/>\n&gt;\u00a0<a href=\"http:\/\/www.amicale-du-chien.com\/wp-content\/uploads\/2013\/07\/classe-1-2012.pdf\">Classe 1<\/a><br \/>\n&gt;\u00a0<a href=\"http:\/\/www.amicale-du-chien.com\/wp-content\/uploads\/2013\/07\/classe-2-2012.pdf\">Classe 2<\/a><br \/>\n&gt; <a href=\"http:\/\/www.amicale-du-chien.com\/wp-content\/uploads\/2013\/07\/classe-3-2012.pdf\">Classe 3<\/a><\/p>\n","protected":false},"excerpt":{"rendered":"<p>D&rsquo;origine britannique, l&rsquo;Ob\u00e9dience n&rsquo;est appel\u00e9e Ob\u00e9issance qu&rsquo;en France. Tr\u00e8s d\u00e9velopp\u00e9 dans le nord de l&rsquo;Europe, cette discipline est introduite en France dans les ann\u00e9es 1990. Ce nouveau programme \u00e9ducatif et sportif correspond pourtant aux exercices propos\u00e9s depuis toujours dans les clubs d&rsquo;\u00e9ducation canine. Mais l&rsquo;ob\u00e9issance exige un travail dans la joie qui implique un apprentissage [&hellip;]<\/p>\n","protected":false},"author":1,"featured_media":0,"parent":94,"menu_order":0,"comment_status":"closed","ping_status":"open","template":"","meta":{"footnotes":""},"class_list":["post-97","page","type-page","status-publish","hentry"],"_links":{"self":[{"href":"http:\/\/www.amicale-du-chien.com\/index.php?rest_route=\/wp\/v2\/pages\/97","targetHints":{"allow":["GET"]}}],"collection":[{"href":"http:\/\/www.amicale-du-chien.com\/index.php?rest_route=\/wp\/v2\/pages"}],"about":[{"href":"http:\/\/www.amicale-du-chien.com\/index.php?rest_route=\/wp\/v2\/types\/page"}],"author":[{"embeddable":true,"href":"http:\/\/www.amicale-du-chien.com\/index.php?rest_route=\/wp\/v2\/users\/1"}],"replies":[{"embeddable":true,"href":"http:\/\/www.amicale-du-chien.com\/index.php?rest_route=%2Fwp%2Fv2%2Fcomments&post=97"}],"version-history":[{"count":27,"href":"http:\/\/www.amicale-du-chien.com\/index.php?rest_route=\/wp\/v2\/pages\/97\/revisions"}],"predecessor-version":[{"id":1515,"href":"http:\/\/www.amicale-du-chien.com\/index.php?rest_route=\/wp\/v2\/pages\/97\/revisions\/1515"}],"up":[{"embeddable":true,"href":"http:\/\/www.amicale-du-chien.com\/index.php?rest_route=\/wp\/v2\/pages\/94"}],"wp:attachment":[{"href":"http:\/\/www.amicale-du-chien.com\/index.php?rest_route=%2Fwp%2Fv2%2Fmedia&parent=97"}],"curies":[{"name":"wp","href":"https:\/\/api.w.org\/{rel}","templated":true}]}}