{"id":1625,"date":"2026-05-08T11:33:40","date_gmt":"2026-05-08T10:33:40","guid":{"rendered":"https:\/\/www.amicale-du-chien.com\/?page_id=1625"},"modified":"2026-05-08T11:44:43","modified_gmt":"2026-05-08T10:44:43","slug":"championnat-dalsace-dobeissance-2026","status":"publish","type":"page","link":"https:\/\/www.amicale-du-chien.com\/?page_id=1625","title":{"rendered":"Championnat d&rsquo;Alsace d&rsquo;Ob\u00e9issance 2026"},"content":{"rendered":"\n<p>L\u2019Amicale du chien a&nbsp;cette ann\u00e9e l\u2019honneur d\u2019organiser le <strong>Championnat d\u2019Alsace d&rsquo;Ob\u00e9issance et les Grands prix 1 et 2<\/strong>, <strong>les 5 et 6 septembre 2026<\/strong> sur son terrain 110 a route de Marienthal.<\/p>\n\n\n\n<p>Cette \u00e9v\u00e8nement rassemblera \u00e0 Haguenau les meilleurs chiens&nbsp;de la discipline&nbsp;de toute la r\u00e9gion. A l&rsquo;issue de ce week-end le champion d&rsquo;Alsace d&rsquo;Ob\u00e9issance sera d\u00e9sign\u00e9.<\/p>\n\n\n\n<blockquote class=\"wp-block-quote is-style-default is-layout-flow wp-block-quote-is-layout-flow\">\n<p><\/p>\n\n\n\n<p>Le juge de l\u2019\u00e9preuve est <strong>M. Michel BOCK<\/strong>.<br><\/p>\n\n\n\n<p><\/p>\n\n\n\n<p><strong>Conditions de participation \u2013 Championnat d\u2019Alsace :<\/strong><\/p>\n\n\n\n<ul class=\"wp-block-list\">\n<li>Chaque conducteur participant doit obligatoirement \u00eatre membre de l\u2019une des deux canines territoriales (Bas-Rhin ou Haut-Rhin) et disposer de la licence en cours de validit\u00e9.<\/li>\n\n\n\n<li>Les conducteurs issus d\u2019autres canines territoriales ou de l\u2019\u00e9tranger peuvent participer, sans toutefois pouvoir pr\u00e9tendre au titre de Champion d\u2019Alsace.<\/li>\n\n\n\n<li>Chaque chien engag\u00e9 doit obligatoirement avoir obtenu une mention en concours de niveau 3 avant la date de cl\u00f4ture des inscriptions.<\/li>\n<\/ul>\n\n\n\n<p><strong>Coupe d\u2019Alsace : <\/strong><\/p>\n\n\n\n<p>Les concurrents de la CBR et de la LCHR sont prioritaires. Les comp\u00e9titeurs hors r\u00e9gion pourront \u00eatre accept\u00e9s dans la limite des places disponibles, selon la date de r\u00e9ception des engagements.<\/p>\n\n\n\n<p><strong>Grands Prix \u2013 Niveaux 1 et 2 :<\/strong><\/p>\n\n\n\n<ul class=\"wp-block-list\">\n<li>Le conducteur doit obligatoirement \u00eatre membre de la CBR ou de la LCHR.<\/li>\n\n\n\n<li>Un maximum de 10 concurrents par niveau sera retenu.<\/li>\n\n\n\n<li>Il n\u2019est pas obligatoire d\u2019avoir d\u00e9j\u00e0 concouru dans l\u2019\u00e9chelon, mais cela est fortement recommand\u00e9.<\/li>\n\n\n\n<li>L\u2019ordre de priorit\u00e9 est le suivant : \n<ul class=\"wp-block-list\">\n<li>Membres CBR ou LCHR <\/li>\n\n\n\n<li>Concurrents ayant d\u00e9j\u00e0 particip\u00e9 dans l\u2019\u00e9chelon <\/li>\n\n\n\n<li>Date de r\u00e9ception de l\u2019inscription (cachet de la poste faisant foi) <\/li>\n\n\n\n<li>Concurrents n\u2019ayant pas encore concouru dans l\u2019\u00e9chelon <\/li>\n\n\n\n<li>Concurrents hors r\u00e9gion<br><\/li>\n<\/ul>\n<\/li>\n<\/ul>\n\n\n\n<p><strong>Modalit\u00e9s d\u2019inscription : <\/strong><\/p>\n\n\n\n<p>Les demandes d\u2019engagement devront \u00eatre accompagn\u00e9es des pi\u00e8ces suivantes :<\/p>\n\n\n\n<ul class=\"wp-block-list\">\n<li>\u00c9tiquette coll\u00e9e sur l\u2019inscription<\/li>\n\n\n\n<li>Photocopie du carnet de travail (attestant des r\u00e9sultats requis)<\/li>\n\n\n\n<li>Une photo du conducteur avec son chien (format .JPG) pour les concurrents de la classe 3, \u00e0 envoyer \u00e0 : contact@amicale-du-chien.com<\/li>\n\n\n\n<li>Un ch\u00e8que de 20 \u20ac libell\u00e9 \u00e0 l\u2019ordre de \u00ab Amicale du Chien \u2013 Haguenau \u00bb<\/li>\n\n\n\n<li>Une copie de la carte de membre CBR ou LCHR pour l\u2019ann\u00e9e 2026<\/li>\n<\/ul>\n\n\n\n<p><strong><a href=\"https:\/\/www.amicale-du-chien.com\/wp-content\/uploads\/2026\/05\/Engagement_OB_Alsace2026.pdf\" data-type=\"attachment\" data-id=\"1626\" target=\"_blank\" rel=\"noreferrer noopener\">T\u00e9l\u00e9chargez la demande d\u2019engagement \u00e0 ce concours en cliquant ici.<\/a><\/strong><\/p>\n\n\n\n<p><a href=\"https:\/\/www.amicale-du-chien.com\/wp-content\/uploads\/2026\/05\/Reservation-repas-OB2026.pdf\" data-type=\"attachment\" data-id=\"1636\"><img decoding=\"async\" class=\"wp-image-1626\" style=\"width: NaNpx;\" src=\"http:\/\/www.amicale-du-chien.com\/wp-content\/uploads\/2026\/05\/Engagement_OB_Alsace2026.pdf\" alt=\"\">T\u00e9l\u00e9chargez le formulaire de r\u00e9servation des repas en cliquant ici.<\/a><\/p>\n\n\n\n<p>Les <strong>dossiers complets<\/strong> sont \u00e0 adresser \u00e0 : <strong>Amicale du Chien de Haguenau &#8211; 110a, route de Marienthal &#8211; 67500 HAGUENAU<\/strong><\/p>\n\n\n\n<p><em>Attention : pour pr\u00e9tendre au titre de Champion d\u2019Alsace, le conducteur doit obligatoirement \u00eatre membre de l\u2019une des deux soci\u00e9t\u00e9s canines d\u2019Alsace.<\/em><\/p>\n\n\n\n<p><strong><em>Cl\u00f4ture des engagements : 1er juillet 2026<\/em><\/strong><\/p>\n<\/blockquote>\n\n\n\n<p>Cette comp\u00e9tition est l&rsquo;occasion de d\u00e9couvrir cette discipline et de pouvoir \u00e9changer entre passionn\u00e9s. Rendez-vous <strong>samedi 5 et dimanche 6 septembre <\/strong>sur le terrain 110a route de Marienthal pour d\u00e9couvrir cette discipline et encourager les concurrents.<\/p>\n\n\n\n<p><\/p>\n","protected":false},"excerpt":{"rendered":"<p>L\u2019Amicale du chien a&nbsp;cette ann\u00e9e l\u2019honneur d\u2019organiser le Championnat d\u2019Alsace d&rsquo;Ob\u00e9issance et les Grands prix 1 et 2, les 5 et 6 septembre 2026 sur son terrain 110 a route de Marienthal. Cette \u00e9v\u00e8nement rassemblera \u00e0 Haguenau les meilleurs chiens&nbsp;de la discipline&nbsp;de toute la r\u00e9gion. A l&rsquo;issue de ce week-end le champion d&rsquo;Alsace d&rsquo;Ob\u00e9issance sera [&hellip;]<\/p>\n","protected":false},"author":1,"featured_media":0,"parent":0,"menu_order":0,"comment_status":"closed","ping_status":"closed","template":"","meta":{"footnotes":""},"class_list":["post-1625","page","type-page","status-publish","hentry"],"_links":{"self":[{"href":"https:\/\/www.amicale-du-chien.com\/index.php?rest_route=\/wp\/v2\/pages\/1625","targetHints":{"allow":["GET"]}}],"collection":[{"href":"https:\/\/www.amicale-du-chien.com\/index.php?rest_route=\/wp\/v2\/pages"}],"about":[{"href":"https:\/\/www.amicale-du-chien.com\/index.php?rest_route=\/wp\/v2\/types\/page"}],"author":[{"embeddable":true,"href":"https:\/\/www.amicale-du-chien.com\/index.php?rest_route=\/wp\/v2\/users\/1"}],"replies":[{"embeddable":true,"href":"https:\/\/www.amicale-du-chien.com\/index.php?rest_route=%2Fwp%2Fv2%2Fcomments&post=1625"}],"version-history":[{"count":4,"href":"https:\/\/www.amicale-du-chien.com\/index.php?rest_route=\/wp\/v2\/pages\/1625\/revisions"}],"predecessor-version":[{"id":1637,"href":"https:\/\/www.amicale-du-chien.com\/index.php?rest_route=\/wp\/v2\/pages\/1625\/revisions\/1637"}],"wp:attachment":[{"href":"https:\/\/www.amicale-du-chien.com\/index.php?rest_route=%2Fwp%2Fv2%2Fmedia&parent=1625"}],"curies":[{"name":"wp","href":"https:\/\/api.w.org\/{rel}","templated":true}]}}