{"id":4,"date":"2013-07-17T10:51:38","date_gmt":"2013-07-17T09:51:38","guid":{"rendered":"http:\/\/www.amicale-du-chien.com\/?page_id=4"},"modified":"2025-12-21T12:23:30","modified_gmt":"2025-12-21T11:23:30","slug":"accueil","status":"publish","type":"page","link":"https:\/\/www.amicale-du-chien.com\/","title":{"rendered":"Accueil"},"content":{"rendered":"<table width=\"100%\">\n<tbody>\n<tr>\n<td width=\"50%\"><strong><a href=\"http:\/\/www.amicale-du-chien.com\/wp-content\/uploads\/2015\/01\/20150125_094221.jpg\"><img loading=\"lazy\" decoding=\"async\" class=\"size-thumbnail wp-image-647 alignleft\" src=\"http:\/\/www.amicale-du-chien.com\/wp-content\/uploads\/2015\/01\/20150125_094221-150x150.jpg\" alt=\"\" width=\"150\" height=\"150\" \/><\/a>Concours IGP et IFH<br \/>\n<\/strong>L&rsquo;Amicale organise son concours IGP \/ IFH les <strong>31 janvier et 1er f\u00e9vrier 2026.<br \/>\n<\/strong><a href=\"http:\/\/www.amicale-du-chien.com\/?p=850\" data-wplink-edit=\"true\">en savoir plus&#8230;<\/a><strong><br \/>\n<\/strong><\/td>\n<td width=\"50%\"><strong><a href=\"http:\/\/www.amicale-du-chien.com\/wp-content\/uploads\/2013\/07\/gd_berger_allemand_4.jpg\"><img loading=\"lazy\" decoding=\"async\" class=\"alignleft wp-image-40 size-thumbnail\" src=\"http:\/\/www.amicale-du-chien.com\/wp-content\/uploads\/2013\/07\/gd_berger_allemand_4-150x150.jpg\" alt=\"\" width=\"150\" height=\"150\" srcset=\"https:\/\/www.amicale-du-chien.com\/wp-content\/uploads\/2013\/07\/gd_berger_allemand_4-150x150.jpg 150w, https:\/\/www.amicale-du-chien.com\/wp-content\/uploads\/2013\/07\/gd_berger_allemand_4-300x300.jpg 300w, https:\/\/www.amicale-du-chien.com\/wp-content\/uploads\/2013\/07\/gd_berger_allemand_4.jpg 366w\" sizes=\"auto, (max-width: 150px) 100vw, 150px\" \/><\/a>Concours Ob\u00e9issance<\/strong><br \/>\nL&rsquo;Amicale organise son concours Ob\u00e9issance les <strong>6 et 7 septembre 2025<\/strong>.<br \/>\n<a href=\"http:\/\/www.amicale-du-chien.com\/?p=577\">en savoir plus&#8230;<\/a><\/td>\n<\/tr>\n<\/tbody>\n<\/table>\n<h4><\/h4>\n<hr \/>\n<p><strong>L&rsquo;Amicale du chien de Haguenau<\/strong> est un club canin du nord de\u00a0l&rsquo;Alsace o\u00f9 chaque\u00a0chien, quelles que soient sa race, sa taille ou ses origines, peut pratiquer une activit\u00e9 sportive. Le <strong>sport canin<\/strong> est d\u00e9sormais pour nos amis \u00e0 quatre pattes un facteur d&rsquo;int\u00e9gration sociale et d&rsquo;\u00e9panouissement.<\/p>\n<p>Le terrain d&rsquo;entra\u00eenement est accessible, aux personnes du club souhaitant s\u2019entra\u00eener en dehors des horaires d&rsquo;entra\u00eenement en groupe (mercredi soir et dimanche matin), les mardis et vendredis apr\u00e8s-midi de 12h \u00e0 18h sur demande t\u00e9l\u00e9phonique au 06 10 32 69 85.<\/p>\n","protected":false},"excerpt":{"rendered":"<p>Concours IGP et IFH L&rsquo;Amicale organise son concours IGP \/ IFH les 31 janvier et 1er f\u00e9vrier 2026. en savoir plus&#8230; Concours Ob\u00e9issance L&rsquo;Amicale organise son concours Ob\u00e9issance les 6 et 7 septembre 2025. en savoir plus&#8230; L&rsquo;Amicale du chien de Haguenau est un club canin du nord de\u00a0l&rsquo;Alsace o\u00f9 chaque\u00a0chien, quelles que soient sa [&hellip;]<\/p>\n","protected":false},"author":1,"featured_media":0,"parent":0,"menu_order":0,"comment_status":"closed","ping_status":"open","template":"","meta":{"footnotes":""},"class_list":["post-4","page","type-page","status-publish","hentry"],"_links":{"self":[{"href":"https:\/\/www.amicale-du-chien.com\/index.php?rest_route=\/wp\/v2\/pages\/4","targetHints":{"allow":["GET"]}}],"collection":[{"href":"https:\/\/www.amicale-du-chien.com\/index.php?rest_route=\/wp\/v2\/pages"}],"about":[{"href":"https:\/\/www.amicale-du-chien.com\/index.php?rest_route=\/wp\/v2\/types\/page"}],"author":[{"embeddable":true,"href":"https:\/\/www.amicale-du-chien.com\/index.php?rest_route=\/wp\/v2\/users\/1"}],"replies":[{"embeddable":true,"href":"https:\/\/www.amicale-du-chien.com\/index.php?rest_route=%2Fwp%2Fv2%2Fcomments&post=4"}],"version-history":[{"count":162,"href":"https:\/\/www.amicale-du-chien.com\/index.php?rest_route=\/wp\/v2\/pages\/4\/revisions"}],"predecessor-version":[{"id":1609,"href":"https:\/\/www.amicale-du-chien.com\/index.php?rest_route=\/wp\/v2\/pages\/4\/revisions\/1609"}],"wp:attachment":[{"href":"https:\/\/www.amicale-du-chien.com\/index.php?rest_route=%2Fwp%2Fv2%2Fmedia&parent=4"}],"curies":[{"name":"wp","href":"https:\/\/api.w.org\/{rel}","templated":true}]}}